{"id":925,"date":"2020-10-26T14:55:21","date_gmt":"2020-10-26T13:55:21","guid":{"rendered":"https:\/\/www.pedagogie.ac-nice.fr\/daac\/?page_id=925"},"modified":"2021-02-03T19:28:16","modified_gmt":"2021-02-03T18:28:16","slug":"les-fabriques-a-musique","status":"publish","type":"page","link":"https:\/\/www.pedagogie.ac-nice.fr\/daac\/les-domaines-de-leac\/musique-chantchoral\/les-fabriques-a-musique\/","title":{"rendered":"Les Fabriques \u00e0 musique"},"content":{"rendered":"<p style=\"text-align: center;\">contact : Philippe Mopin \u2013 <a title=\"Composer un message \u00e0 philippe.mopin@ac-nice.fr\">philippe.mopin@ac-nice.fr<\/a><\/p>\n<p style=\"text-align: center;\"><a href=\"https:\/\/www.pedagogie.ac-nice.fr\/daac\/wp-content\/uploads\/sites\/37\/2021\/02\/LFAM_RVB.png\"><img loading=\"lazy\" decoding=\"async\" class=\"alignnone wp-image-2212\" src=\"https:\/\/www.pedagogie.ac-nice.fr\/daac\/wp-content\/uploads\/sites\/37\/2021\/02\/LFAM_RVB.png\" alt=\"\" width=\"150\" height=\"165\" srcset=\"https:\/\/www.pedagogie.ac-nice.fr\/daac\/wp-content\/uploads\/sites\/37\/2021\/02\/LFAM_RVB.png 484w, https:\/\/www.pedagogie.ac-nice.fr\/daac\/wp-content\/uploads\/sites\/37\/2021\/02\/LFAM_RVB-272x300.png 272w\" sizes=\"(max-width: 150px) 100vw, 150px\" \/><\/a><\/p>\n<p style=\"text-align: justify;\">La Sacem s\u2019engage depuis des ann\u00e9es \u00e0 faire vivre l\u2019\u00e9ducation artistique et culturelle pour le plus grand nombre.<\/p>\n<div class=\"\"><b class=\"\"><span class=\"\" style=\"font-family: Arial;\"><u class=\"\">Appel \u00e0 projets 2021-2022 des Fabriques \u00e0 musique SACEM<\/u> :<\/span><\/b><\/div>\n<div class=\"\"><b class=\"\"><span class=\"\" style=\"font-family: Arial;\">&nbsp;<\/span><\/b><\/div>\n<div class=\"\">\n<div class=\"\" style=\"text-align: center;\"><span class=\"\" style=\"font-family: Arial;\"><span class=\"\">Les <b class=\"\">candidatures<\/b> <\/span>sont ouvertes <b class=\"\">du 28\/01\/21 au 31\/03\/21<\/b><\/span><\/div>\n<p>&nbsp;<\/p>\n<p class=\"\" style=\"text-align: justify;\"><span class=\"\" style=\"font-family: Arial;\">Ces <b class=\"\">fabriques musicales<\/b> en milieu scolaire,<b class=\"\"> financ\u00e9es par la SACEM \u00e0 hauteur de 3000 euros par projet<\/b>, touchent les domaines suivants&nbsp;:&nbsp;<\/span><span class=\"\"><b class=\"\">chansons, \u00e9lectro, musique contemporaine, jazz, musique et image<\/b>.<\/span><\/p>\n<p class=\"\" style=\"text-align: justify;\"><span class=\"\" style=\"font-family: Arial;\">&nbsp;<\/span><span class=\"\" style=\"font-family: Arial;\">Cet appel \u00e0 projets s\u2019adresse <b class=\"\">en priorit\u00e9 aux structures et lieux de musique labellis\u00e9s, conventionn\u00e9s ou soutenus par le Minist\u00e8re de la Culture, la Sacem et\/ou adh\u00e9rents \u00e0 l\u2019un des partenaires \u00ab&nbsp;fili\u00e8res&nbsp;\u00bb, et qui conduisent d\u00e9j\u00e0 une action \u00e9ducative dans le domaine musical \u00e0 destination des publics scolaires.<\/b><\/span><\/p>\n<p class=\"\" style=\"text-align: justify;\"><span class=\"\" style=\"font-family: Arial;\">&nbsp;<\/span><span class=\"\" style=\"font-family: Arial;\"><b class=\"\">La structure candidate est libre de choisir l&rsquo;auteur-compositeur et le type de Fabrique \u00e0 Musique qu&rsquo;elle souhaite mener<\/b> <b class=\"\">ainsi que le niveau scolaire o\u00f9 elle souhaite intervenir<\/b>. En revanche, ce sont <b class=\"\">les autorit\u00e9s acad\u00e9miques<\/b>, approch\u00e9es par la structure candidate, qui <b class=\"\">d\u00e9terminent les \u00e9coles ou \u00e9tablissements<\/b> qu\u2019elles souhaiteraient voir b\u00e9n\u00e9ficier de ces projets : les informations sont disponibles dans l&rsquo;appel \u00e0 projet, notamment p. 4 et 5<a href=\"https:\/\/www.pedagogie.ac-nice.fr\/daac\/wp-content\/uploads\/sites\/37\/2021\/02\/appel_projet_sacem_2021_2022.pdf\" target=\"_blank\" rel=\"noopener\"><img loading=\"lazy\" decoding=\"async\" class=\"alignnone wp-image-1939\" src=\"https:\/\/www.pedagogie.ac-nice.fr\/daac\/wp-content\/uploads\/sites\/37\/2021\/01\/puce-rose-2.png\" alt=\"\" width=\"37\" height=\"35\"><\/a><br \/>\n<\/span><\/p>\n<p class=\"\"><span class=\"\" style=\"font-family: Arial;\">Pour m\u00e9moire en 2019-2020, 215 projets ont eu lieu en sur l\u2019ensemble du territoire.<\/span><\/p>\n<p class=\"\"><span class=\"\" style=\"font-family: Arial;\">La mise \u00e0 jour de la page<span class=\"\"> <a class=\"\" href=\"https:\/\/eduscol.education.fr\/2375\/les-fabriques-musique\" target=\"_blank\" rel=\"noopener\">Eduscol<\/a><\/span> est en cours.<\/span><\/p>\n<p class=\"\"><span class=\"\" style=\"font-family: Arial;\">Acc\u00e8s \u00e0 la page d\u00e9di\u00e9e de la SACEM <span class=\"\"><a class=\"\" href=\"https:\/\/aide-aux-projets.sacem.fr\/actualites\/les-fabriques-a-musique\/les-fabriques-a-musique---presentation\" target=\"_blank\" rel=\"noopener\">ici<\/a><\/span><\/span><\/p>\n<\/div>\n<div class=\"\"><span class=\"\" style=\"font-family: Arial;\">&nbsp;<\/span><\/div>\n<div class=\"\" style=\"text-align: justify;\"><span class=\"\" style=\"font-family: Arial;\"><span class=\"\">Pour tout <b class=\"\">renseignement compl\u00e9mentaire<\/b> n<\/span><span class=\"\">\u2019<\/span><span class=\"\">h\u00e9sitez pas \u00e0 contacter <b class=\"\">Philippe Mopin<\/b>, coordonateur acad\u00e9mique musique pour la Daac de Nice :&nbsp;<\/span><\/span><a title=\"Composer un message \u00e0 philippe.mopin@ac-nice.fr\"><span class=\"\">p<\/span><span class=\"\">hilippe.mopin@ac-nice.fr<\/span><\/a><\/div>\n<div>&nbsp;<\/div>\n<div>&nbsp;<\/div>\n<div style=\"text-align: center;\"><strong><a href=\"https:\/\/www.pedagogie.ac-nice.fr\/daac\/wp-content\/uploads\/sites\/37\/2020\/09\/ampoule_eclairee.jpg\"><img loading=\"lazy\" decoding=\"async\" class=\"size-full wp-image-1512 alignleft\" src=\"https:\/\/www.pedagogie.ac-nice.fr\/daac\/wp-content\/uploads\/sites\/37\/2020\/09\/ampoule_eclairee.jpg\" alt=\"\" width=\"84\" height=\"95\"><\/a>Bon \u00e0 savoir <\/strong><\/div>\n<p style=\"text-align: justify;\">Fortement mobilis\u00e9e autour de la pratique et du partage avec les artistes, la Sacem a lanc\u00e9 en 2015, avec les minist\u00e8res en charge de l\u2019\u00c9ducation nationale et de la Culture, <strong>La Fabrique \u00e0 Chansons<\/strong> : une s\u00e9rie de rencontres entre auteurs-compositeurs dans une centaine d\u2019\u00e9coles en France pendant une ann\u00e9e scolaire et dont l\u2019objectif est de mettre l\u2019enfant au coeur du processus de cr\u00e9ation musicale.<\/p>\n<p style=\"text-align: justify;\">Forte du succ\u00e8s de la Fabrique \u00e0 Chansons et de la premi\u00e8re \u00e9dition de la Fabrique \u00c9lectro, la Sacem \u00e9tend son projet \u00e0 d\u2019autres Fabriques depuis l\u2019ann\u00e9e scolaire 2018\/2019 : Fabrique musique contemporaine, Fabrique Jazz et Musiques improvis\u00e9es et Fabrique<br \/>\nMusique et image.<\/p>\n<p style=\"text-align: justify;\">Les auteurs, compositeurs, en bin\u00f4me avec les enseignants, interviendront sur une base minimum de 5 s\u00e9ances de 2h pour cr\u00e9er,<br \/>\navec les \u00e9l\u00e8ves, une oeuvre musicale (texte et musique) d\u2019une dur\u00e9e de 4 \u00e0 15 minutes selon les r\u00e9pertoires.<\/p>\n<p style=\"text-align: justify;\">La cr\u00e9ation musicale pourra aussi s\u2019ouvrir \u00e0 d\u2019autres disciplines artistiques : danse, th\u00e9\u00e2tre, arts visuels, arts plastiques&#8230;<\/p>\n<p>Pour aller plus loin : <a class=\"https:\/\/aide-aux-projets.sacem.fr\/actualites\/les-fabriques-a-musique\/les-fabriques-a-musique---presentation\" href=\"https:\/\/aide-aux-projets.sacem.fr\/actualites\/les-fabriques-a-musique\/les-fabriques-a-musique---presentation\" target=\"_blank\" rel=\"https:\/\/aide-aux-projets.sacem.fr\/actualites\/les-fabriques-a-musique\/les-fabriques-a-musique---presentation noopener noreferrer\"><img loading=\"lazy\" decoding=\"async\" class=\"alignnone wp-image-496 size-full\" src=\"https:\/\/www.pedagogie.ac-nice.fr\/daac\/wp-content\/uploads\/sites\/37\/2020\/08\/bouton_connexion-1.png\" alt=\"\" width=\"71\" height=\"70\"><\/a><\/p>\n","protected":false},"excerpt":{"rendered":"<p>contact : Philippe Mopin \u2013 philippe.mopin@ac-nice.fr La Sacem s\u2019engage depuis des ann\u00e9es \u00e0 faire vivre l\u2019\u00e9ducation artistique et culturelle pour le plus grand nombre. Appel \u00e0 projets 2021-2022 des Fabriques \u00e0 musique SACEM : &nbsp; Les candidatures sont ouvertes du 28\/01\/21 au 31\/03\/21 &nbsp; Ces fabriques musicales en milieu scolaire, financ\u00e9es par la SACEM \u00e0 [&hellip;]<\/p>\n","protected":false},"author":241,"featured_media":0,"parent":365,"menu_order":0,"comment_status":"closed","ping_status":"closed","template":"","meta":{"_et_pb_use_builder":"","_et_pb_old_content":"","_et_gb_content_width":"","ngg_post_thumbnail":0,"footnotes":""},"class_list":["post-925","page","type-page","status-publish","hentry"],"rttpg_featured_image_url":null,"rttpg_author":{"display_name":"daacadmin","author_link":"https:\/\/www.pedagogie.ac-nice.fr\/daac\/author\/daacadmin\/"},"rttpg_comment":0,"rttpg_category":null,"rttpg_excerpt":"contact : Philippe Mopin \u2013 philippe.mopin@ac-nice.fr La Sacem s\u2019engage depuis des ann\u00e9es \u00e0 faire vivre l\u2019\u00e9ducation artistique et culturelle pour le plus grand nombre. Appel \u00e0 projets 2021-2022 des Fabriques \u00e0 musique SACEM : &nbsp; Les candidatures sont ouvertes du 28\/01\/21 au 31\/03\/21 &nbsp; Ces fabriques musicales en milieu scolaire, financ\u00e9es par la SACEM \u00e0\u2026","post_mailing_queue_ids":[],"_links":{"self":[{"href":"https:\/\/www.pedagogie.ac-nice.fr\/daac\/wp-json\/wp\/v2\/pages\/925","targetHints":{"allow":["GET"]}}],"collection":[{"href":"https:\/\/www.pedagogie.ac-nice.fr\/daac\/wp-json\/wp\/v2\/pages"}],"about":[{"href":"https:\/\/www.pedagogie.ac-nice.fr\/daac\/wp-json\/wp\/v2\/types\/page"}],"author":[{"embeddable":true,"href":"https:\/\/www.pedagogie.ac-nice.fr\/daac\/wp-json\/wp\/v2\/users\/241"}],"replies":[{"embeddable":true,"href":"https:\/\/www.pedagogie.ac-nice.fr\/daac\/wp-json\/wp\/v2\/comments?post=925"}],"version-history":[{"count":9,"href":"https:\/\/www.pedagogie.ac-nice.fr\/daac\/wp-json\/wp\/v2\/pages\/925\/revisions"}],"predecessor-version":[{"id":2215,"href":"https:\/\/www.pedagogie.ac-nice.fr\/daac\/wp-json\/wp\/v2\/pages\/925\/revisions\/2215"}],"up":[{"embeddable":true,"href":"https:\/\/www.pedagogie.ac-nice.fr\/daac\/wp-json\/wp\/v2\/pages\/365"}],"wp:attachment":[{"href":"https:\/\/www.pedagogie.ac-nice.fr\/daac\/wp-json\/wp\/v2\/media?parent=925"}],"curies":[{"name":"wp","href":"https:\/\/api.w.org\/{rel}","templated":true}]}}