{"id":941,"date":"2020-10-25T22:45:54","date_gmt":"2020-10-25T21:45:54","guid":{"rendered":"https:\/\/www.pedagogie.ac-nice.fr\/daac\/?page_id=941"},"modified":"2021-12-06T22:22:54","modified_gmt":"2021-12-06T21:22:54","slug":"tandem","status":"publish","type":"page","link":"https:\/\/www.pedagogie.ac-nice.fr\/daac\/les-domaines-de-leac\/musique-chantchoral\/tandem\/","title":{"rendered":"Tandem"},"content":{"rendered":"<p>[et_pb_section fb_built=\u00a0\u00bb1&Prime; _builder_version=\u00a0\u00bb3.22&Prime; global_colors_info=\u00a0\u00bb{}\u00a0\u00bb][et_pb_row column_structure=\u00a0\u00bb2_5,3_5&Prime; _builder_version=\u00a0\u00bb4.10.7&Prime; _module_preset=\u00a0\u00bbdefault\u00a0\u00bb global_colors_info=\u00a0\u00bb{}\u00a0\u00bb][et_pb_column type=\u00a0\u00bb2_5&Prime; _builder_version=\u00a0\u00bb4.10.7&Prime; _module_preset=\u00a0\u00bbdefault\u00a0\u00bb global_colors_info=\u00a0\u00bb{}\u00a0\u00bb][et_pb_text admin_label=\u00a0\u00bblogo domaine\u00a0\u00bb _builder_version=\u00a0\u00bb4.10.7&Prime; _module_preset=\u00a0\u00bbdefault\u00a0\u00bb global_colors_info=\u00a0\u00bb{}\u00a0\u00bb]<\/p>\n<p><a href=\"https:\/\/www.pedagogie.ac-nice.fr\/daac\/les-domaines-de-leac\/musique-chantchoral\/\" target=\"_blank\" rel=\"noopener\"><img loading=\"lazy\" decoding=\"async\" class=\"aligncenter wp-image-5919 size-full\" src=\"https:\/\/www.pedagogie.ac-nice.fr\/daac\/wp-content\/uploads\/sites\/37\/2021\/09\/chant-choral.png\" alt=\"\" width=\"346\" height=\"221\" srcset=\"https:\/\/www.pedagogie.ac-nice.fr\/daac\/wp-content\/uploads\/sites\/37\/2021\/09\/chant-choral.png 346w, https:\/\/www.pedagogie.ac-nice.fr\/daac\/wp-content\/uploads\/sites\/37\/2021\/09\/chant-choral-300x192.png 300w\" sizes=\"(max-width: 346px) 100vw, 346px\" \/><\/a><\/p>\n<p>[\/et_pb_text][et_pb_divider _builder_version=\u00a0\u00bb4.10.7&Prime; _module_preset=\u00a0\u00bbdefault\u00a0\u00bb custom_margin=\u00a0\u00bb-14px|||||\u00a0\u00bb global_colors_info=\u00a0\u00bb{}\u00a0\u00bb][\/et_pb_divider][et_pb_text admin_label=\u00a0\u00bblogo domaine\u00a0\u00bb _builder_version=\u00a0\u00bb4.10.7&Prime; _module_preset=\u00a0\u00bbdefault\u00a0\u00bb custom_margin=\u00a0\u00bb-35px|||||\u00a0\u00bb custom_padding=\u00a0\u00bb0px|||||\u00a0\u00bb global_colors_info=\u00a0\u00bb{}\u00a0\u00bb]<\/p>\n<p><img loading=\"lazy\" decoding=\"async\" class=\"alignnone size-full wp-image-6275 aligncenter\" src=\"https:\/\/www.pedagogie.ac-nice.fr\/daac\/wp-content\/uploads\/sites\/37\/2021\/09\/partenariat.png\" alt=\"\" width=\"344\" height=\"225\" srcset=\"https:\/\/www.pedagogie.ac-nice.fr\/daac\/wp-content\/uploads\/sites\/37\/2021\/09\/partenariat.png 344w, https:\/\/www.pedagogie.ac-nice.fr\/daac\/wp-content\/uploads\/sites\/37\/2021\/09\/partenariat-300x196.png 300w\" sizes=\"(max-width: 344px) 100vw, 344px\" \/><\/p>\n<p>[\/et_pb_text][et_pb_divider _builder_version=\u00a0\u00bb4.10.7&Prime; _module_preset=\u00a0\u00bbdefault\u00a0\u00bb custom_margin=\u00a0\u00bb-14px|||||\u00a0\u00bb global_colors_info=\u00a0\u00bb{}\u00a0\u00bb][\/et_pb_divider][et_pb_text admin_label=\u00a0\u00bbslam\u00a0\u00bb _builder_version=\u00a0\u00bb4.10.7&Prime; _module_preset=\u00a0\u00bbdefault\u00a0\u00bb custom_margin=\u00a0\u00bb-35px|||||\u00a0\u00bb custom_padding=\u00a0\u00bb0px|||||\u00a0\u00bb hover_enabled=\u00a0\u00bb0&Prime; global_colors_info=\u00a0\u00bb{}\u00a0\u00bb sticky_enabled=\u00a0\u00bb0&Prime;]<\/p>\n<h2 style=\"text-align: center;\"><span style=\"font-size: 12pt;\">Concert- d\u00e9bat (slam) : PAGAN \u00ab La L\u00e9gende de Kill Baby <a href=\"https:\/\/www.tandem83.com\/concert-debat-slam-pagan-la-legende-de-kill-baby\/\" target=\"_blank\" rel=\"noopener\"><img loading=\"lazy\" decoding=\"async\" class=\"aligncenter wp-image-9863\" src=\"https:\/\/www.pedagogie.ac-nice.fr\/daac\/wp-content\/uploads\/sites\/37\/2021\/12\/legende_kill_baby.jpg\" alt=\"\" width=\"292\" height=\"292\" srcset=\"https:\/\/www.pedagogie.ac-nice.fr\/daac\/wp-content\/uploads\/sites\/37\/2021\/12\/legende_kill_baby.jpg 325w, https:\/\/www.pedagogie.ac-nice.fr\/daac\/wp-content\/uploads\/sites\/37\/2021\/12\/legende_kill_baby-300x300.jpg 300w, https:\/\/www.pedagogie.ac-nice.fr\/daac\/wp-content\/uploads\/sites\/37\/2021\/12\/legende_kill_baby-150x150.jpg 150w\" sizes=\"(max-width: 292px) 100vw, 292px\" \/><\/a><\/span><\/h2>\n<p>[\/et_pb_text][et_pb_text admin_label=\u00a0\u00bbslam\u00a0\u00bb _builder_version=\u00a0\u00bb4.10.7&Prime; _module_preset=\u00a0\u00bbdefault\u00a0\u00bb custom_margin=\u00a0\u00bb-35px|||||\u00a0\u00bb custom_padding=\u00a0\u00bb0px|||||\u00a0\u00bb hover_enabled=\u00a0\u00bb0&Prime; global_colors_info=\u00a0\u00bb{}\u00a0\u00bb sticky_enabled=\u00a0\u00bb0&Prime;]<\/p>\n<div class=\"\" style=\"text-align: justify;\"><span style=\"color: #0000ff;\">Nous accueillons une<b class=\"\"> nouvelle forme de concert p\u00e9dagogique<\/b> dans notre catalogue d\u2019actions culturelles.&nbsp;<\/span><\/div>\n<div class=\"\" style=\"text-align: justify;\"><span style=\"color: #0000ff;\">Toujours interactif et participatif, c\u2019est le slameur Pagan, accompagn\u00e9 de deux musiciens, qui retrace son parcours avec des textes clam\u00e9s et mis en musique.<\/span><\/div>\n<div class=\"\" style=\"text-align: justify;\"><span style=\"color: #0000ff;\">Les th\u00e9matiques abord\u00e9es comme la r\u00e9silience, la reconstruction et la prison permettent un \u00e9change dynamique avec les \u00e9l\u00e8ves.<\/span><\/div>\n<div class=\"\" style=\"text-align: justify;\">&nbsp;<\/div>\n<div class=\"\" style=\"text-align: justify;\"><span class=\"\" style=\"color: #0000ff;\">Ce spectacle hybride est destin\u00e9 aux coll\u00e9giens et lyc\u00e9ens.<\/p>\n<p><\/span><\/div>\n<div class=\"\" style=\"text-align: justify;\"><span class=\"\" style=\"color: #0000ff;\">Une pr\u00e9sentation de ce nouveau concert-d\u00e9bat est propos\u00e9e le <strong>jeudi 9 d\u00e9cembre 2021 \u00e0 10h<\/strong> au lyc\u00e9e Maurice Janetti (St Maximim la Ste Baume).<\/span><b class=\"\"><\/b><\/div>\n<p>[\/et_pb_text][\/et_pb_column][et_pb_column type=\u00a0\u00bb3_5&Prime; _builder_version=\u00a0\u00bb4.10.7&Prime; _module_preset=\u00a0\u00bbdefault\u00a0\u00bb global_colors_info=\u00a0\u00bb{}\u00a0\u00bb][et_pb_text admin_label=\u00a0\u00bbpr\u00e9sentation tandem\u00a0\u00bb _builder_version=\u00a0\u00bb4.10.7&Prime; background_size=\u00a0\u00bbinitial\u00a0\u00bb background_position=\u00a0\u00bbtop_left\u00a0\u00bb background_repeat=\u00a0\u00bbrepeat\u00a0\u00bb global_colors_info=\u00a0\u00bb{}\u00a0\u00bb]<\/p>\n<p style=\"text-align: right;\"><span style=\"color: #0000ff;\"><strong>contact : Sylvain Beaudrey<\/strong><\/span><\/p>\n<p style=\"text-align: center;\"><a href=\"https:\/\/www.pedagogie.ac-nice.fr\/daac\/tandem\/tandem\/\" rel=\"attachment wp-att-942\"><img loading=\"lazy\" decoding=\"async\" class=\"alignnone size-thumbnail wp-image-942\" src=\"https:\/\/www.pedagogie.ac-nice.fr\/daac\/wp-content\/uploads\/sites\/37\/2020\/10\/tandem-150x79.png\" alt=\"\" width=\"150\" height=\"79\"><\/a><\/p>\n<p style=\"text-align: justify;\"><span style=\"color: #0000ff;\">L\u2019Action Culturelle s\u2019est inscrite naturellement dans les grandes lignes de l\u2019association d\u00e8s ses d\u00e9buts, valeur importante que d\u2019offrir une place au jeune public dans le milieu des Musiques Actuelles.<\/span><\/p>\n<p style=\"text-align: justify;\"><span style=\"color: #0000ff;\">Ces actions culturelles se d\u00e9clinent sous diff\u00e9rentes formes : concerts p\u00e9dagogiques, ateliers de pratique et d\u2019\u00e9veil, go\u00fbter pour se rencontrer, atelier DIY, rencontres artistiques.<\/span><\/p>\n<p style=\"text-align: justify;\"><span style=\"color: #0000ff;\">Les participants sont invit\u00e9s \u00e0 d\u00e9couvrir, s\u2019interroger, participer aux&nbsp; diff\u00e9rentes propositions artistiques.<\/span><\/p>\n<p style=\"text-align: center;\"><span style=\"color: #0000ff;\"><strong>Des actions dont le coeur commun est le partage, la rencontre.<\/strong><\/span><\/p>\n<p style=\"text-align: justify;\"><span style=\"color: #0000ff;\">Elles s\u2019adressent au jeune public en particulier afin de transmettre la culture des Musiques Actuelles mais \u00e9galement au plus nombreux d\u2019entre vous. Il n\u2019y a pas d\u2019\u00e2ge pour \u00eatre curieux.<\/span><\/p>\n<p style=\"text-align: justify;\"><span style=\"color: #0000ff;\">L\u2019action culturelle, dans laquelle s\u2019int\u00e8gre la m\u00e9diation, permet de s\u2019ouvrir aux autres et au monde ext\u00e9rieur, elle est vectrice d\u2019engagement et de&nbsp; citoyennet\u00e9. Elle pousse \u00e0 la r\u00e9flexion et accompagne la&nbsp; construction de l\u2019individu.<\/span><\/p>\n<p style=\"text-align: justify;\"><span style=\"color: #0000ff;\">Et de notre c\u00f4t\u00e9, elle nous permet de rencontrer et de comprendre \u00ab les publics de demain\u00bb.<\/span><\/p>\n<p><span style=\"color: #0000ff;\">Pour aller plus loin : <\/span><a href=\"http:\/\/www.tandem83.com\/action-culturelle\/#concerts-pedagogiques\" target=\"_blank\" rel=\"http:\/\/www.tandem83.com\/action-culturelle\/#concerts-pedagogiques noopener noreferrer\"><img loading=\"lazy\" decoding=\"async\" class=\"alignnone wp-image-496 size-full\" src=\"https:\/\/www.pedagogie.ac-nice.fr\/daac\/wp-content\/uploads\/sites\/37\/2020\/08\/bouton_connexion-1.png\" alt=\"\" width=\"71\" height=\"70\"><\/a><\/p>\n<p>[\/et_pb_text][\/et_pb_column][\/et_pb_row][\/et_pb_section]<\/p>\n","protected":false},"excerpt":{"rendered":"<p>Concert- d\u00e9bat (slam) : PAGAN \u00ab La L\u00e9gende de Kill Baby Nous accueillons une nouvelle forme de concert p\u00e9dagogique dans notre catalogue d\u2019actions culturelles.&nbsp; Toujours interactif et participatif, c\u2019est le slameur Pagan, accompagn\u00e9 de deux musiciens, qui retrace son parcours avec des textes clam\u00e9s et mis en musique. Les th\u00e9matiques abord\u00e9es comme la r\u00e9silience, la [&hellip;]<\/p>\n","protected":false},"author":241,"featured_media":0,"parent":365,"menu_order":0,"comment_status":"closed","ping_status":"closed","template":"","meta":{"_et_pb_use_builder":"on","_et_pb_old_content":"<p style=\"text-align: right;\">contact : Sylvain Beaudrey<\/p><p style=\"text-align: center;\"><a href=\"https:\/\/www.pedagogie.ac-nice.fr\/daac\/tandem\/tandem\/\" rel=\"attachment wp-att-942\"><img class=\"alignnone size-thumbnail wp-image-942\" src=\"https:\/\/www.pedagogie.ac-nice.fr\/daac\/wp-content\/uploads\/sites\/37\/2020\/10\/tandem-150x79.png\" alt=\"\" width=\"150\" height=\"79\"><\/a><\/p><p style=\"text-align: justify;\">L\u2019Action Culturelle s\u2019est inscrite naturellement dans les grandes lignes de l\u2019association d\u00e8s ses d\u00e9buts, valeur importante que d\u2019offrir une place au jeune public dans le milieu des Musiques Actuelles.<\/p><p style=\"text-align: justify;\">Ces actions culturelles se d\u00e9clinent sous diff\u00e9rentes formes : concerts p\u00e9dagogiques, ateliers de pratique et d\u2019\u00e9veil, go\u00fbter pour se rencontrer, atelier DIY, rencontres artistiques.<\/p><p style=\"text-align: justify;\">Les participants sont invit\u00e9s \u00e0 d\u00e9couvrir, s\u2019interroger, participer aux\u00a0 diff\u00e9rentes propositions artistiques.<\/p><p style=\"text-align: center;\"><strong>Des actions dont le coeur commun est le partage, la rencontre.<\/strong><\/p><p style=\"text-align: justify;\">Elles s\u2019adressent au jeune public en particulier afin de transmettre la culture des Musiques Actuelles mais \u00e9galement au plus nombreux d\u2019entre vous. Il n\u2019y a pas d\u2019\u00e2ge pour \u00eatre curieux.<\/p><p style=\"text-align: justify;\">L\u2019action culturelle, dans laquelle s\u2019int\u00e8gre la m\u00e9diation, permet de s\u2019ouvrir aux autres et au monde ext\u00e9rieur, elle est vectrice d\u2019engagement et de\u00a0 citoyennet\u00e9. Elle pousse \u00e0 la r\u00e9flexion et accompagne la\u00a0 construction de l\u2019individu.<\/p><p style=\"text-align: justify;\">Et de notre c\u00f4t\u00e9, elle nous permet de rencontrer et de comprendre \u00ab les publics de demain\u00bb.<\/p><p>Pour aller plus loin : <a href=\"http:\/\/www.tandem83.com\/action-culturelle\/#concerts-pedagogiques\" target=\"_blank\" rel=\"http:\/\/www.tandem83.com\/action-culturelle\/#concerts-pedagogiques noopener noreferrer\"><img class=\"alignnone wp-image-496 size-full\" src=\"https:\/\/www.pedagogie.ac-nice.fr\/daac\/wp-content\/uploads\/sites\/37\/2020\/08\/bouton_connexion-1.png\" alt=\"\" width=\"71\" height=\"70\"><\/a><\/p>","_et_gb_content_width":"","ngg_post_thumbnail":0,"footnotes":""},"class_list":["post-941","page","type-page","status-publish","hentry"],"rttpg_featured_image_url":null,"rttpg_author":{"display_name":"daacadmin","author_link":"https:\/\/www.pedagogie.ac-nice.fr\/daac\/author\/daacadmin\/"},"rttpg_comment":0,"rttpg_category":null,"rttpg_excerpt":"Concert- d\u00e9bat (slam) : PAGAN \u00ab La L\u00e9gende de Kill Baby Nous accueillons une nouvelle forme de concert p\u00e9dagogique dans notre catalogue d\u2019actions culturelles.&nbsp; Toujours interactif et participatif, c\u2019est le slameur Pagan, accompagn\u00e9 de deux musiciens, qui retrace son parcours avec des textes clam\u00e9s et mis en musique. Les th\u00e9matiques abord\u00e9es comme la r\u00e9silience, la\u2026","post_mailing_queue_ids":[],"_links":{"self":[{"href":"https:\/\/www.pedagogie.ac-nice.fr\/daac\/wp-json\/wp\/v2\/pages\/941","targetHints":{"allow":["GET"]}}],"collection":[{"href":"https:\/\/www.pedagogie.ac-nice.fr\/daac\/wp-json\/wp\/v2\/pages"}],"about":[{"href":"https:\/\/www.pedagogie.ac-nice.fr\/daac\/wp-json\/wp\/v2\/types\/page"}],"author":[{"embeddable":true,"href":"https:\/\/www.pedagogie.ac-nice.fr\/daac\/wp-json\/wp\/v2\/users\/241"}],"replies":[{"embeddable":true,"href":"https:\/\/www.pedagogie.ac-nice.fr\/daac\/wp-json\/wp\/v2\/comments?post=941"}],"version-history":[{"count":11,"href":"https:\/\/www.pedagogie.ac-nice.fr\/daac\/wp-json\/wp\/v2\/pages\/941\/revisions"}],"predecessor-version":[{"id":9864,"href":"https:\/\/www.pedagogie.ac-nice.fr\/daac\/wp-json\/wp\/v2\/pages\/941\/revisions\/9864"}],"up":[{"embeddable":true,"href":"https:\/\/www.pedagogie.ac-nice.fr\/daac\/wp-json\/wp\/v2\/pages\/365"}],"wp:attachment":[{"href":"https:\/\/www.pedagogie.ac-nice.fr\/daac\/wp-json\/wp\/v2\/media?parent=941"}],"curies":[{"name":"wp","href":"https:\/\/api.w.org\/{rel}","templated":true}]}}