{"id":948,"date":"2020-10-25T22:53:11","date_gmt":"2020-10-25T21:53:11","guid":{"rendered":"https:\/\/www.pedagogie.ac-nice.fr\/daac\/?page_id=948"},"modified":"2020-10-26T15:01:37","modified_gmt":"2020-10-26T14:01:37","slug":"les-petites-ouvreuses","status":"publish","type":"page","link":"https:\/\/www.pedagogie.ac-nice.fr\/daac\/les-domaines-de-leac\/musique-chantchoral\/les-petites-ouvreuses\/","title":{"rendered":"Les petites ouvreuses"},"content":{"rendered":"<p style=\"text-align: right;\">Charg\u00e9e de mission: Laetitia Sabatini<\/p>\n<p style=\"text-align: center;\"><a href=\"https:\/\/www.pedagogie.ac-nice.fr\/daac\/ballets-de-monte-carlo\/petites_ouvreuses\/\" rel=\"attachment wp-att-960\"><img loading=\"lazy\" decoding=\"async\" class=\"alignnone size-thumbnail wp-image-960\" src=\"https:\/\/www.pedagogie.ac-nice.fr\/daac\/wp-content\/uploads\/sites\/37\/2020\/10\/petites_ouvreuses-150x150.png\" alt=\"\" width=\"150\" height=\"150\" \/><\/a><\/p>\n<p style=\"text-align: justify;\">Les P\u2019tites Ouvreuses est un groupe ni\u00e7ois engag\u00e9 dans la cr\u00e9ation de chansons fran\u00e7aises. Ils se situent au croisement de la danse et de la po\u00e9sie populaire. Ils g\u00e9n\u00e8rent par leur musique du mouvement et du lien. Le public vibre collectivement.<\/p>\n<p style=\"text-align: justify;\">Les P\u2019tites Ouvreuses permettent au public de revivre le proc\u00e9d\u00e9 original de cr\u00e9ation de leurs chansons et de leurs clips. En tourn\u00e9e il est fr\u00e9quent que Les P\u2019tites Ouvreuses associent aux concerts des ateliers.<\/p>\n<p style=\"text-align: justify;\">Les ateliers qu\u2019ils proposent sont d\u2019une grande originalit\u00e9 : \u00ab Au bal \u00bb\u00a0 est un jeu de soci\u00e9t\u00e9 qui permettra \u00e0 chacun de vivre et d\u2019inventer sa sc\u00e8ne de bal, \u00ab J\u2019vais t\u2019rendre heureuse \u2013 chanson geste et cr\u00e9ation itin\u00e9rante du clip \u00bb, composition avec des \u00e9l\u00e9ments de chor\u00e9graphie, de rythme, de mime, est r\u00e9p\u00e9t\u00e9e et interpr\u00e9t\u00e9e par les participants avec la chanson jou\u00e9e en direct, \u00abLa nouvelle fille du M\u00e9tro, la sc\u00e8ne int\u00e9rieur M\u00e9tro \u00bb, une classe de danse moderne qui comporte un temps de pr\u00e9paration, en lien avec les \u00e9l\u00e9ments, po\u00e9tiques, symboliques, m\u00e9caniques, esth\u00e9tiques, dynamiques et musicaux de la sc\u00e8ne.<\/p>\n","protected":false},"excerpt":{"rendered":"<p>Charg\u00e9e de mission: Laetitia Sabatini Les P\u2019tites Ouvreuses est un groupe ni\u00e7ois engag\u00e9 dans la cr\u00e9ation de chansons fran\u00e7aises. Ils se situent au croisement de la danse et de la po\u00e9sie populaire. Ils g\u00e9n\u00e8rent par leur musique du mouvement et du lien. Le public vibre collectivement. Les P\u2019tites Ouvreuses permettent au public de revivre le [&hellip;]<\/p>\n","protected":false},"author":241,"featured_media":0,"parent":365,"menu_order":0,"comment_status":"closed","ping_status":"closed","template":"","meta":{"_et_pb_use_builder":"","_et_pb_old_content":"","_et_gb_content_width":"","ngg_post_thumbnail":0,"footnotes":""},"class_list":["post-948","page","type-page","status-publish","hentry"],"rttpg_featured_image_url":null,"rttpg_author":{"display_name":"daacadmin","author_link":"https:\/\/www.pedagogie.ac-nice.fr\/daac\/author\/daacadmin\/"},"rttpg_comment":0,"rttpg_category":null,"rttpg_excerpt":"Charg\u00e9e de mission: Laetitia Sabatini Les P\u2019tites Ouvreuses est un groupe ni\u00e7ois engag\u00e9 dans la cr\u00e9ation de chansons fran\u00e7aises. Ils se situent au croisement de la danse et de la po\u00e9sie populaire. Ils g\u00e9n\u00e8rent par leur musique du mouvement et du lien. Le public vibre collectivement. Les P\u2019tites Ouvreuses permettent au public de revivre le\u2026","post_mailing_queue_ids":[],"_links":{"self":[{"href":"https:\/\/www.pedagogie.ac-nice.fr\/daac\/wp-json\/wp\/v2\/pages\/948","targetHints":{"allow":["GET"]}}],"collection":[{"href":"https:\/\/www.pedagogie.ac-nice.fr\/daac\/wp-json\/wp\/v2\/pages"}],"about":[{"href":"https:\/\/www.pedagogie.ac-nice.fr\/daac\/wp-json\/wp\/v2\/types\/page"}],"author":[{"embeddable":true,"href":"https:\/\/www.pedagogie.ac-nice.fr\/daac\/wp-json\/wp\/v2\/users\/241"}],"replies":[{"embeddable":true,"href":"https:\/\/www.pedagogie.ac-nice.fr\/daac\/wp-json\/wp\/v2\/comments?post=948"}],"version-history":[{"count":2,"href":"https:\/\/www.pedagogie.ac-nice.fr\/daac\/wp-json\/wp\/v2\/pages\/948\/revisions"}],"predecessor-version":[{"id":965,"href":"https:\/\/www.pedagogie.ac-nice.fr\/daac\/wp-json\/wp\/v2\/pages\/948\/revisions\/965"}],"up":[{"embeddable":true,"href":"https:\/\/www.pedagogie.ac-nice.fr\/daac\/wp-json\/wp\/v2\/pages\/365"}],"wp:attachment":[{"href":"https:\/\/www.pedagogie.ac-nice.fr\/daac\/wp-json\/wp\/v2\/media?parent=948"}],"curies":[{"name":"wp","href":"https:\/\/api.w.org\/{rel}","templated":true}]}}