{"id":9896,"date":"2021-12-08T19:06:12","date_gmt":"2021-12-08T18:06:12","guid":{"rendered":"https:\/\/www.pedagogie.ac-nice.fr\/daac\/?page_id=9896"},"modified":"2023-02-15T11:38:50","modified_gmt":"2023-02-15T10:38:50","slug":"musee-de-la-photographie-charles-negre","status":"publish","type":"page","link":"https:\/\/www.pedagogie.ac-nice.fr\/daac\/musee-de-la-photographie-charles-negre\/","title":{"rendered":"Mus\u00e9e de la photographie Charles N\u00e8gre"},"content":{"rendered":"<p>[et_pb_section fb_built=\u00a0\u00bb1&Prime; _builder_version=\u00a0\u00bb4.10.7&Prime; _module_preset=\u00a0\u00bbdefault\u00a0\u00bb global_colors_info=\u00a0\u00bb{}\u00a0\u00bb][et_pb_row _builder_version=\u00a0\u00bb4.10.7&Prime; _module_preset=\u00a0\u00bbdefault\u00a0\u00bb global_colors_info=\u00a0\u00bb{}\u00a0\u00bb][et_pb_column type=\u00a0\u00bb4_4&Prime; _builder_version=\u00a0\u00bb4.10.7&Prime; _module_preset=\u00a0\u00bbdefault\u00a0\u00bb global_colors_info=\u00a0\u00bb{}\u00a0\u00bb][et_pb_text _builder_version=\u00a0\u00bb4.10.7&Prime; _module_preset=\u00a0\u00bbdefault\u00a0\u00bb hover_enabled=\u00a0\u00bb0&Prime; global_colors_info=\u00a0\u00bb{}\u00a0\u00bb text_font=\u00a0\u00bbTrebuchet||||||||\u00a0\u00bb text_text_color=\u00a0\u00bb#000000&Prime; text_font_size=\u00a0\u00bb17px\u00a0\u00bb text_orientation=\u00a0\u00bbjustified\u00a0\u00bb sticky_enabled=\u00a0\u00bb0&Prime;]<\/p>\n<p align=\"center\"><span style=\"color: #0000ff;\"><b><img loading=\"lazy\" decoding=\"async\" class=\"alignnone  wp-image-3377\" src=\"https:\/\/www.pedagogie.ac-nice.fr\/daac\/wp-content\/uploads\/sites\/37\/2021\/05\/LogoMuseePhotocarre.jpg\" alt=\"\" width=\"120\" height=\"120\" srcset=\"https:\/\/www.pedagogie.ac-nice.fr\/daac\/wp-content\/uploads\/sites\/37\/2021\/05\/LogoMuseePhotocarre.jpg 731w, https:\/\/www.pedagogie.ac-nice.fr\/daac\/wp-content\/uploads\/sites\/37\/2021\/05\/LogoMuseePhotocarre-300x300.jpg 300w, https:\/\/www.pedagogie.ac-nice.fr\/daac\/wp-content\/uploads\/sites\/37\/2021\/05\/LogoMuseePhotocarre-150x150.jpg 150w\" sizes=\"(max-width: 120px) 100vw, 120px\" \/><br \/><span style=\"color: #993366;\">&#8211; Atelier sur la \u00ab\u00a0Lecture et analyse de l\u2019image photographique\u00a0\u00bb &#8211;<\/span><br \/><\/b><span style=\"color: #993366;\">Lyc\u00e9es<\/span><\/span><\/p>\n<p align=\"justify\"><span style=\"color: #000000;\">Le Mus\u00e9e de la Photographie Charles N\u00e8gre propose aux lyc\u00e9ens un atelier \u00ab\u00a0Lecture et analyse de l\u2019image photographique\u00a0\u00bb\u00a0<\/span><\/p>\n<ul>\n<li>\n<p align=\"justify\"><span style=\"color: #000000;\">Une projection d\u2019un film de 12mn (photos + textes explicatifs +musique) qui pr\u00e9sente la Collection du Mus\u00e9e de la Photographie sur la th\u00e9matique de la Ville de Nice du XIX\u00e8me si\u00e8cle \u00e0 nos jours, \u00e0 travers le regard des photographes qui sont pr\u00e9sents dans la Collection du Mus\u00e9e.<\/span><\/p>\n<\/li>\n<li>\n<p align=\"justify\"><span style=\"color: #000000;\">Un temps de discussion et de r\u00e9flexion autour de la projection\u00a0: \u00a0comment les \u00e9l\u00e8ves ont-ils per\u00e7u cette mani\u00e8re d\u2019aborder l\u2019image, le\u00a0m\u00e9dium photo par une projection\u00a0?<\/span><\/p>\n<\/li>\n<li>\n<p align=\"justify\"><span style=\"color: #000000;\">A partir de photographies de la Collection, travail sur la technique et la composition, et la d\u00e9marche des artistes.<\/span><\/p>\n<\/li>\n<li>\n<p align=\"justify\"><span style=\"color: #000000;\">Prolongement possible\u00a0: proposer aux \u00e9l\u00e8ves de photographier, selon leur \u00ab\u00a0regard\u00a0\u00bb et leur\u00a0\u00ab\u00a0sensibilit\u00e9\u00a0\u00bb, leur ville NICE, en s\u2019inspirant de la d\u00e9marche des artistes qu\u2019ils ont d\u00e9couvert.<\/span><\/p>\n<\/li>\n<\/ul>\n<p><span style=\"color: #000000;\"><strong>Dates\u00a0:<\/strong><\/span><\/p>\n<p><span style=\"color: #000000;\">Lundi 13 d\u00e9cembre 2021 (apr\u00e8s-midi)<\/span><\/p>\n<p><span style=\"color: #000000;\">Lundi 14 mars 2022 (matin ou apr\u00e8s-midi)<\/span><\/p>\n<p><span style=\"color: #000000;\">Lundi 21 mars 2022 (matin ou apr\u00e8s-midi)<\/span><\/p>\n<p><span style=\"color: #000000;\">Inscriptions\u00a0: <u><a style=\"color: #000000;\" href=\"mailto:stephane.tallon@ville-nice.fr\">sonia.duchatel@ville-nice.fr<\/a><\/u><\/span><\/p>\n<p><span style=\"color: #000000;\"><strong>Adresse :<\/strong><\/span><\/p>\n<p><span style=\"color: #000000;\">Mus\u00e9e de la Photographie Charles N\u00e8gre<br \/>1, Place Pierre Gautier<br \/>06364 Nice cedex 4<\/span><\/p>\n<p><span style=\"color: #000000;\">\u00a0<\/span><\/p>\n<p>[\/et_pb_text][\/et_pb_column][\/et_pb_row][\/et_pb_section]<\/p>\n","protected":false},"excerpt":{"rendered":"<p>&#8211; Atelier sur la \u00ab\u00a0Lecture et analyse de l\u2019image photographique\u00a0\u00bb -Lyc\u00e9es Le Mus\u00e9e de la Photographie Charles N\u00e8gre propose aux lyc\u00e9ens un atelier \u00ab\u00a0Lecture et analyse de l\u2019image photographique\u00a0\u00bb\u00a0 Une projection d\u2019un film de 12mn (photos + textes explicatifs +musique) qui pr\u00e9sente la Collection du Mus\u00e9e de la Photographie sur la th\u00e9matique de la Ville [&hellip;]<\/p>\n","protected":false},"author":241,"featured_media":0,"parent":0,"menu_order":0,"comment_status":"closed","ping_status":"closed","template":"","meta":{"_et_pb_use_builder":"on","_et_pb_old_content":"","_et_gb_content_width":"","ngg_post_thumbnail":0,"footnotes":""},"class_list":["post-9896","page","type-page","status-publish","hentry"],"rttpg_featured_image_url":null,"rttpg_author":{"display_name":"daacadmin","author_link":"https:\/\/www.pedagogie.ac-nice.fr\/daac\/author\/daacadmin\/"},"rttpg_comment":0,"rttpg_category":null,"rttpg_excerpt":"- Atelier sur la \u00ab\u00a0Lecture et analyse de l\u2019image photographique\u00a0\u00bb -Lyc\u00e9es Le Mus\u00e9e de la Photographie Charles N\u00e8gre propose aux lyc\u00e9ens un atelier \u00ab\u00a0Lecture et analyse de l\u2019image photographique\u00a0\u00bb\u00a0 Une projection d\u2019un film de 12mn (photos + textes explicatifs +musique) qui pr\u00e9sente la Collection du Mus\u00e9e de la Photographie sur la th\u00e9matique de la Ville\u2026","post_mailing_queue_ids":[],"_links":{"self":[{"href":"https:\/\/www.pedagogie.ac-nice.fr\/daac\/wp-json\/wp\/v2\/pages\/9896","targetHints":{"allow":["GET"]}}],"collection":[{"href":"https:\/\/www.pedagogie.ac-nice.fr\/daac\/wp-json\/wp\/v2\/pages"}],"about":[{"href":"https:\/\/www.pedagogie.ac-nice.fr\/daac\/wp-json\/wp\/v2\/types\/page"}],"author":[{"embeddable":true,"href":"https:\/\/www.pedagogie.ac-nice.fr\/daac\/wp-json\/wp\/v2\/users\/241"}],"replies":[{"embeddable":true,"href":"https:\/\/www.pedagogie.ac-nice.fr\/daac\/wp-json\/wp\/v2\/comments?post=9896"}],"version-history":[{"count":5,"href":"https:\/\/www.pedagogie.ac-nice.fr\/daac\/wp-json\/wp\/v2\/pages\/9896\/revisions"}],"predecessor-version":[{"id":14479,"href":"https:\/\/www.pedagogie.ac-nice.fr\/daac\/wp-json\/wp\/v2\/pages\/9896\/revisions\/14479"}],"wp:attachment":[{"href":"https:\/\/www.pedagogie.ac-nice.fr\/daac\/wp-json\/wp\/v2\/media?parent=9896"}],"curies":[{"name":"wp","href":"https:\/\/api.w.org\/{rel}","templated":true}]}}