{"id":5023,"date":"2025-06-10T10:02:50","date_gmt":"2025-06-10T08:02:50","guid":{"rendered":"https:\/\/www.pedagogie.ac-nice.fr\/doc-azur\/wp-content\/uploads\/sites\/40\/2025\/06\/IA-generative-et-demarche-dintelligence-collective-final.jpg"},"modified":"2025-06-10T10:18:03","modified_gmt":"2025-06-10T08:18:03","slug":"ia-generative-et-demarche-dintelligence-collective-final","status":"inherit","type":"attachment","link":"https:\/\/www.pedagogie.ac-nice.fr\/doc-azur\/2025\/06\/12\/ia-generative-et-demarche-dintelligence-collective\/ia-generative-et-demarche-dintelligence-collective-final\/","title":{"rendered":"IA g\u00e9n\u00e9rative et d\u00e9marche d\u2019intelligence collective"},"author":276,"featured_media":0,"comment_status":"closed","ping_status":"closed","template":"","meta":{"ngg_post_thumbnail":0},"class_list":["post-5023","attachment","type-attachment","status-inherit","hentry"],"description":{"rendered":"<p class=\"attachment\"><a href='https:\/\/www.pedagogie.ac-nice.fr\/doc-azur\/wp-content\/uploads\/sites\/40\/2025\/06\/IA-generative-et-demarche-dintelligence-collective-final.jpg'><img loading=\"lazy\" decoding=\"async\" width=\"300\" height=\"169\" src=\"https:\/\/www.pedagogie.ac-nice.fr\/doc-azur\/wp-content\/uploads\/sites\/40\/2025\/06\/IA-generative-et-demarche-dintelligence-collective-final-300x169.jpg\" class=\"attachment-medium size-medium\" alt=\"IA g\u00e9n\u00e9rative et d\u00e9marche d\u2019intelligence collective\" srcset=\"https:\/\/www.pedagogie.ac-nice.fr\/doc-azur\/wp-content\/uploads\/sites\/40\/2025\/06\/IA-generative-et-demarche-dintelligence-collective-final-300x169.jpg 300w, https:\/\/www.pedagogie.ac-nice.fr\/doc-azur\/wp-content\/uploads\/sites\/40\/2025\/06\/IA-generative-et-demarche-dintelligence-collective-final-1024x576.jpg 1024w, https:\/\/www.pedagogie.ac-nice.fr\/doc-azur\/wp-content\/uploads\/sites\/40\/2025\/06\/IA-generative-et-demarche-dintelligence-collective-final-768x432.jpg 768w, https:\/\/www.pedagogie.ac-nice.fr\/doc-azur\/wp-content\/uploads\/sites\/40\/2025\/06\/IA-generative-et-demarche-dintelligence-collective-final-1536x864.jpg 1536w, https:\/\/www.pedagogie.ac-nice.fr\/doc-azur\/wp-content\/uploads\/sites\/40\/2025\/06\/IA-generative-et-demarche-dintelligence-collective-final.jpg 1920w\" sizes=\"auto, (max-width: 300px) 100vw, 300px\" \/><\/a><\/p>\n"},"caption":{"rendered":""},"alt_text":"IA g\u00e9n\u00e9rative et d\u00e9marche d\u2019intelligence collective","media_type":"image","mime_type":"image\/jpeg","media_details":{"width":1920,"height":1080,"file":"2025\/06\/IA-generative-et-demarche-dintelligence-collective-final.jpg","filesize":468704,"sizes":{"medium":{"file":"IA-generative-et-demarche-dintelligence-collective-final-300x169.jpg","width":300,"height":169,"filesize":17202,"mime_type":"image\/jpeg","source_url":"https:\/\/www.pedagogie.ac-nice.fr\/doc-azur\/wp-content\/uploads\/sites\/40\/2025\/06\/IA-generative-et-demarche-dintelligence-collective-final-300x169.jpg"},"large":{"file":"IA-generative-et-demarche-dintelligence-collective-final-1024x576.jpg","width":1024,"height":576,"filesize":114772,"mime_type":"image\/jpeg","source_url":"https:\/\/www.pedagogie.ac-nice.fr\/doc-azur\/wp-content\/uploads\/sites\/40\/2025\/06\/IA-generative-et-demarche-dintelligence-collective-final-1024x576.jpg"},"thumbnail":{"file":"IA-generative-et-demarche-dintelligence-collective-final-150x150.jpg","width":150,"height":150,"filesize":8618,"mime_type":"image\/jpeg","source_url":"https:\/\/www.pedagogie.ac-nice.fr\/doc-azur\/wp-content\/uploads\/sites\/40\/2025\/06\/IA-generative-et-demarche-dintelligence-collective-final-150x150.jpg"},"medium_large":{"file":"IA-generative-et-demarche-dintelligence-collective-final-768x432.jpg","width":768,"height":432,"filesize":75579,"mime_type":"image\/jpeg","source_url":"https:\/\/www.pedagogie.ac-nice.fr\/doc-azur\/wp-content\/uploads\/sites\/40\/2025\/06\/IA-generative-et-demarche-dintelligence-collective-final-768x432.jpg"},"1536x1536":{"file":"IA-generative-et-demarche-dintelligence-collective-final-1536x864.jpg","width":1536,"height":864,"filesize":198250,"mime_type":"image\/jpeg","source_url":"https:\/\/www.pedagogie.ac-nice.fr\/doc-azur\/wp-content\/uploads\/sites\/40\/2025\/06\/IA-generative-et-demarche-dintelligence-collective-final-1536x864.jpg"},"colormag-highlighted-post":{"file":"IA-generative-et-demarche-dintelligence-collective-final-392x272.jpg","width":392,"height":272,"filesize":30692,"mime_type":"image\/jpeg","source_url":"https:\/\/www.pedagogie.ac-nice.fr\/doc-azur\/wp-content\/uploads\/sites\/40\/2025\/06\/IA-generative-et-demarche-dintelligence-collective-final-392x272.jpg"},"colormag-featured-post-medium":{"file":"IA-generative-et-demarche-dintelligence-collective-final-390x205.jpg","width":390,"height":205,"filesize":25019,"mime_type":"image\/jpeg","source_url":"https:\/\/www.pedagogie.ac-nice.fr\/doc-azur\/wp-content\/uploads\/sites\/40\/2025\/06\/IA-generative-et-demarche-dintelligence-collective-final-390x205.jpg"},"colormag-featured-post-small":{"file":"IA-generative-et-demarche-dintelligence-collective-final-130x90.jpg","width":130,"height":90,"filesize":5305,"mime_type":"image\/jpeg","source_url":"https:\/\/www.pedagogie.ac-nice.fr\/doc-azur\/wp-content\/uploads\/sites\/40\/2025\/06\/IA-generative-et-demarche-dintelligence-collective-final-130x90.jpg"},"colormag-featured-image":{"file":"IA-generative-et-demarche-dintelligence-collective-final-800x445.jpg","width":800,"height":445,"filesize":79059,"mime_type":"image\/jpeg","source_url":"https:\/\/www.pedagogie.ac-nice.fr\/doc-azur\/wp-content\/uploads\/sites\/40\/2025\/06\/IA-generative-et-demarche-dintelligence-collective-final-800x445.jpg"},"colormag-default-news":{"file":"IA-generative-et-demarche-dintelligence-collective-final-150x150.jpg","width":150,"height":150,"filesize":8618,"mime_type":"image\/jpeg","source_url":"https:\/\/www.pedagogie.ac-nice.fr\/doc-azur\/wp-content\/uploads\/sites\/40\/2025\/06\/IA-generative-et-demarche-dintelligence-collective-final-150x150.jpg"},"colormag-featured-image-large":{"file":"IA-generative-et-demarche-dintelligence-collective-final-1400x600.jpg","width":1400,"height":600,"filesize":153247,"mime_type":"image\/jpeg","source_url":"https:\/\/www.pedagogie.ac-nice.fr\/doc-azur\/wp-content\/uploads\/sites\/40\/2025\/06\/IA-generative-et-demarche-dintelligence-collective-final-1400x600.jpg"},"advps-thumb-one":{"file":"IA-generative-et-demarche-dintelligence-collective-final-600x220.jpg","width":600,"height":220,"filesize":40966,"mime_type":"image\/jpeg","source_url":"https:\/\/www.pedagogie.ac-nice.fr\/doc-azur\/wp-content\/uploads\/sites\/40\/2025\/06\/IA-generative-et-demarche-dintelligence-collective-final-600x220.jpg"},"full":{"file":"IA-generative-et-demarche-dintelligence-collective-final.jpg","width":1920,"height":1080,"mime_type":"image\/jpeg","source_url":"https:\/\/www.pedagogie.ac-nice.fr\/doc-azur\/wp-content\/uploads\/sites\/40\/2025\/06\/IA-generative-et-demarche-dintelligence-collective-final.jpg"}},"image_meta":{"aperture":"0","credit":"","camera":"","caption":"","created_timestamp":"0","copyright":"","focal_length":"0","iso":"0","shutter_speed":"0","title":"","orientation":"0","keywords":[]}},"post":4899,"source_url":"https:\/\/www.pedagogie.ac-nice.fr\/doc-azur\/wp-content\/uploads\/sites\/40\/2025\/06\/IA-generative-et-demarche-dintelligence-collective-final.jpg","_links":{"self":[{"href":"https:\/\/www.pedagogie.ac-nice.fr\/doc-azur\/wp-json\/wp\/v2\/media\/5023","targetHints":{"allow":["GET"]}}],"collection":[{"href":"https:\/\/www.pedagogie.ac-nice.fr\/doc-azur\/wp-json\/wp\/v2\/media"}],"about":[{"href":"https:\/\/www.pedagogie.ac-nice.fr\/doc-azur\/wp-json\/wp\/v2\/types\/attachment"}],"author":[{"embeddable":true,"href":"https:\/\/www.pedagogie.ac-nice.fr\/doc-azur\/wp-json\/wp\/v2\/users\/276"}],"wp:attached-to":[{"embeddable":true,"post_type":"post","id":4899,"href":"https:\/\/www.pedagogie.ac-nice.fr\/doc-azur\/wp-json\/wp\/v2\/posts\/4899"}],"curies":[{"name":"wp","href":"https:\/\/api.w.org\/{rel}","templated":true}]}}

IA générative et démarche d’intelligence collective

<p class="attachment"><a href='https://www.pedagogie.ac-nice.fr/doc-azur/wp-content/uploads/sites/40/2025/06/IA-generative-et-demarche-dintelligence-collective-final.jpg'><img loading="lazy" decoding="async" width="300" height="169" src="https://www.pedagogie.ac-nice.fr/doc-azur/wp-content/uploads/sites/40/2025/06/IA-generative-et-demarche-dintelligence-collective-final-300x169.jpg" class="attachment-medium size-medium" alt="IA générative et démarche d’intelligence collective" srcset="https://www.pedagogie.ac-nice.fr/doc-azur/wp-content/uploads/sites/40/2025/06/IA-generative-et-demarche-dintelligence-collective-final-300x169.jpg 300w, https://www.pedagogie.ac-nice.fr/doc-azur/wp-content/uploads/sites/40/2025/06/IA-generative-et-demarche-dintelligence-collective-final-1024x576.jpg 1024w, https://www.pedagogie.ac-nice.fr/doc-azur/wp-content/uploads/sites/40/2025/06/IA-generative-et-demarche-dintelligence-collective-final-768x432.jpg 768w, https://www.pedagogie.ac-nice.fr/doc-azur/wp-content/uploads/sites/40/2025/06/IA-generative-et-demarche-dintelligence-collective-final-1536x864.jpg 1536w, https://www.pedagogie.ac-nice.fr/doc-azur/wp-content/uploads/sites/40/2025/06/IA-generative-et-demarche-dintelligence-collective-final.jpg 1920w" sizes="auto, (max-width: 300px) 100vw, 300px" /></a></p>
