{"id":36,"date":"2020-07-16T13:34:12","date_gmt":"2020-07-16T11:34:12","guid":{"rendered":"http:\/\/www.pedagogie.ac-nice.fr\/doc-azur\/?page_id=36"},"modified":"2020-11-11T18:59:06","modified_gmt":"2020-11-11T17:59:06","slug":"sinformer","status":"publish","type":"page","link":"https:\/\/www.pedagogie.ac-nice.fr\/doc-azur\/sinformer\/","title":{"rendered":"3. S&rsquo;INFORMER"},"content":{"rendered":"<table style=\"width: 100%;\" width=\"100%\" cellspacing=\"0\" cellpadding=\"4\">\n<tbody>\n<tr valign=\"top\">\n<td style=\"border-color: #000000 currentcolor #000000 #000000; border-style: solid none solid solid; border-width: 1px medium 1px 1px; padding: 0.1cm 0cm 0.1cm 0.1cm; width: 14%;\" width=\"14%\"><span style=\"font-size: 10pt;\"><img loading=\"lazy\" decoding=\"async\" class=\"alignnone\" src=\"https:\/\/www.pedagogie.ac-nice.fr\/doc-azur\/wp-content\/uploads\/sites\/40\/2020\/07\/LogoInspection.jpg\" width=\"109\" height=\"61\" name=\"Image1\" align=\"left\" border=\"0\" \/><\/span><\/p>\n<p>* <span style=\"font-size: 10pt;\"><a href=\"https:\/\/www.pedagogie.ac-nice.fr\/doc-azur\/2018\/11\/11\/courriers-de-linspection\/\">Courriers de l&rsquo;inspection<\/a><br \/>\n<\/span><\/p>\n<p>&nbsp;<\/p>\n<p><span style=\"font-size: 10pt;\">* <a href=\"https:\/\/www.pedagogie.ac-nice.fr\/doc-azur\/2018\/11\/11\/lettres-de-rentree\/\">Lettres de rentr\u00e9e<\/a><br \/>\n<\/span><\/p>\n<p>&nbsp;<\/p>\n<p><span style=\"font-size: 10pt;\">* Th\u00e8mes de travail annuels<br \/>\n<\/span><\/p>\n<p>&nbsp;<\/p>\n<p><span style=\"font-size: 10pt;\">* <a href=\"https:\/\/www.education.gouv.fr\/sites\/default\/files\/2020-07\/guide-du-rendez-vous-de-carri-re-des-personnels-enseignants-d-ducation-et-psychologues-de-l-ducation-nationale-48144.pdf\">Rendez-vous de carri\u00e8re<\/a><br \/>\n<\/span><\/p>\n<p>&nbsp;<\/p>\n<p><span style=\"font-size: 10pt;\">* Travailler avec les autres acteurs de la vie scolaire<br \/>\n<\/span><\/td>\n<td style=\"border-color: #000000 currentcolor #000000 #000000; border-style: solid none solid solid; border-width: 1px medium 1px 1px; padding: 0.1cm 0cm 0.1cm 0.1cm; width: 14%;\" width=\"14%\"><span style=\"font-size: 10pt;\"><img loading=\"lazy\" decoding=\"async\" class=\"alignleft\" src=\"https:\/\/www.pedagogie.ac-nice.fr\/doc-azur\/wp-content\/uploads\/sites\/40\/2020\/07\/LogoCadreOfficiel.jpg\" width=\"107\" height=\"71\" name=\"Image2\" align=\"left\" border=\"0\" \/><\/span><\/p>\n<p><span style=\"font-size: 10pt;\">* <a href=\"http:\/\/www.pedagogie.ac-nice.fr\/doc-azur\/2020\/07\/22\/circulaire-de-mission\/\">La circulaire de mission<\/a><br \/>\n<\/span><\/p>\n<p>&nbsp;<\/p>\n<p><span style=\"font-size: 10pt;\">* <a href=\"http:\/\/www.pedagogie.ac-nice.fr\/doc-azur\/2020\/07\/22\/referentiel-enseignant\/\">Le r\u00e9f\u00e9rentiel de l&rsquo;enseignant<\/a><br \/>\n<\/span><\/p>\n<p>&nbsp;<\/p>\n<p><span style=\"font-size: 10pt;\">* <a href=\"https:\/\/www.education.gouv.fr\/le-bulletin-officiel-de-l-education-nationale-89558\">Bulletin Officiel de l&rsquo;Education Nationale BOEN<\/a><br \/>\n<\/span><\/p>\n<p>&nbsp;<\/p>\n<p><span style=\"font-size: 10pt;\">* <a href=\"https:\/\/eduscol.education.fr\/\">Eduscol<\/a><\/span><\/p>\n<p>&nbsp;<\/p>\n<p>&nbsp;<\/p>\n<p>&nbsp;<\/td>\n<td style=\"border-color: #000000 currentcolor #000000 #000000; border-style: solid none solid solid; border-width: 1px medium 1px 1px; padding: 0.1cm 0cm 0.1cm 0.1cm; width: 14%;\" width=\"14%\"><span style=\"font-size: 10pt;\"><img loading=\"lazy\" decoding=\"async\" class=\"\" src=\"https:\/\/www.pedagogie.ac-nice.fr\/doc-azur\/wp-content\/uploads\/sites\/40\/2020\/07\/LogoAcademie.jpg\" width=\"107\" height=\"71\" name=\"Image3\" align=\"left\" border=\"0\" \/><\/span><\/p>\n<p>* <span style=\"font-size: 10pt;\"><a href=\"http:\/\/www.pedagogie.ac-nice.fr\/doc-azur\/2020\/07\/22\/priorites-academiques\/\">Les priorit\u00e9s acad\u00e9miques<\/a><br \/>\n<\/span><\/p>\n<p>&nbsp;<\/p>\n<p><span style=\"font-size: 10pt;\">* <a href=\"http:\/\/cache.media.education.gouv.fr\/file\/Academie\/87\/4\/ORGANIGRAMME-janvier2020_1224874.pdf\">Organigramme de l&rsquo;acad\u00e9mie<\/a><br \/>\n<\/span><\/p>\n<p>&nbsp;<\/p>\n<p><span style=\"font-size: 10pt;\">* Les personnes-ressources en Documentation<br \/>\n<\/span><\/p>\n<p>&nbsp;<\/p>\n<p><span style=\"font-size: 10pt;\">* Les professeurs-documentalistes de l&rsquo;acad\u00e9mie<\/span><\/td>\n<td style=\"border-color: #000000 currentcolor #000000 #000000; border-style: solid none solid solid; border-width: 1px medium 1px 1px; padding: 0.1cm 0cm 0.1cm 0.1cm; width: 14%;\" width=\"14%\"><span style=\"font-size: 10pt;\"><img loading=\"lazy\" decoding=\"async\" class=\"\" src=\"https:\/\/www.pedagogie.ac-nice.fr\/doc-azur\/wp-content\/uploads\/sites\/40\/2020\/07\/LogoActualites.jpg\" width=\"110\" height=\"73\" name=\"Image4\" align=\"left\" border=\"0\" \/><\/span><\/p>\n<p>* <span style=\"font-size: 10pt;\">Prof-doc Caf\u00e9<br \/>\n<\/span><\/p>\n<p>&nbsp;<\/p>\n<p><span style=\"font-size: 10pt;\">* <a href=\"http:\/\/www.pedagogie.ac-nice.fr\/doc-azur\/2020\/07\/23\/politique-artistique-et-culturelle\/\">Artistiques et Culturelles<\/a><br \/>\n<\/span><\/p>\n<p>&nbsp;<\/p>\n<p><span style=\"font-size: 10pt;\">* <a href=\"https:\/\/eduscol.education.fr\/cdi\/edunum\">Lettre Edu&rsquo;Num Documentation<\/a><\/span><\/p>\n<p>&nbsp;<\/p>\n<p><span style=\"font-size: 10pt;\">* <a href=\"http:\/\/www.pedagogie.ac-nice.fr\/doc-azur\/2020\/07\/22\/revue-de-presse-professionnelle\/\">Revue de presse professionnelle<\/a><\/span><\/p>\n<p>&nbsp;<\/p>\n<p><span style=\"font-size: 10pt;\">* <a href=\"http:\/\/www.pedagogie.ac-nice.fr\/doc-azur\/2020\/07\/22\/perspectives\/\">Perspectives du m\u00e9tier<\/a><\/span><\/td>\n<td style=\"border-color: #000000 currentcolor #000000 #000000; border-style: solid none solid solid; border-width: 1px medium 1px 1px; padding: 0.1cm 0cm 0.1cm 0.1cm; width: 14%;\" width=\"14%\"><span style=\"font-size: 10pt;\"><img loading=\"lazy\" decoding=\"async\" class=\"\" src=\"https:\/\/www.pedagogie.ac-nice.fr\/doc-azur\/wp-content\/uploads\/sites\/40\/2020\/07\/LogoInnovation.jpg\" width=\"110\" height=\"73\" name=\"Image5\" align=\"left\" border=\"0\" \/><\/span><\/p>\n<p>*<span style=\"font-size: 10pt;\"><a href=\"https:\/\/www.pedagogie.ac-nice.fr\/cardie\/\"> C.A.R.D.I.E. Acad\u00e9mie de Nice Cellule Acad\u00e9mique Recherche D\u00e9veloppement pour l&rsquo;Innovation et l&rsquo;Exp\u00e9rimentation<\/a><br \/>\n<\/span><\/p>\n<p>&nbsp;<\/p>\n<p><span style=\"font-size: 10pt;\">* <a href=\"https:\/\/innovatheque-pub.education.gouv.fr\/innovatheque\/accueil\">Innovath\u00e8que<\/a><br \/>\n<\/span><\/p>\n<p>&nbsp;<\/p>\n<p><span style=\"font-size: 10pt;\">* <a href=\"http:\/\/www.pedagogie.ac-nice.fr\/doc-azur\/2020\/07\/22\/dans-les-autres-academies\/\">Dans les autres acad\u00e9mies en Documentation<\/a><br \/>\n<\/span><\/p>\n<p>&nbsp;<\/p>\n<p><span style=\"font-size: 10pt;\">\u00a0<\/span><\/p>\n<p>&nbsp;<\/td>\n<td style=\"border-color: #000000 currentcolor #000000 #000000; border-style: solid none solid solid; border-width: 1px medium 1px 1px; padding: 0.1cm 0cm 0.1cm 0.1cm; width: 14%;\" width=\"14%\"><span style=\"font-size: 12pt;\"><img loading=\"lazy\" decoding=\"async\" class=\"\" src=\"https:\/\/www.pedagogie.ac-nice.fr\/doc-azur\/wp-content\/uploads\/sites\/40\/2020\/07\/LogoJuridique.jpg\" width=\"109\" height=\"73\" name=\"Image6\" align=\"left\" border=\"0\" \/><\/span><\/p>\n<p><span style=\"font-size: 10pt;\">* <a href=\"http:\/\/www.pedagogie.ac-nice.fr\/doc-azur\/2020\/07\/22\/droits-dauteur-droits-de-copie\/\">Droits d&rsquo;auteur &amp; Droits de copie<\/a><br \/>\n<\/span><\/p>\n<p>&nbsp;<\/p>\n<p><span style=\"font-size: 10pt;\">* <a href=\"https:\/\/www.pedagogie.ac-nice.fr\/doc-azur\/2020\/07\/22\/droits-a-limage-propriete-intellectuelle\/\">Droits \u00e0 l&rsquo;image &amp; Propri\u00e9t\u00e9 intellectuelle<\/a><\/span><\/p>\n<p>&nbsp;<\/p>\n<p><span style=\"font-size: 10pt;\">\u00a0<\/span><\/p>\n<p>&nbsp;<\/td>\n<td style=\"border: 1px solid #000000; padding: 0.1cm; width: 14%;\" width=\"14%\"><span style=\"font-size: 10pt;\"><img loading=\"lazy\" decoding=\"async\" class=\"\" src=\"https:\/\/www.pedagogie.ac-nice.fr\/doc-azur\/wp-content\/uploads\/sites\/40\/2020\/07\/LogoCitoyennete.jpg\" width=\"102\" height=\"102\" name=\"Image7\" align=\"left\" border=\"0\" \/><\/span><\/p>\n<p><span style=\"font-size: 10pt;\">* <a href=\"http:\/\/www.pedagogie.ac-nice.fr\/doc-azur\/2020\/07\/22\/sengager-et-collaborer\/\">S&rsquo;engager et collaborer<\/a><br \/>\n<\/span><\/p>\n<p>&nbsp;<\/p>\n<p><span style=\"font-size: 10pt;\">* Parit\u00e9 Filles-Gar\u00e7ons<br \/>\n<\/span><\/p>\n<p>&nbsp;<\/p>\n<p><span style=\"font-size: 10pt;\">* <sup><a href=\"https:\/\/canope.ac-amiens.fr\/edd\/\/\"><span style=\"font-size: 10pt;\">Education au D\u00e9veloppement Durable<\/span><\/a><br \/>\n<\/sup><\/span><\/p>\n<p>&nbsp;<\/p>\n<p><span style=\"font-size: 10pt;\">* <a href=\"https:\/\/www.etwinning.fr\/\">Citoyennet\u00e9 europ\u00e9enne E-Twinning<\/a><\/span><\/p>\n<p><span style=\"font-size: 10pt;\">\u00a0<\/span><\/td>\n<\/tr>\n<\/tbody>\n<\/table>\n<p>&nbsp;<\/p>\n","protected":false},"excerpt":{"rendered":"<p>* Courriers de l&rsquo;inspection &nbsp; * Lettres de rentr\u00e9e &nbsp; * Th\u00e8mes de travail annuels &nbsp; * Rendez-vous de carri\u00e8re &nbsp; * Travailler avec les autres acteurs de la vie scolaire * La circulaire de mission &nbsp; * Le r\u00e9f\u00e9rentiel de l&rsquo;enseignant &nbsp; * Bulletin Officiel de l&rsquo;Education Nationale BOEN [&hellip;]<\/p>\n","protected":false},"author":237,"featured_media":0,"parent":0,"menu_order":0,"comment_status":"closed","ping_status":"closed","template":"","meta":{"ngg_post_thumbnail":0,"footnotes":""},"class_list":["post-36","page","type-page","status-publish","hentry"],"rttpg_featured_image_url":null,"rttpg_author":{"display_name":"docazur","author_link":"https:\/\/www.pedagogie.ac-nice.fr\/doc-azur\/author\/docazur\/"},"rttpg_comment":0,"rttpg_category":null,"rttpg_excerpt":"* Courriers de l&rsquo;inspection &nbsp; * Lettres de rentr\u00e9e &nbsp; * Th\u00e8mes de travail annuels &nbsp; * Rendez-vous de carri\u00e8re &nbsp; * Travailler avec les autres acteurs de la vie scolaire * La circulaire de mission &nbsp; * Le r\u00e9f\u00e9rentiel de l&rsquo;enseignant &nbsp; * Bulletin Officiel de l&rsquo;Education Nationale BOEN [&hellip;]","post_mailing_queue_ids":[],"_links":{"self":[{"href":"https:\/\/www.pedagogie.ac-nice.fr\/doc-azur\/wp-json\/wp\/v2\/pages\/36","targetHints":{"allow":["GET"]}}],"collection":[{"href":"https:\/\/www.pedagogie.ac-nice.fr\/doc-azur\/wp-json\/wp\/v2\/pages"}],"about":[{"href":"https:\/\/www.pedagogie.ac-nice.fr\/doc-azur\/wp-json\/wp\/v2\/types\/page"}],"author":[{"embeddable":true,"href":"https:\/\/www.pedagogie.ac-nice.fr\/doc-azur\/wp-json\/wp\/v2\/users\/237"}],"replies":[{"embeddable":true,"href":"https:\/\/www.pedagogie.ac-nice.fr\/doc-azur\/wp-json\/wp\/v2\/comments?post=36"}],"version-history":[{"count":22,"href":"https:\/\/www.pedagogie.ac-nice.fr\/doc-azur\/wp-json\/wp\/v2\/pages\/36\/revisions"}],"predecessor-version":[{"id":1799,"href":"https:\/\/www.pedagogie.ac-nice.fr\/doc-azur\/wp-json\/wp\/v2\/pages\/36\/revisions\/1799"}],"wp:attachment":[{"href":"https:\/\/www.pedagogie.ac-nice.fr\/doc-azur\/wp-json\/wp\/v2\/media?parent=36"}],"curies":[{"name":"wp","href":"https:\/\/api.w.org\/{rel}","templated":true}]}}