{"id":42,"date":"2020-07-16T13:34:52","date_gmt":"2020-07-16T11:34:52","guid":{"rendered":"http:\/\/www.pedagogie.ac-nice.fr\/doc-azur\/?page_id=42"},"modified":"2020-07-28T15:24:12","modified_gmt":"2020-07-28T13:24:12","slug":"lire-et-ecrire","status":"publish","type":"page","link":"https:\/\/www.pedagogie.ac-nice.fr\/doc-azur\/lire-et-ecrire\/","title":{"rendered":"6. LIRE ET ECRIRE"},"content":{"rendered":"<table style=\"width: 100%;\" width=\"100%\" cellspacing=\"0\" cellpadding=\"4\">\n<tbody>\n<tr valign=\"top\">\n<td style=\"border-color: #000000 currentcolor #000000 #000000; border-style: solid none solid solid; border-width: 1px medium 1px 1px; padding: 0.1cm 0cm 0.1cm 0.1cm; width: 14%;\" width=\"14%\"><span style=\"font-size: 10pt;\"><img loading=\"lazy\" decoding=\"async\" class=\"alignnone\" src=\"https:\/\/www.pedagogie.ac-nice.fr\/doc-azur\/wp-content\/uploads\/sites\/40\/2020\/07\/LectureEcritureLogo.jpg\" width=\"109\" height=\"61\" name=\"Image1\" align=\"left\" border=\"0\" \/><\/span><\/p>\n<p>* <span style=\"font-size: 10pt;\"><a href=\"http:\/\/www.pedagogie.ac-nice.fr\/doc-azur\/2020\/07\/28\/seances-lecture-ecriture\/\">S\u00e9ances<\/a><br \/>\n<\/span><\/p>\n<p>&nbsp;<\/p>\n<p><span style=\"font-size: 10pt;\">* <a href=\"https:\/\/www.pedagogie.ac-nice.fr\/doc-azur\/2020\/07\/28\/actions-en-faveur-de-la-lecture-et-de-lecriture\/\">Actions<\/a><\/span><\/p>\n<p>&nbsp;<\/p>\n<p><span style=\"font-size: 10pt;\">* <a href=\"http:\/\/www.pedagogie.ac-nice.fr\/doc-azur\/2020\/07\/28\/prix-et-concours\/\">Prix et concours<\/a><br \/>\n<\/span><\/td>\n<td style=\"border-color: #000000 currentcolor #000000 #000000; border-style: solid none solid solid; border-width: 1px medium 1px 1px; padding: 0.1cm 0cm 0.1cm 0.1cm; width: 14%;\" width=\"14%\"><span style=\"font-size: 10pt;\"><img loading=\"lazy\" decoding=\"async\" class=\"alignleft\" src=\"https:\/\/www.pedagogie.ac-nice.fr\/doc-azur\/wp-content\/uploads\/sites\/40\/2020\/07\/QuartHeureLogo.jpg\" width=\"107\" height=\"71\" name=\"Image2\" align=\"left\" border=\"0\" \/><\/span><\/p>\n<p><span style=\"font-size: 10pt;\">* <a href=\"https:\/\/www.education.gouv.fr\/mobilisation-en-faveur-du-livre-et-de-la-lecture-7205\">Le dispositif et autres actions<\/a><br \/>\n<\/span><\/p>\n<p>&nbsp;<\/p>\n<p><span style=\"font-size: 10pt;\">* <a href=\"https:\/\/www.pedagogie.ac-nice.fr\/doc-azur\/2020\/07\/28\/retour-dexperiences-sur-le-quart-dheure-de-lecture\/\">Retour d&rsquo;exp\u00e9riences<\/a><\/span><\/td>\n<td style=\"border-color: #000000 currentcolor #000000 #000000; border-style: solid none solid solid; border-width: 1px medium 1px 1px; padding: 0.1cm 0cm 0.1cm 0.1cm; width: 14%;\" width=\"14%\"><span style=\"font-size: 10pt;\"><img loading=\"lazy\" decoding=\"async\" class=\"\" src=\"https:\/\/www.pedagogie.ac-nice.fr\/doc-azur\/wp-content\/uploads\/sites\/40\/2020\/07\/AuteurLogo.jpg\" width=\"107\" height=\"71\" name=\"Image3\" align=\"left\" border=\"0\" \/><\/span><\/p>\n<p>* <span style=\"font-size: 10pt;\"><a href=\"http:\/\/www.pedagogie.ac-nice.fr\/doc-azur\/2020\/07\/28\/preparer-une-venue\/\">Pr\u00e9parer une venue<\/a><br \/>\n<\/span><\/p>\n<p>&nbsp;<\/p>\n<p><span style=\"font-size: 10pt;\">* <a href=\"http:\/\/www.cercle-des-auteurs.fr\/\">Cercle des auteurs<\/a><\/span><\/td>\n<td style=\"border-color: #000000 currentcolor #000000 #000000; border-style: solid none solid solid; border-width: 1px medium 1px 1px; padding: 0.1cm 0cm 0.1cm 0.1cm; width: 14%;\" width=\"14%\"><span style=\"font-size: 10pt;\"><img loading=\"lazy\" decoding=\"async\" class=\"\" src=\"https:\/\/www.pedagogie.ac-nice.fr\/doc-azur\/wp-content\/uploads\/sites\/40\/2020\/07\/PartenairesLogo.jpg\" width=\"110\" height=\"73\" name=\"Image4\" align=\"left\" border=\"0\" \/><\/span><\/p>\n<p>* <span style=\"font-size: 10pt;\"><a href=\"https:\/\/www.pedagogie.ac-nice.fr\/doc-azur\/2020\/07\/28\/partenariat-bibliotheques-mediatheques\/\">M\u00e9diath\u00e8ques<\/a><br \/>\n<\/span><\/p>\n<p>&nbsp;<\/p>\n<p><span style=\"font-size: 10pt;\">* <a href=\"http:\/\/www.pedagogie.ac-nice.fr\/doc-azur\/2020\/07\/28\/partenariat-librairies\/\">Librairies<\/a><\/span><\/p>\n<p>&nbsp;<\/p>\n<p><span style=\"font-size: 10pt;\">* <a href=\"http:\/\/www.pedagogie.ac-nice.fr\/doc-azur\/2020\/07\/28\/annuaires-des-partenaires-des-cdi\/\">Annuaires<\/a><\/span><\/td>\n<td style=\"border-color: #000000 currentcolor #000000 #000000; border-style: solid none solid solid; border-width: 1px medium 1px 1px; padding: 0.1cm 0cm 0.1cm 0.1cm; width: 14%;\" width=\"14%\"><span style=\"font-size: 10pt;\"><img loading=\"lazy\" decoding=\"async\" class=\"\" src=\"https:\/\/www.pedagogie.ac-nice.fr\/doc-azur\/wp-content\/uploads\/sites\/40\/2020\/07\/EditeursLogo.jpg\" width=\"110\" height=\"73\" name=\"Image5\" align=\"left\" border=\"0\" \/><\/span><\/p>\n<p>*<a href=\"http:\/\/www.deslivrespourlajeunesse.fr\/Editeurs\"><span style=\"font-size: 10pt;\"> \u00c9diteurs Jeunesse<\/span><\/a><span style=\"font-size: 10pt;\"><br \/>\n<\/span><\/p>\n<p>&nbsp;<\/p>\n<p><span style=\"font-size: 10pt;\">* <a href=\"https:\/\/outilstice.com\/2020\/03\/tous-les-manuels-scolaires-disponibles-gratuitement-en-ligne-pendant-la-fermeture-des-ecoles\/\">\u00c9diteurs manuels scolaires<\/a><br \/>\n<\/span><\/p>\n<p>&nbsp;<\/td>\n<td style=\"border-color: #000000 currentcolor #000000 #000000; border-style: solid none solid solid; border-width: 1px medium 1px 1px; padding: 0.1cm 0cm 0.1cm 0.1cm; width: 14%;\" width=\"14%\"><span style=\"font-size: 12pt;\"><img loading=\"lazy\" decoding=\"async\" class=\"\" src=\"https:\/\/www.pedagogie.ac-nice.fr\/doc-azur\/wp-content\/uploads\/sites\/40\/2020\/07\/ClubCDI.jpg\" width=\"109\" height=\"73\" name=\"Image6\" align=\"left\" border=\"0\" \/><\/span><\/p>\n<p><span style=\"font-size: 10pt;\">* <a href=\"http:\/\/www.pedagogie.ac-nice.fr\/doc-azur\/2020\/07\/28\/club-lecture\/\">Club Lecture<\/a><br \/>\n<\/span><\/p>\n<p>&nbsp;<\/p>\n<p><span style=\"font-size: 10pt;\">* <a href=\"http:\/\/www.pedagogie.ac-nice.fr\/doc-azur\/2020\/07\/28\/club-ecriture-calligraphie\/\">Club \u00c9criture Calligraphie<\/a><\/span><\/p>\n<p>&nbsp;<\/p>\n<p><span style=\"font-size: 10pt;\">* <a href=\"http:\/\/www.pedagogie.ac-nice.fr\/doc-azur\/2020\/07\/28\/sieste-litteraire-bibliotherapie\/\">Sieste litt\u00e9raire &amp; Biblioth\u00e9rapie<\/a><\/span><\/td>\n<td style=\"border: 1px solid #000000; padding: 0.1cm; width: 14%;\" width=\"14%\"><span style=\"font-size: 10pt;\"><img loading=\"lazy\" decoding=\"async\" class=\"\" src=\"https:\/\/www.pedagogie.ac-nice.fr\/doc-azur\/wp-content\/uploads\/sites\/40\/2020\/07\/ContributionsLogo.jpg\" width=\"102\" height=\"102\" name=\"Image7\" align=\"left\" border=\"0\" \/><\/span><\/p>\n<p><span style=\"font-size: 10pt;\">* <a href=\"https:\/\/annuel2.framapad.org\/p\/swtl9rstfe-9i2d?lang=fr\">Les coups de c\u0153urs fictions<\/a><br \/>\n<\/span><\/p>\n<p>&nbsp;<\/p>\n<p><span style=\"font-size: 10pt;\">* <a href=\"https:\/\/annuel2.framapad.org\/p\/k03ewz1i95-9i2d?lang=fr\">Les coups de c\u0153urs documentaires<\/a><\/span><\/p>\n<p>&nbsp;<\/p>\n<p><span style=\"font-size: 10pt;\">(Ces listes sont indicatives &#8211; il convient \u00e0 chaque professeur de d\u00e9terminer de la pertinence de l&rsquo;acquisition d&rsquo;une \u0153uvre dans son CDI)<\/span><\/td>\n<\/tr>\n<\/tbody>\n<\/table>\n<p>&nbsp;<\/p>\n","protected":false},"excerpt":{"rendered":"<p>* S\u00e9ances &nbsp; * Actions &nbsp; * Prix et concours * Le dispositif et autres actions &nbsp; * Retour d&rsquo;exp\u00e9riences * Pr\u00e9parer une venue &nbsp; * Cercle des auteurs * M\u00e9diath\u00e8ques &nbsp; * Librairies &nbsp; * Annuaires * \u00c9diteurs Jeunesse &nbsp; * \u00c9diteurs manuels scolaires &nbsp; * Club Lecture &nbsp; [&hellip;]<\/p>\n","protected":false},"author":237,"featured_media":0,"parent":0,"menu_order":0,"comment_status":"closed","ping_status":"closed","template":"","meta":{"ngg_post_thumbnail":0,"footnotes":""},"class_list":["post-42","page","type-page","status-publish","hentry"],"rttpg_featured_image_url":null,"rttpg_author":{"display_name":"docazur","author_link":"https:\/\/www.pedagogie.ac-nice.fr\/doc-azur\/author\/docazur\/"},"rttpg_comment":0,"rttpg_category":null,"rttpg_excerpt":"* S\u00e9ances &nbsp; * Actions &nbsp; * Prix et concours * Le dispositif et autres actions &nbsp; * Retour d&rsquo;exp\u00e9riences * Pr\u00e9parer une venue &nbsp; * Cercle des auteurs * M\u00e9diath\u00e8ques &nbsp; * Librairies &nbsp; * Annuaires * \u00c9diteurs Jeunesse &nbsp; * \u00c9diteurs manuels scolaires &nbsp; * Club Lecture &nbsp; [&hellip;]","post_mailing_queue_ids":[],"_links":{"self":[{"href":"https:\/\/www.pedagogie.ac-nice.fr\/doc-azur\/wp-json\/wp\/v2\/pages\/42","targetHints":{"allow":["GET"]}}],"collection":[{"href":"https:\/\/www.pedagogie.ac-nice.fr\/doc-azur\/wp-json\/wp\/v2\/pages"}],"about":[{"href":"https:\/\/www.pedagogie.ac-nice.fr\/doc-azur\/wp-json\/wp\/v2\/types\/page"}],"author":[{"embeddable":true,"href":"https:\/\/www.pedagogie.ac-nice.fr\/doc-azur\/wp-json\/wp\/v2\/users\/237"}],"replies":[{"embeddable":true,"href":"https:\/\/www.pedagogie.ac-nice.fr\/doc-azur\/wp-json\/wp\/v2\/comments?post=42"}],"version-history":[{"count":22,"href":"https:\/\/www.pedagogie.ac-nice.fr\/doc-azur\/wp-json\/wp\/v2\/pages\/42\/revisions"}],"predecessor-version":[{"id":1446,"href":"https:\/\/www.pedagogie.ac-nice.fr\/doc-azur\/wp-json\/wp\/v2\/pages\/42\/revisions\/1446"}],"wp:attachment":[{"href":"https:\/\/www.pedagogie.ac-nice.fr\/doc-azur\/wp-json\/wp\/v2\/media?parent=42"}],"curies":[{"name":"wp","href":"https:\/\/api.w.org\/{rel}","templated":true}]}}