{"id":306,"date":"2025-09-16T18:22:43","date_gmt":"2025-09-16T16:22:43","guid":{"rendered":"https:\/\/www.pedagogie.ac-nice.fr\/drane-test\/?page_id=306"},"modified":"2026-03-31T15:12:57","modified_gmt":"2026-03-31T13:12:57","slug":"la-gazette-connectee","status":"publish","type":"page","link":"https:\/\/www.pedagogie.ac-nice.fr\/drane\/la-gazette-connectee\/","title":{"rendered":"La gazette connect\u00e9e"},"content":{"rendered":"\n<figure class=\"wp-block-image\" id=\"block-c47684f0-7b94-4468-83ef-1de4adc046eb\"><img decoding=\"async\" src=\"https:\/\/www.pedagogie.ac-nice.fr\/drane-test\/wp-content\/uploads\/sites\/69\/2025\/09\/Gazette-1024x180.png\" alt=\"L\u2019attribut alt de cette image est vide, son nom de fichier est Gazette-1024x180.png.\"\/><\/figure>\n\n\n\n<p id=\"block-e1714c22-4dfb-433f-964a-567752fd714a\">Bienvenue dans la gazette connect\u00e9e, votre rendez-vous incontournable propos\u00e9 par la DRANE pour explorer les innovations et les pratiques num\u00e9riques \u00e9ducatives au sein de l&rsquo;Acad\u00e9mie de Nice.<\/p>\n\n\n\n<p>Parce qu&rsquo;elle vous propose tous les deux mois un concentr\u00e9 d&rsquo;infos s\u00e9lectionn\u00e9es avec soin pour r\u00e9pondre \u00e0 vos besoins et d\u00e9fis du quotidien. En quelques pages, acc\u00e9dez \u00e0 un panorama des tendances num\u00e9riques pour enrichir vos pratiques p\u00e9dagogiques.<\/p>\n\n\n\n<p>Visualiser ou t\u00e9l\u00e9charger <strong>la nouvelle gazette<\/strong> ci-dessous :<\/p>\n\n\n\n<div class=\"wp-block-columns is-layout-flex wp-container-core-columns-is-layout-9d6595d7 wp-block-columns-is-layout-flex\">\n<div class=\"wp-block-column is-layout-flow wp-block-column-is-layout-flow\" style=\"flex-basis:100%\">\n<div class=\"wp-block-group\"><div class=\"wp-block-group__inner-container is-layout-constrained wp-block-group-is-layout-constrained\"><a href=\"https:\/\/www.pedagogie.ac-nice.fr\/drane\/wp-content\/uploads\/sites\/69\/2026\/03\/Gazette-2025-2026-Mars-Avril-1.pdf\" class=\"pdfemb-viewer\" style=\"\" data-width=\"max\" data-height=\"max\" data-toolbar=\"bottom\" data-toolbar-fixed=\"off\">Gazette-2025-2026-Mars-Avril-1<\/a><\/div><\/div>\n<\/div>\n<\/div>\n\n\n\n<p>T\u00e9l\u00e9charger la gazette: <a href=\"http:\/\/www.pedagogie.ac-nice.fr\/drane\/wp-content\/uploads\/sites\/69\/2026\/03\/Gazette-2025-2026-Mars-Avril-1.pdf\">Gazette 2025-2026  Mars-Avril<\/a><\/p>\n\n\n\n<h3 class=\"wp-block-heading has-text-align-center has-white-color has-text-color has-background has-link-color wp-elements-cce1eeb5c5599d6b678026bc1d10e03c\" id=\"block-23445091-62c2-4644-81e7-77669b86f226\" style=\"background-color:#2a2878\">Vous pouvez t\u00e9l\u00e9charger les versions pr\u00e9c\u00e9dentes de la gazette connect\u00e9e ci-dessous<\/h3>\n\n\n\n<p><object data=\"http:\/\/www.pedagogie.ac-nice.fr\/drane-test\/wp-content\/uploads\/sites\/69\/2025\/09\/Gazette_Connectee_11.pdf\" type=\"application\/pdf\"><\/object><\/p>\n\n\n\n<h4 class=\"wp-block-heading has-white-color has-text-color has-background has-link-color wp-elements-1b79fdca4d52c578f1d3810941379e8f\" style=\"background-color:#7d6eb7\">Ann\u00e9e scolaire 2025-2026<\/h4>\n\n\n\n<div class=\"wp-block-buttons is-layout-flex wp-block-buttons-is-layout-flex\">\n<div class=\"wp-block-button\"><a class=\"wp-block-button__link has-background wp-element-button\" href=\"http:\/\/www.pedagogie.ac-nice.fr\/drane\/wp-content\/uploads\/sites\/69\/2026\/03\/Gazette-2025-2026-Mars-Avril-1.pdf\" style=\"background-color:#02aa38\">GC N\u00b09 Mars Avr 26<\/a><\/div>\n\n\n\n<div class=\"wp-block-button\"><a class=\"wp-block-button__link has-background wp-element-button\" href=\"http:\/\/www.pedagogie.ac-nice.fr\/drane\/wp-content\/uploads\/sites\/69\/2026\/03\/Gazette-2025-2026-Jan-Fev.pdf\" style=\"background-color:#66206e\" target=\"_blank\" rel=\"noreferrer noopener\">GC N\u00b08 Jan Fev 2026  <\/a><\/div>\n\n\n\n<div class=\"wp-block-button\"><a class=\"wp-block-button__link has-background wp-element-button\" href=\"http:\/\/www.pedagogie.ac-nice.fr\/drane\/wp-content\/uploads\/sites\/69\/2026\/03\/7_Gazette_2025Nov-Dec.pdf\" style=\"background-color:#66206e\" target=\"_blank\" rel=\"noreferrer noopener\">GC N\u00b07 Nov Dec 2025 <\/a><\/div>\n\n\n\n<div class=\"wp-block-button\"><a class=\"wp-block-button__link has-background wp-element-button\" href=\"http:\/\/www.pedagogie.ac-nice.fr\/drane\/wp-content\/uploads\/sites\/69\/2026\/03\/Gazette-2025-2026-Jan-Fev.pdf\" style=\"background-color:#66206e\">GC N\u00b06 Sept Oct 2025<\/a><\/div>\n\n\n\n<div class=\"wp-block-button\"><a class=\"wp-block-button__link has-background wp-element-button\" href=\"http:\/\/www.pedagogie.ac-nice.fr\/drane-test\/wp-content\/uploads\/sites\/69\/2025\/09\/Gazette_Numero_special_rentree.pdf\" style=\"background-color:#66206e\" target=\"_blank\" rel=\"noreferrer noopener nofollow\">GC Sp\u00e9c Rentr\u00e9e 25<\/a><\/div>\n<\/div>\n\n\n\n<h4 class=\"wp-block-heading has-white-color has-text-color has-background has-link-color wp-elements-ead38a3c1de9b3b52286a199c784275a\" style=\"background-color:#7d6eb7\">Ann\u00e9e scolaire 2024-2025<\/h4>\n\n\n\n<div class=\"wp-block-buttons is-layout-flex wp-block-buttons-is-layout-flex\">\n<div class=\"wp-block-button is-style-fill\"><a class=\"wp-block-button__link has-background wp-element-button\" href=\"http:\/\/www.pedagogie.ac-nice.fr\/drane-test\/wp-content\/uploads\/sites\/69\/2025\/09\/Gazette_Connectee_11.pdf\" style=\"background-color:#66206e\" target=\"_blank\" rel=\"noreferrer noopener nofollow\">GC N\u00b01 Sept Oct 2024<\/a><\/div>\n\n\n\n<div class=\"wp-block-button\"><a class=\"wp-block-button__link has-background wp-element-button\" href=\"http:\/\/www.pedagogie.ac-nice.fr\/drane-test\/wp-content\/uploads\/sites\/69\/2025\/09\/2_Gazette_Connectee.pdf\" style=\"background-color:#66206e\" target=\"_blank\" rel=\"noreferrer noopener nofollow\">GC N\u00b02 Nov Dec 2024<\/a><\/div>\n\n\n\n<div class=\"wp-block-button\"><a class=\"wp-block-button__link has-background wp-element-button\" href=\"http:\/\/www.pedagogie.ac-nice.fr\/drane-test\/wp-content\/uploads\/sites\/69\/2025\/09\/Gazette_Connectee_N3.pdf\" style=\"background-color:#66206e\" target=\"_blank\" rel=\"noreferrer noopener nofollow\">GC N\u00b03 Jan Fev 2025 <\/a><\/div>\n\n\n\n<div class=\"wp-block-button\"><a class=\"wp-block-button__link has-background wp-element-button\" href=\"http:\/\/www.pedagogie.ac-nice.fr\/drane-test\/wp-content\/uploads\/sites\/69\/2025\/09\/4_Gazette_Connectee.pdf\" style=\"background-color:#66206e\" target=\"_blank\" rel=\"noreferrer noopener nofollow\">GC N\u00b04 Mars Avr 2025<\/a><\/div>\n\n\n\n<div class=\"wp-block-button\"><a class=\"wp-block-button__link has-background wp-element-button\" href=\"http:\/\/www.pedagogie.ac-nice.fr\/drane-test\/wp-content\/uploads\/sites\/69\/2025\/09\/5_Gazette_Connectee.pdf\" style=\"background-color:#66206e\" target=\"_blank\" rel=\"noreferrer noopener nofollow\">GC N\u00b05 Mai Juin 2025<\/a><\/div>\n<\/div>\n\n\n\n<p><\/p>\n","protected":false},"excerpt":{"rendered":"<p>Bienvenue dans la gazette connect\u00e9e, votre rendez-vous incontournable propos\u00e9 par la DRANE pour explorer les innovations et les pratiques num\u00e9riques \u00e9ducatives au sein de l&rsquo;Acad\u00e9mie de Nice. Parce qu&rsquo;elle vous propose tous les deux mois un concentr\u00e9 d&rsquo;infos s\u00e9lectionn\u00e9es avec soin pour r\u00e9pondre \u00e0 vos besoins et d\u00e9fis du quotidien. En quelques pages, acc\u00e9dez \u00e0 &hellip; <\/p>\n<p><a class=\"more-link btn\" href=\"https:\/\/www.pedagogie.ac-nice.fr\/drane\/la-gazette-connectee\/\">Lire la suite<\/a><\/p>\n","protected":false},"author":652,"featured_media":0,"parent":0,"menu_order":0,"comment_status":"closed","ping_status":"closed","template":"","meta":{"ngg_post_thumbnail":0,"footnotes":""},"class_list":["post-306","page","type-page","status-publish","hentry","nodate","item-wrap"],"rttpg_featured_image_url":null,"rttpg_author":{"display_name":"gillesnaviliat","author_link":"https:\/\/www.pedagogie.ac-nice.fr\/drane\/author\/gillesnaviliat\/"},"rttpg_comment":0,"rttpg_category":null,"rttpg_excerpt":"Bienvenue dans la gazette connect\u00e9e, votre rendez-vous incontournable propos\u00e9 par la DRANE pour explorer les innovations et les pratiques num\u00e9riques \u00e9ducatives au sein de l&rsquo;Acad\u00e9mie de Nice. Parce qu&rsquo;elle vous propose tous les deux mois un concentr\u00e9 d&rsquo;infos s\u00e9lectionn\u00e9es avec soin pour r\u00e9pondre \u00e0 vos besoins et d\u00e9fis du quotidien. En quelques pages, acc\u00e9dez \u00e0\u2026","post_mailing_queue_ids":[],"_links":{"self":[{"href":"https:\/\/www.pedagogie.ac-nice.fr\/drane\/wp-json\/wp\/v2\/pages\/306","targetHints":{"allow":["GET"]}}],"collection":[{"href":"https:\/\/www.pedagogie.ac-nice.fr\/drane\/wp-json\/wp\/v2\/pages"}],"about":[{"href":"https:\/\/www.pedagogie.ac-nice.fr\/drane\/wp-json\/wp\/v2\/types\/page"}],"author":[{"embeddable":true,"href":"https:\/\/www.pedagogie.ac-nice.fr\/drane\/wp-json\/wp\/v2\/users\/652"}],"replies":[{"embeddable":true,"href":"https:\/\/www.pedagogie.ac-nice.fr\/drane\/wp-json\/wp\/v2\/comments?post=306"}],"version-history":[{"count":25,"href":"https:\/\/www.pedagogie.ac-nice.fr\/drane\/wp-json\/wp\/v2\/pages\/306\/revisions"}],"predecessor-version":[{"id":1346,"href":"https:\/\/www.pedagogie.ac-nice.fr\/drane\/wp-json\/wp\/v2\/pages\/306\/revisions\/1346"}],"wp:attachment":[{"href":"https:\/\/www.pedagogie.ac-nice.fr\/drane\/wp-json\/wp\/v2\/media?parent=306"}],"curies":[{"name":"wp","href":"https:\/\/api.w.org\/{rel}","templated":true}]}}