{"id":57,"date":"2025-09-08T12:12:56","date_gmt":"2025-09-08T10:12:56","guid":{"rendered":"https:\/\/www.pedagogie.ac-nice.fr\/drane-test\/?page_id=57"},"modified":"2026-03-31T15:08:08","modified_gmt":"2026-03-31T13:08:08","slug":"fabecole","status":"publish","type":"page","link":"https:\/\/www.pedagogie.ac-nice.fr\/drane\/fabecole\/","title":{"rendered":"Fab&rsquo;Ecole"},"content":{"rendered":"\n<p>L&rsquo;acad\u00e9mie de Nice en partenariat avec les collectivit\u00e9s territoriales des Alpes Maritimes et du Var dispose  de 2 Fab&rsquo;Ecoles situ\u00e9s dans le coll\u00e8ge Pierre Bertone &#8211; Antibes et le coll\u00e8ge Maurice Genevoix &#8211; Toulon.<\/p>\n\n\n\n<div class=\"wp-block-columns is-layout-flex wp-container-core-columns-is-layout-9d6595d7 wp-block-columns-is-layout-flex\">\n<div class=\"wp-block-column is-layout-flow wp-block-column-is-layout-flow\" style=\"flex-basis:100%\"><a href=\"https:\/\/www.pedagogie.ac-nice.fr\/drane\/wp-content\/uploads\/sites\/69\/2026\/03\/2025_Kit-de-communication_VF-1.pdf\" class=\"pdfemb-viewer\" style=\"\" data-width=\"max\" data-height=\"max\" data-toolbar=\"bottom\" data-toolbar-fixed=\"off\">2025_Kit-de-communication_VF-1<\/a><\/div>\n<\/div>\n\n\n\n<p>T\u00e9l\u00e9chargez la <a href=\"http:\/\/www.pedagogie.ac-nice.fr\/drane\/wp-content\/uploads\/sites\/69\/2026\/03\/2025_Kit-de-communication_VF-1.pdf\">plaquette de pr\u00e9sentation<\/a><\/p>\n\n\n\n<p><\/p>\n","protected":false},"excerpt":{"rendered":"<p>L&rsquo;acad\u00e9mie de Nice en partenariat avec les collectivit\u00e9s territoriales des Alpes Maritimes et du Var dispose de 2 Fab&rsquo;Ecoles situ\u00e9s dans le coll\u00e8ge Pierre Bertone &#8211; Antibes et le coll\u00e8ge Maurice Genevoix &#8211; Toulon. T\u00e9l\u00e9chargez la plaquette de pr\u00e9sentation<\/p>\n","protected":false},"author":652,"featured_media":0,"parent":0,"menu_order":0,"comment_status":"closed","ping_status":"closed","template":"","meta":{"ngg_post_thumbnail":0,"footnotes":""},"class_list":["post-57","page","type-page","status-publish","hentry","nodate","item-wrap"],"rttpg_featured_image_url":null,"rttpg_author":{"display_name":"gillesnaviliat","author_link":"https:\/\/www.pedagogie.ac-nice.fr\/drane\/author\/gillesnaviliat\/"},"rttpg_comment":0,"rttpg_category":null,"rttpg_excerpt":"L&rsquo;acad\u00e9mie de Nice en partenariat avec les collectivit\u00e9s territoriales des Alpes Maritimes et du Var dispose de 2 Fab&rsquo;Ecoles situ\u00e9s dans le coll\u00e8ge Pierre Bertone &#8211; Antibes et le coll\u00e8ge Maurice Genevoix &#8211; Toulon. T\u00e9l\u00e9chargez la plaquette de pr\u00e9sentation","post_mailing_queue_ids":[],"_links":{"self":[{"href":"https:\/\/www.pedagogie.ac-nice.fr\/drane\/wp-json\/wp\/v2\/pages\/57","targetHints":{"allow":["GET"]}}],"collection":[{"href":"https:\/\/www.pedagogie.ac-nice.fr\/drane\/wp-json\/wp\/v2\/pages"}],"about":[{"href":"https:\/\/www.pedagogie.ac-nice.fr\/drane\/wp-json\/wp\/v2\/types\/page"}],"author":[{"embeddable":true,"href":"https:\/\/www.pedagogie.ac-nice.fr\/drane\/wp-json\/wp\/v2\/users\/652"}],"replies":[{"embeddable":true,"href":"https:\/\/www.pedagogie.ac-nice.fr\/drane\/wp-json\/wp\/v2\/comments?post=57"}],"version-history":[{"count":7,"href":"https:\/\/www.pedagogie.ac-nice.fr\/drane\/wp-json\/wp\/v2\/pages\/57\/revisions"}],"predecessor-version":[{"id":1340,"href":"https:\/\/www.pedagogie.ac-nice.fr\/drane\/wp-json\/wp\/v2\/pages\/57\/revisions\/1340"}],"wp:attachment":[{"href":"https:\/\/www.pedagogie.ac-nice.fr\/drane\/wp-json\/wp\/v2\/media?parent=57"}],"curies":[{"name":"wp","href":"https:\/\/api.w.org\/{rel}","templated":true}]}}