{"id":2088,"date":"2025-11-18T15:36:03","date_gmt":"2025-11-18T14:36:03","guid":{"rendered":"https:\/\/www.pedagogie.ac-nice.fr\/dsden83\/?page_id=2088"},"modified":"2026-04-07T17:22:10","modified_gmt":"2026-04-07T15:22:10","slug":"lenseignement-en-langues-vivantes-emile","status":"publish","type":"page","link":"https:\/\/www.pedagogie.ac-nice.fr\/dsden83\/lver-ei\/lenseignement-en-langues-vivantes-emile\/","title":{"rendered":"L&rsquo;enseignement EN langues vivantes (EMILE)"},"content":{"rendered":"<p>Guide \u00e0 t\u00e9l\u00e9charger :<br \/>\n<a href=\"https:\/\/eduscol.education.fr\/document\/632\/download?attachment\" target=\"_blank\" rel=\"noopener\">Guide pour l&rsquo;enseignement EN langue vivante \u00e9trang\u00e8re de l&rsquo;\u00e9cole au lyc\u00e9e\u00a0<\/a><\/p>\n<p>Les \u00e9coles du dispositif EMILE (<em>Enseignement des Mati\u00e8res par l&rsquo;Int\u00e9gration d&rsquo;une Langue \u00c9trang\u00e8re<\/em>) proposent un enseignement renforc\u00e9 d&rsquo;une langue \u00e9trang\u00e8re, par le biais de la DNL (<em>Discipline Non Linguistique<\/em>).<br \/>\nVous trouverez <a href=\"https:\/\/www.pedagogie.ac-nice.fr\/dsden83\/lver-ei\/lenseignement-en-langues-vivantes-emile\/les-realisations-des-ecoles-emile\/\" target=\"_blank\" rel=\"noopener\">ici<\/a> plusieurs exemples de r\u00e9alisations faites par nos \u00e9coles EMILE. Dans le d\u00e9partement du Var, il y a des \u00e9coles EMILE en anglais, allemand et italien et une une \u00e9cole bilingue en proven\u00e7al.<br \/>\nA la rentr\u00e9e 2025, nous comptons 40 \u00e9coles EMILE ou bilingues, d\u00e9j\u00e0 dans le dispositif ou sur le point de l&rsquo;\u00eatre, qui sont situ\u00e9es dans les communes qui apparaissent en rouge sur la carte (cliquer pour agrandir) :<\/p>\n<p><a href=\"https:\/\/www.pedagogie.ac-nice.fr\/dsden83\/wp-content\/uploads\/2025\/12\/Carte-Var-avec-ecoles-EMILE.pdf\"><img loading=\"lazy\" decoding=\"async\" class=\"alignnone size-medium wp-image-2163\" src=\"https:\/\/www.pedagogie.ac-nice.fr\/dsden83\/wp-content\/uploads\/2025\/12\/CARTE-Var-ecoles-EMILE-300x278.png\" alt=\"\" width=\"300\" height=\"278\" srcset=\"https:\/\/www.pedagogie.ac-nice.fr\/dsden83\/wp-content\/uploads\/2025\/12\/CARTE-Var-ecoles-EMILE-300x278.png 300w, https:\/\/www.pedagogie.ac-nice.fr\/dsden83\/wp-content\/uploads\/2025\/12\/CARTE-Var-ecoles-EMILE-768x712.png 768w, https:\/\/www.pedagogie.ac-nice.fr\/dsden83\/wp-content\/uploads\/2025\/12\/CARTE-Var-ecoles-EMILE.png 836w\" sizes=\"auto, (max-width: 300px) 100vw, 300px\" \/><\/a><\/p>\n<p>Ces \u00e9coles sont les suivantes :<\/p>\n<table width=\"376\">\n<tbody>\n<tr>\n<td width=\"210\"><strong>\u00e9cole<\/strong><\/td>\n<td width=\"83\"><strong>IEN<\/strong><\/td>\n<td width=\"83\"><strong>langue<\/strong><\/td>\n<\/tr>\n<tr>\n<td>\u00c9cole primaire &#8211; Correns<\/td>\n<td>Brignoles<\/td>\n<td>anglais<\/td>\n<\/tr>\n<tr>\n<td>\u00c9cole primaire &#8211; Salins d\u2019Hy\u00e8res<\/td>\n<td>Hy\u00e8res<\/td>\n<td>anglais<\/td>\n<\/tr>\n<tr>\n<td>EE Marcel Pagnol &#8211; Le Pradet<\/td>\n<td>La Garde<\/td>\n<td>anglais<\/td>\n<\/tr>\n<tr>\n<td>EE C\u00e9dric de Pierrepont &#8211; La Seyne<\/td>\n<td>La Seyne<\/td>\n<td>anglais<\/td>\n<\/tr>\n<tr>\n<td>EE Malsert &#8211; La Seyne<\/td>\n<td>La Seyne<\/td>\n<td>anglais<\/td>\n<\/tr>\n<tr>\n<td>EE Denis Tissot &#8211; Le Cannet des M.<\/td>\n<td>Le Muy<\/td>\n<td>allemand<\/td>\n<\/tr>\n<tr>\n<td>EM Lei Pichoun &#8211; Le Cannet des M.<\/td>\n<td>Le Muy<\/td>\n<td>allemand<\/td>\n<\/tr>\n<tr>\n<td>EP Paul Roux &#8211; Fr\u00e9jus<\/td>\n<td>Le Muy<\/td>\n<td>italien<\/td>\n<\/tr>\n<tr>\n<td>EE R. Char \u2013 Le Luc<\/td>\n<td>Le Muy<\/td>\n<td>allemand<\/td>\n<\/tr>\n<tr>\n<td>EE Ca\u00efs \u2013 Fr\u00e9jus<\/td>\n<td>Le Muy<\/td>\n<td>italien<\/td>\n<\/tr>\n<tr>\n<td>EE Les Eucalyptus \u2013 Fr\u00e9jus<\/td>\n<td>Le Muy<\/td>\n<td>italien<\/td>\n<\/tr>\n<tr>\n<td>EP Balzac-Flaubert &#8211; Fr\u00e9jus<\/td>\n<td>Le Muy<\/td>\n<td>italien<\/td>\n<\/tr>\n<tr>\n<td>EP La Vernette &#8211; Sanary<\/td>\n<td>Sanary<\/td>\n<td>anglais<\/td>\n<\/tr>\n<tr>\n<td>EP\u00a0 Bilingue &#8211; Cuers<\/td>\n<td>Solli\u00e8s Pont<\/td>\n<td>proven\u00e7al<\/td>\n<\/tr>\n<tr>\n<td>EP Jean Aicard \u2013 Pourri\u00e8res<\/td>\n<td>St Maximin<\/td>\n<td>anglais<\/td>\n<\/tr>\n<tr>\n<td>EP St Exup\u00e9ry \u2013 Pourri\u00e8res<\/td>\n<td>St Maximin<\/td>\n<td>anglais<\/td>\n<\/tr>\n<tr>\n<td>EE Puits de Marin &#8211; Rougiers<\/td>\n<td>St Maximin<\/td>\n<td>anglais<\/td>\n<\/tr>\n<tr>\n<td>EP Varages<\/td>\n<td>St Maximin<\/td>\n<td>anglais<\/td>\n<\/tr>\n<tr>\n<td>EM Rougiers \u2013 Rougiers<\/td>\n<td>St Maximin<\/td>\n<td>anglais<\/td>\n<\/tr>\n<tr>\n<td>EM Pierre Perret &#8211; Barjols<\/td>\n<td>St Maximin<\/td>\n<td>anglais<\/td>\n<\/tr>\n<tr>\n<td>EE Aristide Briand &#8211; Barjols<\/td>\n<td>St Maximin<\/td>\n<td>anglais<\/td>\n<\/tr>\n<tr>\n<td>EP Jean Taesca &#8211; Saint Julien<\/td>\n<td>St Maximin<\/td>\n<td>anglais<\/td>\n<\/tr>\n<tr>\n<td>EP Montmeyan<\/td>\n<td>St Maximin<\/td>\n<td>anglais<\/td>\n<\/tr>\n<tr>\n<td>EP Fox Amphoux<\/td>\n<td>St Maximin<\/td>\n<td>anglais<\/td>\n<\/tr>\n<tr>\n<td>EP Saint Martin de Palli\u00e8res<\/td>\n<td>St Maximin<\/td>\n<td>anglais<\/td>\n<\/tr>\n<tr>\n<td>EP Les Bessillons &#8211; Pontev\u00e8s<\/td>\n<td>St Maximin<\/td>\n<td>anglais<\/td>\n<\/tr>\n<tr>\n<td>EE Les Quatre Vents &#8211; Seillons<\/td>\n<td>St Maximin<\/td>\n<td>anglais<\/td>\n<\/tr>\n<tr>\n<td>EE L\u00e9opold Carpe &#8211; Rians<\/td>\n<td>St Maximin<\/td>\n<td>anglais<\/td>\n<\/tr>\n<tr>\n<td>EP Georges Jean &#8211; Brue Auriac<\/td>\n<td>St Maximin<\/td>\n<td>anglais<\/td>\n<\/tr>\n<tr>\n<td>EP Guy Lombard &#8211; Ginasservis<\/td>\n<td>St Maximin<\/td>\n<td>anglais<\/td>\n<\/tr>\n<tr>\n<td>EP Paul Ar\u00e8ne &#8211; Tavernes<\/td>\n<td>St Maximin<\/td>\n<td>anglais<\/td>\n<\/tr>\n<tr>\n<td>EE Camail \u2013 St Rapha\u00ebl<\/td>\n<td>St Rapha\u00ebl<\/td>\n<td>anglais<\/td>\n<\/tr>\n<tr>\n<td>EE Val Fleuri &#8211; Toulon<\/td>\n<td>Toulon 1<\/td>\n<td>anglais<\/td>\n<\/tr>\n<tr>\n<td>EM Jules Ferry &#8211; Toulon<\/td>\n<td>Toulon 1<\/td>\n<td>anglais<\/td>\n<\/tr>\n<tr>\n<td>EE Aguillon &#8211; Toulon<\/td>\n<td>Toulon 2<\/td>\n<td>anglais<\/td>\n<\/tr>\n<tr>\n<td>EE Cousteau &#8211; Toulon<\/td>\n<td>Toulon 2<\/td>\n<td>anglais<\/td>\n<\/tr>\n<tr>\n<td>EM Tauriac &#8211; Toulon<\/td>\n<td>Toulon 2<\/td>\n<td>anglais<\/td>\n<\/tr>\n<tr>\n<td>EE Pont Neuf Toulon<\/td>\n<td>Toulon 2<\/td>\n<td>anglais<\/td>\n<\/tr>\n<tr>\n<td>EM Jonquet Toulon<\/td>\n<td>Toulon 2<\/td>\n<td>anglais<\/td>\n<\/tr>\n<tr>\n<td>EE Saint Louis &#8211; Toulon<\/td>\n<td>Toulon 3<\/td>\n<td>anglais<\/td>\n<\/tr>\n<\/tbody>\n<\/table>\n<p>&nbsp;<\/p>\n","protected":false},"excerpt":{"rendered":"<p>Guide \u00e0 t\u00e9l\u00e9charger : Guide pour l&rsquo;enseignement EN langue vivante \u00e9trang\u00e8re de l&rsquo;\u00e9cole au lyc\u00e9e\u00a0 Les \u00e9coles du dispositif EMILE (Enseignement des Mati\u00e8res par l&rsquo;Int\u00e9gration d&rsquo;une Langue \u00c9trang\u00e8re) proposent un enseignement renforc\u00e9 d&rsquo;une langue \u00e9trang\u00e8re, par le biais de la &hellip; <a href=\"https:\/\/www.pedagogie.ac-nice.fr\/dsden83\/lver-ei\/lenseignement-en-langues-vivantes-emile\/\">Continuer la lecture <span class=\"meta-nav\">&rarr;<\/span><\/a><\/p>\n","protected":false},"author":18,"featured_media":0,"parent":475,"menu_order":0,"comment_status":"closed","ping_status":"closed","template":"","meta":{"footnotes":""},"class_list":["post-2088","page","type-page","status-publish","hentry"],"_links":{"self":[{"href":"https:\/\/www.pedagogie.ac-nice.fr\/dsden83\/wp-json\/wp\/v2\/pages\/2088","targetHints":{"allow":["GET"]}}],"collection":[{"href":"https:\/\/www.pedagogie.ac-nice.fr\/dsden83\/wp-json\/wp\/v2\/pages"}],"about":[{"href":"https:\/\/www.pedagogie.ac-nice.fr\/dsden83\/wp-json\/wp\/v2\/types\/page"}],"author":[{"embeddable":true,"href":"https:\/\/www.pedagogie.ac-nice.fr\/dsden83\/wp-json\/wp\/v2\/users\/18"}],"replies":[{"embeddable":true,"href":"https:\/\/www.pedagogie.ac-nice.fr\/dsden83\/wp-json\/wp\/v2\/comments?post=2088"}],"version-history":[{"count":19,"href":"https:\/\/www.pedagogie.ac-nice.fr\/dsden83\/wp-json\/wp\/v2\/pages\/2088\/revisions"}],"predecessor-version":[{"id":2343,"href":"https:\/\/www.pedagogie.ac-nice.fr\/dsden83\/wp-json\/wp\/v2\/pages\/2088\/revisions\/2343"}],"up":[{"embeddable":true,"href":"https:\/\/www.pedagogie.ac-nice.fr\/dsden83\/wp-json\/wp\/v2\/pages\/475"}],"wp:attachment":[{"href":"https:\/\/www.pedagogie.ac-nice.fr\/dsden83\/wp-json\/wp\/v2\/media?parent=2088"}],"curies":[{"name":"wp","href":"https:\/\/api.w.org\/{rel}","templated":true}]}}