{"id":659,"date":"2020-11-19T10:26:14","date_gmt":"2020-11-19T09:26:14","guid":{"rendered":"https:\/\/www.pedagogie.ac-nice.fr\/dsden83\/?page_id=659"},"modified":"2025-11-25T10:33:03","modified_gmt":"2025-11-25T09:33:03","slug":"euroscol-2","status":"publish","type":"page","link":"https:\/\/www.pedagogie.ac-nice.fr\/dsden83\/lver-ei\/euroscol-2\/","title":{"rendered":"EUROSCOL"},"content":{"rendered":"<h2 data-start=\"72\" data-end=\"102\"><span style=\"font-family: georgia, palatino, serif;font-size: 12pt\"><strong data-start=\"76\" data-end=\"102\">Labellisation Euroscol<\/strong><\/span><\/h2>\n<p data-start=\"104\" data-end=\"465\"><span style=\"font-family: georgia, palatino, serif;font-size: 12pt\">Euroscol est un label qui reconna\u00eet une d\u00e9marche ambitieuse sp\u00e9cifique d\u2019ouverture europ\u00e9enne et internationale d\u2019\u00e9coles et d\u2019\u00e9tablissements scolaires publics ou priv\u00e9s sous contrat. Ceux-ci en font un \u00e9l\u00e9ment \u00e0 part enti\u00e8re de leur identit\u00e9, de leur pilotage p\u00e9dagogique et de leur gouvernance. Euroscol est un rep\u00e8re fort interne et externe de cet engagement.<\/span><\/p>\n<p data-start=\"467\" data-end=\"746\"><span style=\"font-family: georgia, palatino, serif;font-size: 12pt\">L\u2019ouverture internationale et europ\u00e9enne des \u00e9tablissements est un enjeu toujours plus d\u00e9terminant pour le b\u00e9n\u00e9fice des \u00e9l\u00e8ves et des \u00e9quipes. La plupart des \u00e9coles et des \u00e9tablissements s\u2019en sont d\u2019ailleurs saisis depuis longtemps et conduisent de nombreux projets dans ce sens.<\/span><\/p>\n<p data-start=\"748\" data-end=\"1068\"><span style=\"font-family: georgia, palatino, serif;font-size: 12pt\">Pour permettre une pleine valorisation du d\u00e9veloppement de l\u2019engagement europ\u00e9en des \u00e9coles et des \u00e9tablissements, le ministre de l\u2019\u00c9ducation nationale et de la jeunesse a souhait\u00e9 cr\u00e9er le label Euroscol. Il constitue une \u00e9volution tr\u00e8s importante du positionnement de l\u2019Europe et de l\u2019international dans les acad\u00e9mies.<\/span><\/p>\n<p data-start=\"1070\" data-end=\"1502\"><span style=\"font-family: georgia, palatino, serif;font-size: 12pt\">Reposant sur un syst\u00e8me qualit\u00e9 global, le label est attribu\u00e9 pour une premi\u00e8re dur\u00e9e de trois ans, par une commission acad\u00e9mique, aux \u00e9coles et \u00e9tablissements qui souhaitent faire de ce positionnement une v\u00e9ritable marque de leur identit\u00e9 interne et externe et un mode de pilotage sp\u00e9cifique tant sur le plan du pilotage p\u00e9dagogique que d\u2019organisationnel.\u00a0<\/span><\/p>\n<p data-start=\"1504\" data-end=\"1729\"><span style=\"font-family: georgia, palatino, serif;font-size: 12pt\">Les \u00e9coles et \u00e9tablissements int\u00e9ress\u00e9s peuvent s&rsquo;adresser \u00e0 la DRAREIC pour avoir davantage d&rsquo;informations :\u00a0\ud83d\udce7 <a class=\"decorated-link cursor-pointer\" rel=\"noopener\" data-start=\"1734\" data-end=\"1768\">euroscol@region-academique-paca.fr<\/a><\/span><\/p>\n<h2><span style=\"font-family: georgia, palatino, serif;font-size: 12pt\">Les \u00e9coles varoises ayant le label Euroscol sont les suivantes :\u00a0<\/span><\/h2>\n<p>&nbsp;<\/p>\n<p><span style=\"font-family: georgia, palatino, serif;font-size: 12pt\"><u>Circonscription de La Seyne :<br \/>\n<\/u>Ecole Malsert<\/span><br \/>\n<span style=\"font-family: georgia, palatino, serif;font-size: 12pt\">Ecole de Pierrepont<\/span><br \/>\n<span style=\"font-family: georgia, palatino, serif;font-size: 12pt\"><u>Circonscription de Hy\u00e8res :<br \/>\n<\/u>Ecole Des Salins <\/span><br \/>\n<span style=\"font-family: georgia, palatino, serif;font-size: 12pt\">Ecole de Porquerolles<\/span><br \/>\n<span style=\"font-family: georgia, palatino, serif;font-size: 12pt\"><u>Circonscription du Muy\u00a0:<br \/>\n<\/u>Ecole Paul Roux<\/span><\/p>\n<p>&nbsp;<\/p>\n","protected":false},"excerpt":{"rendered":"<p>Labellisation Euroscol Euroscol est un label qui reconna\u00eet une d\u00e9marche ambitieuse sp\u00e9cifique d\u2019ouverture europ\u00e9enne et internationale d\u2019\u00e9coles et d\u2019\u00e9tablissements scolaires publics ou priv\u00e9s sous contrat. Ceux-ci en font un \u00e9l\u00e9ment \u00e0 part enti\u00e8re de leur identit\u00e9, de leur pilotage p\u00e9dagogique &hellip; <a href=\"https:\/\/www.pedagogie.ac-nice.fr\/dsden83\/lver-ei\/euroscol-2\/\">Continuer la lecture <span class=\"meta-nav\">&rarr;<\/span><\/a><\/p>\n","protected":false},"author":8,"featured_media":0,"parent":475,"menu_order":0,"comment_status":"closed","ping_status":"closed","template":"","meta":{"footnotes":""},"class_list":["post-659","page","type-page","status-publish","hentry"],"_links":{"self":[{"href":"https:\/\/www.pedagogie.ac-nice.fr\/dsden83\/wp-json\/wp\/v2\/pages\/659","targetHints":{"allow":["GET"]}}],"collection":[{"href":"https:\/\/www.pedagogie.ac-nice.fr\/dsden83\/wp-json\/wp\/v2\/pages"}],"about":[{"href":"https:\/\/www.pedagogie.ac-nice.fr\/dsden83\/wp-json\/wp\/v2\/types\/page"}],"author":[{"embeddable":true,"href":"https:\/\/www.pedagogie.ac-nice.fr\/dsden83\/wp-json\/wp\/v2\/users\/8"}],"replies":[{"embeddable":true,"href":"https:\/\/www.pedagogie.ac-nice.fr\/dsden83\/wp-json\/wp\/v2\/comments?post=659"}],"version-history":[{"count":6,"href":"https:\/\/www.pedagogie.ac-nice.fr\/dsden83\/wp-json\/wp\/v2\/pages\/659\/revisions"}],"predecessor-version":[{"id":2144,"href":"https:\/\/www.pedagogie.ac-nice.fr\/dsden83\/wp-json\/wp\/v2\/pages\/659\/revisions\/2144"}],"up":[{"embeddable":true,"href":"https:\/\/www.pedagogie.ac-nice.fr\/dsden83\/wp-json\/wp\/v2\/pages\/475"}],"wp:attachment":[{"href":"https:\/\/www.pedagogie.ac-nice.fr\/dsden83\/wp-json\/wp\/v2\/media?parent=659"}],"curies":[{"name":"wp","href":"https:\/\/api.w.org\/{rel}","templated":true}]}}