{"id":1381,"date":"2019-10-05T20:01:30","date_gmt":"2019-10-05T18:01:30","guid":{"rendered":"https:\/\/www.pedagogie.ac-nice.fr\/stmg\/?page_id=1381"},"modified":"2019-10-10T22:25:40","modified_gmt":"2019-10-10T20:25:40","slug":"bts-commerce-international-2","status":"publish","type":"page","link":"https:\/\/www.pedagogie.ac-nice.fr\/economie-gestion\/bts-commerce-international-2\/","title":{"rendered":"BTS Commerce international"},"content":{"rendered":"<table style=\"border-collapse: collapse; width: 100%; height: 28px;\">\n<tbody>\n<tr style=\"height: 28px;\">\n<td style=\"width: 100%; height: 28px;\"><span style=\"font-size: 18pt;\">BTS TC <img loading=\"lazy\" decoding=\"async\" class=\"alignnone size-medium wp-image-1414\" src=\"https:\/\/www.pedagogie.ac-nice.fr\/economie-gestion\/wp-content\/uploads\/sites\/28\/2019\/10\/sert-la-main-300x224.jpg\" alt=\"\" width=\"300\" height=\"224\" srcset=\"https:\/\/www.pedagogie.ac-nice.fr\/economie-gestion\/wp-content\/uploads\/sites\/28\/2019\/10\/sert-la-main-300x224.jpg 300w, https:\/\/www.pedagogie.ac-nice.fr\/economie-gestion\/wp-content\/uploads\/sites\/28\/2019\/10\/sert-la-main.jpg 389w\" sizes=\"auto, (max-width: 300px) 100vw, 300px\" \/><\/span><\/td>\n<\/tr>\n<\/tbody>\n<\/table>\n<p>Le technicien sup\u00e9rieur en Commerce international \u00e0 r\u00e9f\u00e9rentiel commun\u00a0europ\u00e9en\u00a0contribue\u00a0au d\u00e9veloppement international durable de l&rsquo;entreprise par la commercialisation\u00a0de\u00a0biens\u00a0et\/ou\u00a0de\u00a0services sur les march\u00e9s \u00e9trangers et l&rsquo;optimisation des achats dans\u00a0un\u00a0contexte\u00a0de\u00a0mondialisation.\u00a0Charg\u00e9, par son travail d&rsquo;analyse et sa ma\u00eetrise des langues \u00e9trang\u00e8res,\u00a0de\u00a0mettre en \u0153uvre les choix strat\u00e9giques et de coordonner les op\u00e9rations internationales entre\u00a0les\u00a0diff\u00e9rentes\u00a0fonctions\u00a0de l&rsquo;entreprise et les partenaires ext\u00e9rieurs, il permet \u00e0 l&rsquo;entreprise de\u00a0r\u00e9agir aux \u00e9volutions de son environnement. Il exerce l&rsquo;ensemble de ces missions dans\u00a0un contexte pluriculturel.<\/p>\n<p>Les p\u00e9riodes en entreprise permettent \u00e0 l&rsquo;\u00e9tudiant d&rsquo;acqu\u00e9rir et\/ou d&rsquo;approfondir\u00a0ses\u00a0comp\u00e9tences\u00a0professionnelles en situation r\u00e9elle de travail et d&rsquo;am\u00e9liorer sa\u00a0connaissance\u00a0du\u00a0milieu\u00a0professionnel et de l&#8217;emploi. Deux p\u00e9riodes d\u2019\u2019immersion professionnelle\u00a0:<\/p>\n<ul style=\"list-style-type: circle;\">\n<li>8 semaines \u00a0\u00e0 l\u2019\u00e9tranger en fin de premi\u00e8re ann\u00e9e dans une\u00a0entreprise\u00a0pratiquant\u00a0du\u00a0marketing international strat\u00e9gique avec une mission de prospection internationale\u00a0client\u00e8le \u00a0\u00a0n\u00a0\u00a0\u00a0\u00a0\u00a0\u00a0 4 semaines en cours de deuxi\u00e8me ann\u00e9e dans une entreprise r\u00e9alisant\u00a0des\u00a0op\u00e9rations\u00a0de commerce international (importation, exportation, d\u00e9douanement, transport\u00a0et\u00a0logistique,\u00a0techniques bancaires)<\/li>\n<li>Un \u00ab label europ\u00e9en \u00bb reconnu : fondamentalement r\u00e9nov\u00e9 en\u00a02007,\u00a0le\u00a0r\u00e9f\u00e9rentiel du BTS Commerce international \u00e0 r\u00e9f\u00e9rentiel commun europ\u00e9en, a \u00e9t\u00e9 \u00e9labor\u00e9 avec 9 autres pays europ\u00e9ens (Belgique, Espagne, Gr\u00e8ce, Italie, Pays-Bas, Portugal, Roumanie, Slov\u00e9nie et Suisse). D\u2019autres pays europ\u00e9ens ayant manifest\u00e9 leur int\u00e9r\u00eat sont susceptibles de l\u2019adopter (Allemagne, Royaume-Uni\u2026).<\/li>\n<\/ul>\n<h4 style=\"text-align: center;\">D\u00e9bouch\u00e9s professionnels<\/h4>\n<p>Les d\u00e9bouch\u00e9s du BTS Commerce international \u00e0 r\u00e9f\u00e9rentiel commun\u00a0europ\u00e9en\u00a0sont larges sur des emplois tr\u00e8s ouverts (assistant commercial import-export, assistant\u00a0aux\u00a0achats\u00a0\u00e0 l&rsquo;international, \u00e0 l\u2019administration des ventes, assistant de responsable de\u00a0zone, secr\u00e9taire technique et\/ou commercial\u2026) avec des \u00e9volutions de carri\u00e8re rapides \u00e0 des niveaux de responsabilit\u00e9 \u00e9lev\u00e9e (commercial import-export, charg\u00e9 de mission \u00e0 l\u2019international, agent\u00a0de\u00a0fret,\u00a0responsable\u00a0de\u00a0zone,\u00a0chef de produit, responsable de l\u2019administration des ventes, charg\u00e9\u00a0de\u00a0client\u00e8le\u2026).<\/p>\n<h6 style=\"text-align: center;\">Poursuites d&rsquo;\u00e9tudes :<\/h6>\n<ul style=\"list-style-type: circle;\">\n<li>Niveau BAC+3 \u00e0 l&rsquo;universit\u00e9 (Licence, notamment dans les\u00a0IAE\u00a0: Instituts d\u2019administration des entreprises)<\/li>\n<li>\u00c9coles sup\u00e9rieures de commerce<\/li>\n<\/ul>\n<p>&nbsp;<\/p>\n<p>&nbsp;<\/p>\n<h4>O\u00f9 se former<\/h4>\n<h6>Lyc\u00e9e Bristol (Cannes)<\/h6>\n<p>10 avenue Saint-Nicolas<\/p>\n<p>CS 20114 \u2013 06414 Cannes cedex<\/p>\n<p>T\u00e9l : 04 93 06 79 00<\/p>\n<p><a href=\"mailto:ce.0060013g@ac-nice.fr\">ce.0060013g@ac-nice.fr<\/a><\/p>\n<p><strong><a href=\"http:\/\/www.atrium-paca.fr\/web\/lgt-bristol-064051\/\">www.atrium-paca.fr\/web\/lgt-bristol-064051\/<\/a><\/strong><\/p>\n<h6>Lyc\u00e9e Parc Imp\u00e9rial (Nice)<\/h6>\n<p>2 avenue Paul Ar\u00e8ne 06000 Nice<\/p>\n<p>T\u00e9l : 04 92 15 24 60<\/p>\n<p><a href=\"mailto:Ce.0060029z@ac-nice.fr\">Ce.0060029z@ac-nice.fr<\/a><\/p>\n<p><strong><a href=\"http:\/\/net.parcimperial.net\/\">http:\/\/net.parcimperial.net\/<\/a><\/strong><\/p>\n<h6>Lyc\u00e9e du Coudon (La Garde)<\/h6>\n<p>Avenue Toulouse-Lautrec<\/p>\n<p>BP 30124 \u2013 83957 La Garde cedex T\u00e9l : 04 94 08 65 00<\/p>\n<p><a href=\"mailto:Ce.0831407d@ac-nice.fr\">Ce.0831407d@ac-nice.fr<\/a><\/p>\n<p><strong><a href=\"http:\/\/www.site.lycee-coudon.fr\/\">www.site.lycee-coudon.fr\/<\/a><\/strong><\/p>\n","protected":false},"excerpt":{"rendered":"<p>BTS TC Le technicien sup\u00e9rieur en Commerce international \u00e0 r\u00e9f\u00e9rentiel commun\u00a0europ\u00e9en\u00a0contribue\u00a0au d\u00e9veloppement international durable de l&rsquo;entreprise par la commercialisation\u00a0de\u00a0biens\u00a0et\/ou\u00a0de\u00a0services sur<\/p>\n","protected":false},"author":205,"featured_media":0,"parent":0,"menu_order":0,"comment_status":"closed","ping_status":"closed","template":"","meta":{"colormag_page_container_layout":"default_layout","colormag_page_sidebar_layout":"default_layout","ngg_post_thumbnail":0,"footnotes":""},"class_list":["post-1381","page","type-page","status-publish","hentry"],"rttpg_featured_image_url":null,"rttpg_author":{"display_name":"Estelle REGIS","author_link":"https:\/\/www.pedagogie.ac-nice.fr\/economie-gestion\/author\/stmgadmin1\/"},"rttpg_comment":0,"rttpg_category":null,"rttpg_excerpt":"BTS TC Le technicien sup\u00e9rieur en Commerce international \u00e0 r\u00e9f\u00e9rentiel commun\u00a0europ\u00e9en\u00a0contribue\u00a0au d\u00e9veloppement international durable de l&rsquo;entreprise par la commercialisation\u00a0de\u00a0biens\u00a0et\/ou\u00a0de\u00a0services sur","post_mailing_queue_ids":[],"_links":{"self":[{"href":"https:\/\/www.pedagogie.ac-nice.fr\/economie-gestion\/wp-json\/wp\/v2\/pages\/1381","targetHints":{"allow":["GET"]}}],"collection":[{"href":"https:\/\/www.pedagogie.ac-nice.fr\/economie-gestion\/wp-json\/wp\/v2\/pages"}],"about":[{"href":"https:\/\/www.pedagogie.ac-nice.fr\/economie-gestion\/wp-json\/wp\/v2\/types\/page"}],"author":[{"embeddable":true,"href":"https:\/\/www.pedagogie.ac-nice.fr\/economie-gestion\/wp-json\/wp\/v2\/users\/205"}],"replies":[{"embeddable":true,"href":"https:\/\/www.pedagogie.ac-nice.fr\/economie-gestion\/wp-json\/wp\/v2\/comments?post=1381"}],"version-history":[{"count":7,"href":"https:\/\/www.pedagogie.ac-nice.fr\/economie-gestion\/wp-json\/wp\/v2\/pages\/1381\/revisions"}],"predecessor-version":[{"id":1613,"href":"https:\/\/www.pedagogie.ac-nice.fr\/economie-gestion\/wp-json\/wp\/v2\/pages\/1381\/revisions\/1613"}],"wp:attachment":[{"href":"https:\/\/www.pedagogie.ac-nice.fr\/economie-gestion\/wp-json\/wp\/v2\/media?parent=1381"}],"curies":[{"name":"wp","href":"https:\/\/api.w.org\/{rel}","templated":true}]}}