{"id":3074,"date":"2022-01-13T11:57:20","date_gmt":"2022-01-13T10:57:20","guid":{"rendered":"https:\/\/www.pedagogie.ac-nice.fr\/economie-gestion\/?page_id=3074"},"modified":"2022-05-19T08:56:51","modified_gmt":"2022-05-19T06:56:51","slug":"formations-stmg","status":"publish","type":"page","link":"https:\/\/www.pedagogie.ac-nice.fr\/economie-gestion\/stmg-2\/formations-stmg\/","title":{"rendered":"Formations STMG"},"content":{"rendered":"<p><span style=\"font-size: 18pt;\"><strong>Veuillez trouver ci-dessus, les ressources des formations STMG de l&rsquo;acad\u00e9mie de Nice sur la p\u00e9riode de <span style=\"color: #3366ff;\">novembre et d\u00e9cembre 2021<\/span><\/strong><\/span><\/p>\n<p>&nbsp;<\/p>\n<p>&nbsp;<\/p>\n<table style=\"border-collapse: collapse; width: 100%;\">\n<tbody>\n<tr>\n<td style=\"width: 50.0561%;\"><img loading=\"lazy\" decoding=\"async\" class=\" wp-image-3078 alignleft\" src=\"https:\/\/www.pedagogie.ac-nice.fr\/economie-gestion\/wp-content\/uploads\/sites\/28\/2022\/01\/FORMATION-JOURNEE-Version-finale-150x150.jpg\" alt=\"\" width=\"188\" height=\"188\"><\/p>\n<p>&nbsp;<\/p>\n<p><span style=\"font-size: 18pt;\"><strong><a href=\"https:\/\/drive.google.com\/file\/d\/1B2L0P36kf6Q8nEvSqH1I_8D5pDXTVGNu\/view?usp=sharing\" target=\"_blank\" rel=\"noopener\">Pour visualiser le diaporama cliquez ici.<\/a><\/strong><\/span><\/p>\n<p>&nbsp;<\/td>\n<td style=\"width: 49.9439%;\"><span style=\"font-size: 18pt;\"><strong>Textes officiels:<\/strong><\/span><\/p>\n<p>&nbsp;<\/p>\n<p><span style=\"color: #ff0000;\"><a style=\"color: #ff0000;\" href=\"https:\/\/drive.google.com\/file\/d\/1iDyv7l-rHeuCAEPQmbcEqeWb0Iu4ZXgJ\/view?usp=sharing\" target=\"_blank\" rel=\"noopener\"><span style=\"font-size: 18pt;\"><strong>Bulletin officiel note du 12 juillet 2021<\/strong><\/span><\/a><\/span><\/p>\n<p><span style=\"color: #ff0000;\"><a style=\"color: #ff0000;\" href=\"https:\/\/drive.google.com\/file\/d\/1TYCR73UBgXWkqcUQhA511K8-Zj9KpGP2\/view?usp=sharing\" target=\"_blank\" rel=\"noopener\"><span style=\"font-size: 18pt;\"><strong>Bulletin officiel du 29 juillet 2021<\/strong><\/span><\/a><\/span><\/p>\n<p>&nbsp;<\/p>\n<p>&nbsp;<\/td>\n<\/tr>\n<tr>\n<td style=\"width: 50.0561%;\"><span style=\"color: #339966;\"><strong><span style=\"font-size: 18pt;\"><a style=\"color: #339966;\" href=\"https:\/\/drive.google.com\/file\/d\/1DUwe2YrHJx6KhnuFDh8TO4RCwxNkYu2_\/view?usp=sharing\" target=\"_blank\" rel=\"noopener\"><img loading=\"lazy\" decoding=\"async\" class=\"size-thumbnail wp-image-3093 alignleft\" src=\"https:\/\/www.pedagogie.ac-nice.fr\/economie-gestion\/wp-content\/uploads\/sites\/28\/2022\/01\/Presentation1-150x150.jpg\" alt=\"\" width=\"150\" height=\"150\"><\/a><\/span><\/strong><\/span><\/p>\n<p><span style=\"color: #339966;\"><strong><span style=\"font-size: 18pt;\"><a style=\"color: #339966;\" href=\"https:\/\/drive.google.com\/file\/d\/1DUwe2YrHJx6KhnuFDh8TO4RCwxNkYu2_\/view?usp=sharing\" target=\"_blank\" rel=\"noopener\">Sujet \u00ab\u00a0Camping de la Torche\u00a0\u00bb<\/a><\/span><\/strong><\/span><\/p>\n<p><span style=\"color: #339966;\"><strong><span style=\"font-size: 18pt;\"><a style=\"color: #339966;\" href=\"https:\/\/drive.google.com\/file\/d\/1TlQb_4sDzX5Mdm1Dp1aRY1aemCimWny_\/view?usp=sharing\" target=\"_blank\" rel=\"noopener\">Corrig\u00e9 sujet \u00ab\u00a0Camping de la Torche\u00a0\u00bb<\/a>&nbsp; &nbsp;<\/span><\/strong><\/span><\/td>\n<td style=\"width: 49.9439%; text-align: left;\">&nbsp;<\/p>\n<p><a href=\"https:\/\/drive.google.com\/file\/d\/1wGObYyPoXMnTBD9DDRHqvkgHiGVkqw4R\/view?usp=sharing\" target=\"_blank\" rel=\"noopener\"><span style=\"font-size: 18pt;\"><strong>Coef du bac <img loading=\"lazy\" decoding=\"async\" class=\"size-thumbnail wp-image-1475 aligncenter\" src=\"https:\/\/www.pedagogie.ac-nice.fr\/economie-gestion\/wp-content\/uploads\/sites\/28\/2019\/10\/attention-jaune-redimen-125x150.jpg\" alt=\"\" width=\"125\" height=\"150\"><\/strong><\/span><\/a><\/td>\n<\/tr>\n<\/tbody>\n<\/table>\n<p>&nbsp;<\/p>\n<table style=\"border-collapse: collapse; width: 100%;\">\n<tbody>\n<tr>\n<td style=\"width: 50%;\">&nbsp;<\/td>\n<td style=\"width: 50%; text-align: left;\">&nbsp;<\/td>\n<\/tr>\n<\/tbody>\n<\/table>\n<p>&nbsp;<\/p>\n","protected":false},"excerpt":{"rendered":"<p>Veuillez trouver ci-dessus, les ressources des formations STMG de l&rsquo;acad\u00e9mie de Nice sur la p\u00e9riode de novembre et d\u00e9cembre 2021<\/p>\n","protected":false},"author":205,"featured_media":0,"parent":3166,"menu_order":0,"comment_status":"closed","ping_status":"closed","template":"","meta":{"colormag_page_container_layout":"default_layout","colormag_page_sidebar_layout":"default_layout","ngg_post_thumbnail":0,"footnotes":""},"class_list":["post-3074","page","type-page","status-publish","hentry"],"rttpg_featured_image_url":null,"rttpg_author":{"display_name":"Estelle REGIS","author_link":"https:\/\/www.pedagogie.ac-nice.fr\/economie-gestion\/author\/stmgadmin1\/"},"rttpg_comment":0,"rttpg_category":null,"rttpg_excerpt":"Veuillez trouver ci-dessus, les ressources des formations STMG de l&rsquo;acad\u00e9mie de Nice sur la p\u00e9riode de novembre et d\u00e9cembre 2021","post_mailing_queue_ids":[],"_links":{"self":[{"href":"https:\/\/www.pedagogie.ac-nice.fr\/economie-gestion\/wp-json\/wp\/v2\/pages\/3074","targetHints":{"allow":["GET"]}}],"collection":[{"href":"https:\/\/www.pedagogie.ac-nice.fr\/economie-gestion\/wp-json\/wp\/v2\/pages"}],"about":[{"href":"https:\/\/www.pedagogie.ac-nice.fr\/economie-gestion\/wp-json\/wp\/v2\/types\/page"}],"author":[{"embeddable":true,"href":"https:\/\/www.pedagogie.ac-nice.fr\/economie-gestion\/wp-json\/wp\/v2\/users\/205"}],"replies":[{"embeddable":true,"href":"https:\/\/www.pedagogie.ac-nice.fr\/economie-gestion\/wp-json\/wp\/v2\/comments?post=3074"}],"version-history":[{"count":12,"href":"https:\/\/www.pedagogie.ac-nice.fr\/economie-gestion\/wp-json\/wp\/v2\/pages\/3074\/revisions"}],"predecessor-version":[{"id":3101,"href":"https:\/\/www.pedagogie.ac-nice.fr\/economie-gestion\/wp-json\/wp\/v2\/pages\/3074\/revisions\/3101"}],"up":[{"embeddable":true,"href":"https:\/\/www.pedagogie.ac-nice.fr\/economie-gestion\/wp-json\/wp\/v2\/pages\/3166"}],"wp:attachment":[{"href":"https:\/\/www.pedagogie.ac-nice.fr\/economie-gestion\/wp-json\/wp\/v2\/media?parent=3074"}],"curies":[{"name":"wp","href":"https:\/\/api.w.org\/{rel}","templated":true}]}}