{"id":3299,"date":"2022-06-26T23:17:14","date_gmt":"2022-06-26T21:17:14","guid":{"rendered":"https:\/\/www.pedagogie.ac-nice.fr\/economie-gestion\/?page_id=3299"},"modified":"2022-06-26T23:18:21","modified_gmt":"2022-06-26T21:18:21","slug":"3299-2","status":"publish","type":"page","link":"https:\/\/www.pedagogie.ac-nice.fr\/economie-gestion\/3299-2\/","title":{"rendered":"Mars 2022"},"content":{"rendered":"<div class=\"entry-content\">\n<div class=\"\" style=\"text-align: center;\">\n<div class=\"entry-content clearfix\">\n<p><img decoding=\"async\" class=\"alignleft\" src=\"https:\/\/eduscol.education.fr\/sites\/default\/files\/styles\/sc147x208\/public\/2022-02\/lettre-edunum-eco-gestion-1.png?itok=6vrVKZ07\"><\/p>\n<\/div>\n<\/div>\n<p>&nbsp;<\/p>\n<hr>\n<p><strong><span style=\"color: #0000ff;\"><a style=\"color: #0000ff;\" href=\"https:\/\/eduscol.education.fr\/document\/33827\/download?attachment\" target=\"_blank\" rel=\"noopener\">Lettre \u00e9duNum N\u00b054<\/a><\/span><\/strong><\/p>\n<\/div>\n<p>Dans cette derni\u00e8re publication, vous trouvez en&nbsp;<strong>actualit\u00e9<\/strong>&nbsp;une mise en avant de la 19<sup>e<\/sup>&nbsp;\u00e9dition du programme national de sensibilisation des jeunes au num\u00e9rique.<\/p>\n<p>Vous d\u00e9couvrirez \u00e9galement des exemples de<strong>&nbsp;pratiques p\u00e9dagogiques, class\u00e9es en fonction des outils utilis\u00e9s&nbsp;: l\u2019exploitation d\u2019un syst\u00e8me d\u2019information de gestion des ressources&nbsp;<\/strong><strong>pour la Section de Technicien Sup\u00e9rieur&nbsp;<\/strong>Support \u00e0 l\u2019action manag\u00e9riale, l\u2019utilisation d\u2019une application pour les suivis de contr\u00f4le en cours de formation, et enfin, la cr\u00e9ation d\u2019un portfolio num\u00e9rique. &nbsp;&nbsp;<\/p>\n<div class=\"entry-content\">\n<div class=\"\" style=\"text-align: center;\">\n<hr>\n<p><img decoding=\"async\" src=\"https:\/\/abc-economie.banque-france.fr\/sites\/all\/themes\/bdf_abc\/logo.svg\"><\/p>\n<p><a href=\"https:\/\/abc-economie.banque-france.fr\/sites\/default\/files\/medias\/documents\/mot_actu_microcredit_v5.pdf\" target=\"_blank\" rel=\"noopener\">Nouvel fiche ABC de l&rsquo;\u00e9conomie sur le microcr\u00e9dit<\/a>&nbsp; Il fait partie des outils de la finance solidaire car il consiste \u00e0 pr\u00eater de petites sommes d\u2019argent \u00e0 des personnes ayant des difficult\u00e9s d\u2019acc\u00e8s au cr\u00e9dit bancaire classique du fait d\u2019une insuffisance de revenus ou d\u2019une situation de pr\u00e9carit\u00e9 sociale.<\/p>\n<p style=\"text-align: left;\"><a href=\"https:\/\/abc-economie.banque-france.fr\/sites\/default\/files\/medias\/documents\/20211221_mot_actu_obligation_verte_v5.pdf\" target=\"_blank\" rel=\"noopener\">Les obligations vertes<\/a> &nbsp;font partie des premiers instruments associ\u00e9s \u00e0 la finance verte. Elles ont connu un essor rapide dans le sillage de l\u2019Accord de Paris en 2015 et sont devenues un levier important du financement de projets li\u00e9s \u00e0 la transition \u00e9nerg\u00e9tique<\/p>\n<hr>\n<\/div>\n<p><img loading=\"lazy\" decoding=\"async\" class=\"wp-image-2227 alignleft\" src=\"https:\/\/www.pedagogie.ac-nice.fr\/economie-gestion\/wp-content\/uploads\/sites\/28\/2020\/02\/logo_pix.png\" alt=\"\" width=\"84\" height=\"84\" srcset=\"https:\/\/www.pedagogie.ac-nice.fr\/economie-gestion\/wp-content\/uploads\/sites\/28\/2020\/02\/logo_pix.png 300w, https:\/\/www.pedagogie.ac-nice.fr\/economie-gestion\/wp-content\/uploads\/sites\/28\/2020\/02\/logo_pix-150x150.png 150w\" sizes=\"auto, (max-width: 84px) 100vw, 84px\" \/>Rappel concernant PIX;<\/p>\n<p>Liens utiles:<\/p>\n<p><a href=\"https:\/\/eduscol.education.fr\/721\/evaluer-et-certifier-les-competences-numeriques#summary-item-0\" target=\"_blank\" rel=\"noopener\">https:\/\/eduscol.education.fr\/721\/evaluer-et-certifier-les-competences-numeriques#summary-item-0<\/a><\/p>\n<p><a href=\"https:\/\/www.pedagogie.ac-nice.fr\/dane\/s-informer\/pix\" target=\"_blank\" rel=\"noopener\">https:\/\/www.pedagogie.ac-nice.fr\/dane\/s-informer\/pix<\/a><\/p>\n<\/div>\n<hr>\n<p><img loading=\"lazy\" decoding=\"async\" class=\"alignleft\" src=\"https:\/\/cdn.radiofrance.fr\/s3\/cruiser-production\/2022\/02\/096dc065-a740-42d7-86b5-a756519c746f\/400x400_fc-histoiredeinternet-3000x3000.jpg\" alt=\"Une histoire de... l'internet, par Julien Le Bot\" width=\"187\" height=\"187\"><\/p>\n<h1 class=\"CoverPodcast-title g-title-2 svelte-3wrbt4\">Une histoire de\u2026 l&rsquo;Internet<\/h1>\n<div class=\"CoverPodcast-description g-text-2 svelte-3wrbt4\">\n<p class=\"CoverPodcast-standFirst svelte-3wrbt4\">En un demi-si\u00e8cle, Internet est devenue une infrastructure fondamentale au fonctionnement de nos soci\u00e9t\u00e9s. Mais qui conna\u00eet vraiment son histoire ? Retour sur 50 ans d\u2019histoire de ce r\u00e9seau des r\u00e9seaux pour tenter de cerner ce qui en fait une aventure humaine \u00e9minemment politique.<a href=\"https:\/\/www.radiofrance.fr\/franceculture\/podcasts\/serie-une-histoire-de-l-internet\" target=\"_blank\" rel=\"noopener\"> Retrouvez les 8 \u00e9pisodes<\/a><\/p>\n<\/div>\n<p>&nbsp;<\/p>\n<hr>\n<p><img decoding=\"async\" class=\"alignleft\" src=\"https:\/\/liseo.france-education-international.fr\/img_cache\/2b74842910880b054ccf388169caf735.png\" alt=\"10000 ans d'\u00e9conomie : 200 dates qui ont marqu\u00e9 l'histoire de l'\u00e9conomie\">La Cit\u00e9 de l\u2019\u00e9conomie propose sur son site internet un grand \u00e9ventail d\u2019outils et d\u2019approches pour d\u00e9couvrir l\u2019\u00e9conomie, dont une frise interactive. Celle-ci permet de parcourir l\u2019histoire \u00e9conomique \u00e0 travers 200 dates cl\u00e9s, depuis l\u2019apparition de l\u2019agriculture (vers 8 500 avant J-C) jusqu\u2019\u00e0 aujourd\u2019hui. Chaque date est pr\u00e9sent\u00e9e par un texte et accompagn\u00e9e de m\u00e9dias : images, vid\u00e9os d\u2019archives (gr\u00e2ce au partenariat avec l\u2019Institut national de l\u2019audiovisuel), sons et ressources compl\u00e9mentaires. Une navigation th\u00e9matique est possible \u00e0 travers 18 sujets parmi lesquels les id\u00e9es \u00e9conomiques, la monnaie, l\u2019innovation, la soci\u00e9t\u00e9, le commerce, le travail en entreprise ou encore les crises.<\/p>\n<p style=\"text-align: center;\"><strong><span style=\"font-size: 18pt;\"><a href=\"https:\/\/www.citeco.fr\/10000-ans-histoire-economie\/\" target=\"_blank\" rel=\"noopener\"><span style=\"color: #0000ff;\">200 dates qui ont marqu\u00e9 10 000 ans d&rsquo;histoire<\/span><\/a><\/span><\/strong><\/p>\n<hr>\n<h1 class=\"article-title\" style=\"text-align: center;\"><span style=\"font-size: 18pt; color: #0000ff;\"><img loading=\"lazy\" decoding=\"async\" class=\"alignleft\" src=\"https:\/\/images.jifo.co\/57005071_1651512017759.png\" alt=\"Image\" width=\"234\" height=\"89\">Les m\u00e9tiers en 2030<\/span><\/h1>\n<p>Le rapport Les M\u00e9tiers en 2030, r\u00e9alis\u00e9 par la Dares et France Strat\u00e9gie, a pour objectif d\u2019anticiper les besoins de recrutement des employeurs entre 2019 et 2030 dans diff\u00e9rents m\u00e9tiers. Il fournit \u00e9galement un \u00e9clairage sur les d\u00e9s\u00e9quilibres potentiels entre ces besoins de recrutement et le nombre de jeunes entrants sur le march\u00e9 du travail dans chaque m\u00e9tier.<\/p>\n<div class=\"d-md-flex justify-content-between\">\n<h2 class=\"box-title\"><span style=\"font-size: 14pt;\">T\u00c9L\u00c9CHARGER LE RAPPORT COMPLET <a href=\"https:\/\/dares.travail-emploi.gouv.fr\/dossier\/les-metiers-en-2030\" target=\"_blank\" rel=\"noopener\">en cliquant ici<\/a><\/span><\/h2>\n<\/div>\n<div class=\"box-content\">\n<div class=\"download\">\n<ul class=\"list\">\n<li class=\"list-item\"><span style=\"color: #0000ff;\"><a class=\"pdf\" style=\"color: #0000ff;\" title=\"Les m\u00e9tiers en 2030 - Le rapport - Nouvelle fen\u00eatre\" href=\"https:\/\/dares.travail-emploi.gouv.fr\/sites\/default\/files\/b6da88427d918e6f0a79b1b3227d5e30\/Dares_m%C3%A9tiers_en_2030.pdf\" target=\"_blank\" rel=\"noopener\" data-publication-date=\"2022-06-01T18:44:49Z\" data-updated-date=\"2022-06-01T18:45:45Z\">&nbsp;<span class=\"text\">Les m\u00e9tiers en 2030 &#8211; Le rapport&nbsp;<span class=\"download-information\">(PDF, 6.08 Mo)<\/span><\/span><\/a><\/span><\/li>\n<li class=\"list-item\"><span style=\"color: #0000ff;\"><a class=\"pdf\" style=\"color: #0000ff;\" title=\"Les m\u00e9tiers en 2030 - La synth\u00e8se - Nouvelle fen\u00eatre\" href=\"https:\/\/dares.travail-emploi.gouv.fr\/sites\/default\/files\/3e24a38b3dfd7fcdc6ae673815d51661\/Les%20m%C3%A9tiers%20en%202030%20-%20La%20synth%C3%A8se.pdf\" target=\"_blank\" rel=\"noopener\" data-publication-date=\"2022-03-15T09:25:23Z\" data-updated-date=\"2022-03-15T09:25:26Z\">&nbsp;<span class=\"text\">Les m\u00e9tiers en 2030 &#8211; La synth\u00e8se&nbsp;<span class=\"download-information\">(PDF, 1.9 Mo)<\/span><\/span><\/a><\/span><\/li>\n<li class=\"list-item\"><span style=\"color: #0000ff;\"><a class=\"xlsx\" style=\"color: #0000ff;\" title=\"Les m\u00e9tiers en 2030 - Les donn\u00e9es - Nouvelle fen\u00eatre\" href=\"https:\/\/dares.travail-emploi.gouv.fr\/sites\/default\/files\/f15dc3f8d72a7ba2d7ec5da4ea0f0c3d\/Les%20m%C3%A9tiers%20en%202030%20-%20Les%20donn%C3%A9es.xlsx\" target=\"_blank\" rel=\"noopener\" data-publication-date=\"2022-03-10T11:17:04Z\" data-updated-date=\"2022-03-10T11:17:06Z\">&nbsp;<span class=\"text\">Les m\u00e9tiers en 2030 &#8211; Les donn\u00e9es&nbsp;<span class=\"download-information\">(XLSX, 871.38 Ko)<\/span><\/span><\/a><\/span><\/li>\n<li class=\"list-item\"><span style=\"color: #0000ff;\"><a class=\"pdf\" style=\"color: #0000ff;\" title=\"Les m\u00e9tiers en 2030 - Le dossier de presse - Nouvelle fen\u00eatre\" href=\"https:\/\/dares.travail-emploi.gouv.fr\/sites\/default\/files\/9bce06c81bf86cda2109513385758de0\/Les%20me%CC%81tiers%20en%202030%20-%20Le%20dossier%20de%20presse.pdf\" target=\"_blank\" rel=\"noopener\" data-publication-date=\"2022-03-10T09:33:12Z\" data-updated-date=\"2022-03-10T09:43:10Z\">&nbsp;<span class=\"text\">Les m\u00e9tiers en 2030 &#8211; Le dossier de presse&nbsp;<span class=\"download-information\">(PDF, 1.16 Mo)<\/span><\/span><\/a><\/span><\/li>\n<\/ul>\n<hr>\n<p><strong>Les outils num\u00e9riques mobilisables en BTS MCO<\/strong>&nbsp;: <a href=\"http:\/\/crcm-tl.fr\/index.php\/diplomes\/mercatique\/bts-mco\/bts-mco-documents-officiels\/mco-documents-reperes\/veille-num-1\/4857-bts-mco-tableau-veille-num-28-04-21\/file\">http:\/\/crcm-tl.fr\/index.php\/diplomes\/mercatique\/bts-mco\/bts-mco-documents-officiels\/mco-documents-reperes\/veille-num-1\/4857-bts-mco-tableau-veille-num-28-04-21\/file<\/a><\/p>\n<p><img loading=\"lazy\" decoding=\"async\" class=\"aligncenter size-full wp-image-3301\" src=\"https:\/\/www.pedagogie.ac-nice.fr\/economie-gestion\/wp-content\/uploads\/sites\/28\/2022\/06\/bts-mco-1.png\" alt=\"\" width=\"1296\" height=\"854\" srcset=\"https:\/\/www.pedagogie.ac-nice.fr\/economie-gestion\/wp-content\/uploads\/sites\/28\/2022\/06\/bts-mco-1.png 1296w, https:\/\/www.pedagogie.ac-nice.fr\/economie-gestion\/wp-content\/uploads\/sites\/28\/2022\/06\/bts-mco-1-300x198.png 300w, https:\/\/www.pedagogie.ac-nice.fr\/economie-gestion\/wp-content\/uploads\/sites\/28\/2022\/06\/bts-mco-1-1024x675.png 1024w, https:\/\/www.pedagogie.ac-nice.fr\/economie-gestion\/wp-content\/uploads\/sites\/28\/2022\/06\/bts-mco-1-768x506.png 768w\" sizes=\"auto, (max-width: 1296px) 100vw, 1296px\" \/><\/p>\n<p>&nbsp;<\/p>\n<\/div>\n<\/div>\n","protected":false},"excerpt":{"rendered":"<p>&nbsp; Lettre \u00e9duNum N\u00b054 Dans cette derni\u00e8re publication, vous trouvez en&nbsp;actualit\u00e9&nbsp;une mise en avant de la 19e&nbsp;\u00e9dition du programme national<\/p>\n","protected":false},"author":205,"featured_media":0,"parent":0,"menu_order":0,"comment_status":"closed","ping_status":"closed","template":"","meta":{"colormag_page_container_layout":"default_layout","colormag_page_sidebar_layout":"default_layout","ngg_post_thumbnail":0,"footnotes":""},"class_list":["post-3299","page","type-page","status-publish","hentry"],"rttpg_featured_image_url":null,"rttpg_author":{"display_name":"Estelle REGIS","author_link":"https:\/\/www.pedagogie.ac-nice.fr\/economie-gestion\/author\/stmgadmin1\/"},"rttpg_comment":0,"rttpg_category":null,"rttpg_excerpt":"&nbsp; Lettre \u00e9duNum N\u00b054 Dans cette derni\u00e8re publication, vous trouvez en&nbsp;actualit\u00e9&nbsp;une mise en avant de la 19e&nbsp;\u00e9dition du programme national","post_mailing_queue_ids":[],"_links":{"self":[{"href":"https:\/\/www.pedagogie.ac-nice.fr\/economie-gestion\/wp-json\/wp\/v2\/pages\/3299","targetHints":{"allow":["GET"]}}],"collection":[{"href":"https:\/\/www.pedagogie.ac-nice.fr\/economie-gestion\/wp-json\/wp\/v2\/pages"}],"about":[{"href":"https:\/\/www.pedagogie.ac-nice.fr\/economie-gestion\/wp-json\/wp\/v2\/types\/page"}],"author":[{"embeddable":true,"href":"https:\/\/www.pedagogie.ac-nice.fr\/economie-gestion\/wp-json\/wp\/v2\/users\/205"}],"replies":[{"embeddable":true,"href":"https:\/\/www.pedagogie.ac-nice.fr\/economie-gestion\/wp-json\/wp\/v2\/comments?post=3299"}],"version-history":[{"count":2,"href":"https:\/\/www.pedagogie.ac-nice.fr\/economie-gestion\/wp-json\/wp\/v2\/pages\/3299\/revisions"}],"predecessor-version":[{"id":3303,"href":"https:\/\/www.pedagogie.ac-nice.fr\/economie-gestion\/wp-json\/wp\/v2\/pages\/3299\/revisions\/3303"}],"wp:attachment":[{"href":"https:\/\/www.pedagogie.ac-nice.fr\/economie-gestion\/wp-json\/wp\/v2\/media?parent=3299"}],"curies":[{"name":"wp","href":"https:\/\/api.w.org\/{rel}","templated":true}]}}

<div class="entry-content">
<div class="" style="text-align: center;">
<div class="entry-content clearfix">
<p><img decoding="async" class="alignleft" src="https://eduscol.education.fr/sites/default/files/styles/sc147x208/public/2022-02/lettre-edunum-eco-gestion-1.png?itok=6vrVKZ07"></p>
</div>
</div>
<p>&nbsp;</p>
<hr>
<p><strong><span style="color: #0000ff;"><a style="color: #0000ff;" href="https://eduscol.education.fr/document/33827/download?attachment" target="_blank" rel="noopener">Lettre éduNum N°54</a></span></strong></p>
</div>
<p>Dans cette dernière publication, vous trouvez en&nbsp;<strong>actualité</strong>&nbsp;une mise en avant de la 19<sup>e</sup>&nbsp;édition du programme national de sensibilisation des jeunes au numérique.</p>
<p>Vous découvrirez également des exemples de<strong>&nbsp;pratiques pédagogiques, classées en fonction des outils utilisés&nbsp;: l’exploitation d’un système d’information de gestion des ressources&nbsp;</strong><strong>pour la Section de Technicien Supérieur&nbsp;</strong>Support à l’action managériale, l’utilisation d’une application pour les suivis de contrôle en cours de formation, et enfin, la création d’un portfolio numérique. &nbsp;&nbsp;</p>
<div class="entry-content">
<div class="" style="text-align: center;">
<hr>
<p><img decoding="async" src="https://abc-economie.banque-france.fr/sites/all/themes/bdf_abc/logo.svg"></p>
<p><a href="https://abc-economie.banque-france.fr/sites/default/files/medias/documents/mot_actu_microcredit_v5.pdf" target="_blank" rel="noopener">Nouvel fiche ABC de l&rsquo;économie sur le microcrédit</a>&nbsp; Il fait partie des outils de la finance solidaire car il consiste à prêter de petites sommes d’argent à des personnes ayant des difficultés d’accès au crédit bancaire classique du fait d’une insuffisance de revenus ou d’une situation de précarité sociale.</p>
<p style="text-align: left;"><a href="https://abc-economie.banque-france.fr/sites/default/files/medias/documents/20211221_mot_actu_obligation_verte_v5.pdf" target="_blank" rel="noopener">Les obligations vertes</a> &nbsp;font partie des premiers instruments associés à la finance verte. Elles ont connu un essor rapide dans le sillage de l’Accord de Paris en 2015 et sont devenues un levier important du financement de projets liés à la transition énergétique</p>
<hr>
</div>
<p><img loading="lazy" decoding="async" class="wp-image-2227 alignleft" src="https://www.pedagogie.ac-nice.fr/economie-gestion/wp-content/uploads/sites/28/2020/02/logo_pix.png" alt="" width="84" height="84" srcset="https://www.pedagogie.ac-nice.fr/economie-gestion/wp-content/uploads/sites/28/2020/02/logo_pix.png 300w, https://www.pedagogie.ac-nice.fr/economie-gestion/wp-content/uploads/sites/28/2020/02/logo_pix-150x150.png 150w" sizes="auto, (max-width: 84px) 100vw, 84px" />Rappel concernant PIX;</p>
<p>Liens utiles:</p>
<p><a href="https://eduscol.education.fr/721/evaluer-et-certifier-les-competences-numeriques#summary-item-0" target="_blank" rel="noopener">https://eduscol.education.fr/721/evaluer-et-certifier-les-competences-numeriques#summary-item-0</a></p>
<p><a href="https://www.pedagogie.ac-nice.fr/dane/s-informer/pix" target="_blank" rel="noopener">https://www.pedagogie.ac-nice.fr/dane/s-informer/pix</a></p>
</div>
<hr>
<p><img loading="lazy" decoding="async" class="alignleft" src="https://cdn.radiofrance.fr/s3/cruiser-production/2022/02/096dc065-a740-42d7-86b5-a756519c746f/400x400_fc-histoiredeinternet-3000x3000.jpg" alt="Une histoire de... l'internet, par Julien Le Bot" width="187" height="187"></p>
<h1 class="CoverPodcast-title g-title-2 svelte-3wrbt4">Une histoire de… l&rsquo;Internet</h1>
<div class="CoverPodcast-description g-text-2 svelte-3wrbt4">
<p class="CoverPodcast-standFirst svelte-3wrbt4">En un demi-siècle, Internet est devenue une infrastructure fondamentale au fonctionnement de nos sociétés. Mais qui connaît vraiment son histoire ? Retour sur 50 ans d’histoire de ce réseau des réseaux pour tenter de cerner ce qui en fait une aventure humaine éminemment politique.<a href="https://www.radiofrance.fr/franceculture/podcasts/serie-une-histoire-de-l-internet" target="_blank" rel="noopener"> Retrouvez les 8 épisodes</a></p>
</div>
<p>&nbsp;</p>
<hr>
<p><img decoding="async" class="alignleft" src="https://liseo.france-education-international.fr/img_cache/2b74842910880b054ccf388169caf735.png" alt="10000 ans d'économie : 200 dates qui ont marqué l'histoire de l'économie">La Cité de l’économie propose sur son site internet un grand éventail d’outils et d’approches pour découvrir l’économie, dont une frise interactive. Celle-ci permet de parcourir l’histoire économique à travers 200 dates clés, depuis l’apparition de l’agriculture (vers 8 500 avant J-C) jusqu’à aujourd’hui. Chaque date est présentée par un texte et accompagnée de médias : images, vidéos d’archives (grâce au partenariat avec l’Institut national de l’audiovisuel), sons et ressources complémentaires. Une navigation thématique est possible à travers 18 sujets parmi lesquels les idées économiques, la monnaie, l’innovation, la société, le commerce, le travail en entreprise ou encore les crises.</p>
<p style="text-align: center;"><strong><span style="font-size: 18pt;"><a href="https://www.citeco.fr/10000-ans-histoire-economie/" target="_blank" rel="noopener"><span style="color: #0000ff;">200 dates qui ont marqué 10 000 ans d&rsquo;histoire</span></a></span></strong></p>
<hr>
<h1 class="article-title" style="text-align: center;"><span style="font-size: 18pt; color: #0000ff;"><img loading="lazy" decoding="async" class="alignleft" src="https://images.jifo.co/57005071_1651512017759.png" alt="Image" width="234" height="89">Les métiers en 2030</span></h1>
<p>Le rapport Les Métiers en 2030, réalisé par la Dares et France Stratégie, a pour objectif d’anticiper les besoins de recrutement des employeurs entre 2019 et 2030 dans différents métiers. Il fournit également un éclairage sur les déséquilibres potentiels entre ces besoins de recrutement et le nombre de jeunes entrants sur le marché du travail dans chaque métier.</p>
<div class="d-md-flex justify-content-between">
<h2 class="box-title"><span style="font-size: 14pt;">TÉLÉCHARGER LE RAPPORT COMPLET <a href="https://dares.travail-emploi.gouv.fr/dossier/les-metiers-en-2030" target="_blank" rel="noopener">en cliquant ici</a></span></h2>
</div>
<div class="box-content">
<div class="download">
<ul class="list">
<li class="list-item"><span style="color: #0000ff;"><a class="pdf" style="color: #0000ff;" title="Les métiers en 2030 - Le rapport - Nouvelle fenêtre" href="https://dares.travail-emploi.gouv.fr/sites/default/files/b6da88427d918e6f0a79b1b3227d5e30/Dares_m%C3%A9tiers_en_2030.pdf" target="_blank" rel="noopener" data-publication-date="2022-06-01T18:44:49Z" data-updated-date="2022-06-01T18:45:45Z">&nbsp;<span class="text">Les métiers en 2030 &#8211; Le rapport&nbsp;<span class="download-information">(PDF, 6.08 Mo)</span></span></a></span></li>
<li class="list-item"><span style="color: #0000ff;"><a class="pdf" style="color: #0000ff;" title="Les métiers en 2030 - La synthèse - Nouvelle fenêtre" href="https://dares.travail-emploi.gouv.fr/sites/default/files/3e24a38b3dfd7fcdc6ae673815d51661/Les%20m%C3%A9tiers%20en%202030%20-%20La%20synth%C3%A8se.pdf" target="_blank" rel="noopener" data-publication-date="2022-03-15T09:25:23Z" data-updated-date="2022-03-15T09:25:26Z">&nbsp;<span class="text">Les métiers en 2030 &#8211; La synthèse&nbsp;<span class="download-information">(PDF, 1.9 Mo)</span></span></a></span></li>
<li class="list-item"><span style="color: #0000ff;"><a class="xlsx" style="color: #0000ff;" title="Les métiers en 2030 - Les données - Nouvelle fenêtre" href="https://dares.travail-emploi.gouv.fr/sites/default/files/f15dc3f8d72a7ba2d7ec5da4ea0f0c3d/Les%20m%C3%A9tiers%20en%202030%20-%20Les%20donn%C3%A9es.xlsx" target="_blank" rel="noopener" data-publication-date="2022-03-10T11:17:04Z" data-updated-date="2022-03-10T11:17:06Z">&nbsp;<span class="text">Les métiers en 2030 &#8211; Les données&nbsp;<span class="download-information">(XLSX, 871.38 Ko)</span></span></a></span></li>
<li class="list-item"><span style="color: #0000ff;"><a class="pdf" style="color: #0000ff;" title="Les métiers en 2030 - Le dossier de presse - Nouvelle fenêtre" href="https://dares.travail-emploi.gouv.fr/sites/default/files/9bce06c81bf86cda2109513385758de0/Les%20me%CC%81tiers%20en%202030%20-%20Le%20dossier%20de%20presse.pdf" target="_blank" rel="noopener" data-publication-date="2022-03-10T09:33:12Z" data-updated-date="2022-03-10T09:43:10Z">&nbsp;<span class="text">Les métiers en 2030 &#8211; Le dossier de presse&nbsp;<span class="download-information">(PDF, 1.16 Mo)</span></span></a></span></li>
</ul>
<hr>
<p><strong>Les outils numériques mobilisables en BTS MCO</strong>&nbsp;: <a href="http://crcm-tl.fr/index.php/diplomes/mercatique/bts-mco/bts-mco-documents-officiels/mco-documents-reperes/veille-num-1/4857-bts-mco-tableau-veille-num-28-04-21/file">http://crcm-tl.fr/index.php/diplomes/mercatique/bts-mco/bts-mco-documents-officiels/mco-documents-reperes/veille-num-1/4857-bts-mco-tableau-veille-num-28-04-21/file</a></p>
<p><img loading="lazy" decoding="async" class="aligncenter size-full wp-image-3301" src="https://www.pedagogie.ac-nice.fr/economie-gestion/wp-content/uploads/sites/28/2022/06/bts-mco-1.png" alt="" width="1296" height="854" srcset="https://www.pedagogie.ac-nice.fr/economie-gestion/wp-content/uploads/sites/28/2022/06/bts-mco-1.png 1296w, https://www.pedagogie.ac-nice.fr/economie-gestion/wp-content/uploads/sites/28/2022/06/bts-mco-1-300x198.png 300w, https://www.pedagogie.ac-nice.fr/economie-gestion/wp-content/uploads/sites/28/2022/06/bts-mco-1-1024x675.png 1024w, https://www.pedagogie.ac-nice.fr/economie-gestion/wp-content/uploads/sites/28/2022/06/bts-mco-1-768x506.png 768w" sizes="auto, (max-width: 1296px) 100vw, 1296px" /></p>
<p>&nbsp;</p>
</div>
</div>

<p>&nbsp; Lettre éduNum N°54 Dans cette dernière publication, vous trouvez en&nbsp;actualité&nbsp;une mise en avant de la 19e&nbsp;édition du programme national</p>

&nbsp; Lettre éduNum N°54 Dans cette dernière publication, vous trouvez en&nbsp;actualité&nbsp;une mise en avant de la 19e&nbsp;édition du programme national
