{"id":688,"date":"2019-09-09T00:15:31","date_gmt":"2019-09-08T22:15:31","guid":{"rendered":"https:\/\/www.pedagogie.ac-nice.fr\/stmg\/?page_id=688"},"modified":"2019-10-31T10:32:08","modified_gmt":"2019-10-31T09:32:08","slug":"notre-place-et-etat-de-la-discipline","status":"publish","type":"page","link":"https:\/\/www.pedagogie.ac-nice.fr\/economie-gestion\/notre-place-et-etat-de-la-discipline\/","title":{"rendered":"Notre place et \u00e9tat de la discipline"},"content":{"rendered":"<p>L&rsquo;\u00c9conomie et Gestion recouvre un ensemble de disciplines, ou champs disciplinaires, relevant de l&rsquo;\u00e9conomie, du\u00a0droit, des sciences de gestion, de la communication, de l&rsquo;informatique, mis en \u0153uvre dans des enseignements\u00a0technologiques et professionnels. Ces champs disciplinaires s\u2019\u00e9tendent du certificat d\u2019aptitude professionnel\u00a0(CAP) jusqu&rsquo;au niveau du brevet de technicien sup\u00e9rieur (BTS), comme aux classes pr\u00e9paratoires au haut\u00a0enseignement commercial r\u00e9serv\u00e9es aux bacheliers STMG, les classes pr\u00e9paratoires aux grandes \u00e9coles (CPGE, voie\u00a0technologique) et aux dipl\u00f4mes professionnels de la comptabilit\u00e9, le dipl\u00f4me de comptabilit\u00e9 et gestion (DCG), et\u00a0le dipl\u00f4me sup\u00e9rieur de comptabilit\u00e9 et gestion (DSCG).<\/p>\n<p>Les formations correspondantes sont positionn\u00e9es d&rsquo;une part dans la voie technologique et d&rsquo;autre part dans la\u00a0voie professionnelle.<\/p>\n<p>L&rsquo;\u00c9conomie et Gestion est pr\u00e9sente dans deux baccalaur\u00e9ats technologiques :<\/p>\n<ul>\n<li><strong>STMG<\/strong> &#8211; Sciences et Technologies du Management et de la Gestion (pr\u00e8s de 145 000 \u00e9l\u00e8ves en 2017-2018), organis\u00e9e en 4 sp\u00e9cialit\u00e9s en classe de terminale\u00a0 :\n<ul>\n<li>Ressources humaines et communication<\/li>\n<li>Gestion et finance<\/li>\n<li>Syst\u00e8mes d\u2019information de gestion<\/li>\n<li>Mercatique<\/li>\n<\/ul>\n<\/li>\n<\/ul>\n<p>&nbsp;<\/p>\n<ul>\n<li><strong>STHR<\/strong> &#8211; Sciences et Technologies de l&rsquo;H\u00f4tellerie et de la Restauration (pr\u00e8s de 7 200 \u00e9l\u00e8ves en 2017-2018).<\/li>\n<\/ul>\n<p>&nbsp;<\/p>\n<p>\u00c0 partir de la rentr\u00e9e de septembre 2019, l&rsquo;enseignement technologique optionnel \u00ab\u00a0Management et gestion\u00a0\u00bb est propos\u00e9 en classe de seconde.<\/p>\n<p style=\"text-align: right;\">contrib.eduscol.education.fr<\/p>\n<table style=\"border-collapse: collapse; width: 100%;\">\n<tbody>\n<tr>\n<td style=\"width: 50%;\"><\/td>\n<td style=\"width: 50%;\">\t\t<link href=\"https:\/\/www.pedagogie.ac-nice.fr\/economie-gestion\/wp-content\/plugins\/slideshow-ck\/themes\/default\/css\/camera.css\" rel=\"stylesheet\" type=\"text\/css\" \/>\n\t\t<style type=\"text\/css\">\n\t\t\t#camera_wrap_917 .camera_pag_ul li img, #camera_wrap_917 .camera_thumbs_cont ul li img {\n\t\t\t\theight:4px;\n\t\t\t\twidth: auto;\n\t\t\t}\n\t\t\t#camera_wrap_917 .camera_caption {\n\t\t\t\tdisplay: block;\n\t\t\t\tposition: absolute;\n\t\t\t}\n\t\t\t#camera_wrap_917 .camera_caption a.camera_caption_link {\n\t\t\t\tdisplay: block;\n\t\t\t\tposition: absolute;\n\t\t\t\tleft: 0;\n\t\t\t\tright: 0;\n\t\t\t\ttop: 0;\n\t\t\t\tbottom: 0;\n\t\t\t}\n\t\t\t#camera_wrap_917 .camera_caption > div {\n\t\t\t\tmargin-top: 50px;margin-right: 50px;margin-bottom: 50px;margin-left: 50px;background: #000000;\t\t\t}\n\t\t\t#camera_wrap_917 .camera_caption div.camera_caption_title {\n\t\t\t\tfont-size: 18px;line-height: 18px;font-weight: normal;\t\t\t}\n\t\t\t#camera_wrap_917 .camera_caption div.camera_caption_desc {\n\t\t\t\tfont-size: 12px;line-height: 12px;font-weight: normal;\t\t\t}\n\t\t<\/style>\n\t\t\t\t<div class=\"slideshowck camera_wrap camera_amber_skin\" id=\"camera_wrap_917\">\n\t\t\t\t\t\t\t<div  data-thumb=\"https:\/\/www.pedagogie.ac-nice.fr\/economie-gestion\/wp-content\/uploads\/sites\/28\/2019\/09\/num\u00e9rique.jpg\" data-src=\"https:\/\/www.pedagogie.ac-nice.fr\/economie-gestion\/wp-content\/uploads\/sites\/28\/2019\/09\/num\u00e9rique.jpg\" data-link=\"https:\/\/www.pedagogie.ac-nice.fr\/economie-gestion\/wp-content\/uploads\/sites\/28\/2019\/09\/num\u00e9rique.jpg\" data-target=\"_parent\">\n\t\t\t\t\t\t\t\t\t\t<\/div>\n\t\t\t\t\t\t\t<div  data-thumb=\"https:\/\/www.pedagogie.ac-nice.fr\/economie-gestion\/wp-content\/uploads\/sites\/28\/2019\/09\/RH.jpg\" data-src=\"https:\/\/www.pedagogie.ac-nice.fr\/economie-gestion\/wp-content\/uploads\/sites\/28\/2019\/09\/RH.jpg\" data-link=\"https:\/\/www.pedagogie.ac-nice.fr\/economie-gestion\/wp-content\/uploads\/sites\/28\/2019\/09\/RH.jpg\" data-target=\"_parent\">\n\t\t\t\t\t\t\t\t\t\t<\/div>\n\t\t\t\t\t\t\t<div  data-thumb=\"https:\/\/www.pedagogie.ac-nice.fr\/economie-gestion\/wp-content\/uploads\/sites\/28\/2019\/09\/COMPTA.jpg\" data-src=\"https:\/\/www.pedagogie.ac-nice.fr\/economie-gestion\/wp-content\/uploads\/sites\/28\/2019\/09\/COMPTA.jpg\" data-link=\"https:\/\/www.pedagogie.ac-nice.fr\/economie-gestion\/wp-content\/uploads\/sites\/28\/2019\/09\/COMPTA.jpg\" data-target=\"_parent\">\n\t\t\t\t\t\t\t\t\t\t<\/div>\n\t\t\t\t\t\t\t<div  data-thumb=\"https:\/\/www.pedagogie.ac-nice.fr\/economie-gestion\/wp-content\/uploads\/sites\/28\/2019\/09\/MANAGEMENT.jpg\" data-src=\"https:\/\/www.pedagogie.ac-nice.fr\/economie-gestion\/wp-content\/uploads\/sites\/28\/2019\/09\/MANAGEMENT.jpg\" data-link=\"https:\/\/www.pedagogie.ac-nice.fr\/economie-gestion\/wp-content\/uploads\/sites\/28\/2019\/09\/MANAGEMENT.jpg\" data-target=\"_parent\">\n\t\t\t\t\t\t\t\t\t\t<\/div>\n\t\t\t\t\t\t\t<div  data-thumb=\"https:\/\/www.pedagogie.ac-nice.fr\/economie-gestion\/wp-content\/uploads\/sites\/28\/2019\/09\/ECO.jpg\" data-src=\"https:\/\/www.pedagogie.ac-nice.fr\/economie-gestion\/wp-content\/uploads\/sites\/28\/2019\/09\/ECO.jpg\" data-link=\"https:\/\/www.pedagogie.ac-nice.fr\/economie-gestion\/wp-content\/uploads\/sites\/28\/2019\/09\/ECO.jpg\" data-target=\"_parent\">\n\t\t\t\t\t\t\t\t\t\t<\/div>\n\t\t\t\t\t\t\t<div  data-thumb=\"https:\/\/www.pedagogie.ac-nice.fr\/economie-gestion\/wp-content\/uploads\/sites\/28\/2019\/09\/MARKETING.jpg\" data-src=\"https:\/\/www.pedagogie.ac-nice.fr\/economie-gestion\/wp-content\/uploads\/sites\/28\/2019\/09\/MARKETING.jpg\" data-link=\"https:\/\/www.pedagogie.ac-nice.fr\/economie-gestion\/wp-content\/uploads\/sites\/28\/2019\/09\/MARKETING.jpg\" data-target=\"_parent\">\n\t\t\t\t\t\t\t\t\t\t<\/div>\n\t\t\t\t\t<\/div>\n\t\t<div style=\"clear:both;\"><\/div>\n\t\t<\/td>\n<\/tr>\n<\/tbody>\n<\/table>\n<p>&nbsp;<\/p>\n","protected":false},"excerpt":{"rendered":"<p>L&rsquo;\u00c9conomie et Gestion recouvre un ensemble de disciplines, ou champs disciplinaires, relevant de l&rsquo;\u00e9conomie, du\u00a0droit, des sciences de gestion, de<\/p>\n","protected":false},"author":205,"featured_media":0,"parent":0,"menu_order":0,"comment_status":"closed","ping_status":"closed","template":"","meta":{"colormag_page_container_layout":"default_layout","colormag_page_sidebar_layout":"default_layout","ngg_post_thumbnail":0,"footnotes":""},"class_list":["post-688","page","type-page","status-publish","hentry"],"rttpg_featured_image_url":null,"rttpg_author":{"display_name":"Estelle REGIS","author_link":"https:\/\/www.pedagogie.ac-nice.fr\/economie-gestion\/author\/stmgadmin1\/"},"rttpg_comment":0,"rttpg_category":null,"rttpg_excerpt":"L&rsquo;\u00c9conomie et Gestion recouvre un ensemble de disciplines, ou champs disciplinaires, relevant de l&rsquo;\u00e9conomie, du\u00a0droit, des sciences de gestion, de","post_mailing_queue_ids":[],"_links":{"self":[{"href":"https:\/\/www.pedagogie.ac-nice.fr\/economie-gestion\/wp-json\/wp\/v2\/pages\/688","targetHints":{"allow":["GET"]}}],"collection":[{"href":"https:\/\/www.pedagogie.ac-nice.fr\/economie-gestion\/wp-json\/wp\/v2\/pages"}],"about":[{"href":"https:\/\/www.pedagogie.ac-nice.fr\/economie-gestion\/wp-json\/wp\/v2\/types\/page"}],"author":[{"embeddable":true,"href":"https:\/\/www.pedagogie.ac-nice.fr\/economie-gestion\/wp-json\/wp\/v2\/users\/205"}],"replies":[{"embeddable":true,"href":"https:\/\/www.pedagogie.ac-nice.fr\/economie-gestion\/wp-json\/wp\/v2\/comments?post=688"}],"version-history":[{"count":7,"href":"https:\/\/www.pedagogie.ac-nice.fr\/economie-gestion\/wp-json\/wp\/v2\/pages\/688\/revisions"}],"predecessor-version":[{"id":2058,"href":"https:\/\/www.pedagogie.ac-nice.fr\/economie-gestion\/wp-json\/wp\/v2\/pages\/688\/revisions\/2058"}],"wp:attachment":[{"href":"https:\/\/www.pedagogie.ac-nice.fr\/economie-gestion\/wp-json\/wp\/v2\/media?parent=688"}],"curies":[{"name":"wp","href":"https:\/\/api.w.org\/{rel}","templated":true}]}}

Notre place et état de la discipline

<p>L&rsquo;Économie et Gestion recouvre un ensemble de disciplines, ou champs disciplinaires, relevant de l&rsquo;économie, du droit, des sciences de gestion, de la communication, de l&rsquo;informatique, mis en œuvre dans des enseignements technologiques et professionnels. Ces champs disciplinaires s’étendent du certificat d’aptitude professionnel (CAP) jusqu&rsquo;au niveau du brevet de technicien supérieur (BTS), comme aux classes préparatoires au haut enseignement commercial réservées aux bacheliers STMG, les classes préparatoires aux grandes écoles (CPGE, voie technologique) et aux diplômes professionnels de la comptabilité, le diplôme de comptabilité et gestion (DCG), et le diplôme supérieur de comptabilité et gestion (DSCG).</p>
<p>Les formations correspondantes sont positionnées d&rsquo;une part dans la voie technologique et d&rsquo;autre part dans la voie professionnelle.</p>
<p>L&rsquo;Économie et Gestion est présente dans deux baccalauréats technologiques :</p>
<ul>
<li><strong>STMG</strong> &#8211; Sciences et Technologies du Management et de la Gestion (près de 145 000 élèves en 2017-2018), organisée en 4 spécialités en classe de terminale  :
<ul>
<li>Ressources humaines et communication</li>
<li>Gestion et finance</li>
<li>Systèmes d’information de gestion</li>
<li>Mercatique</li>
</ul>
</li>
</ul>
<p>&nbsp;</p>
<ul>
<li><strong>STHR</strong> &#8211; Sciences et Technologies de l&rsquo;Hôtellerie et de la Restauration (près de 7 200 élèves en 2017-2018).</li>
</ul>
<p>&nbsp;</p>
<p>À partir de la rentrée de septembre 2019, l&rsquo;enseignement technologique optionnel « Management et gestion » est proposé en classe de seconde.</p>
<p style="text-align: right;">contrib.eduscol.education.fr</p>
<table style="border-collapse: collapse; width: 100%;">
<tbody>
<tr>
<td style="width: 50%;"></td>
<td style="width: 50%;">		<link href="https://www.pedagogie.ac-nice.fr/economie-gestion/wp-content/plugins/slideshow-ck/themes/default/css/camera.css" rel="stylesheet" type="text/css" />
		<style type="text/css">
			#camera_wrap_917 .camera_pag_ul li img, #camera_wrap_917 .camera_thumbs_cont ul li img {
				height:4px;
				width: auto;
			}
			#camera_wrap_917 .camera_caption {
				display: block;
				position: absolute;
			}
			#camera_wrap_917 .camera_caption a.camera_caption_link {
				display: block;
				position: absolute;
				left: 0;
				right: 0;
				top: 0;
				bottom: 0;
			}
			#camera_wrap_917 .camera_caption > div {
				margin-top: 50px;margin-right: 50px;margin-bottom: 50px;margin-left: 50px;background: #000000;			}
			#camera_wrap_917 .camera_caption div.camera_caption_title {
				font-size: 18px;line-height: 18px;font-weight: normal;			}
			#camera_wrap_917 .camera_caption div.camera_caption_desc {
				font-size: 12px;line-height: 12px;font-weight: normal;			}
		</style>
				<div class="slideshowck camera_wrap camera_amber_skin" id="camera_wrap_917">
							<div  data-thumb="https://www.pedagogie.ac-nice.fr/economie-gestion/wp-content/uploads/sites/28/2019/09/numérique.jpg" data-src="https://www.pedagogie.ac-nice.fr/economie-gestion/wp-content/uploads/sites/28/2019/09/numérique.jpg" data-link="https://www.pedagogie.ac-nice.fr/economie-gestion/wp-content/uploads/sites/28/2019/09/numérique.jpg" data-target="_parent">
										</div>
							<div  data-thumb="https://www.pedagogie.ac-nice.fr/economie-gestion/wp-content/uploads/sites/28/2019/09/RH.jpg" data-src="https://www.pedagogie.ac-nice.fr/economie-gestion/wp-content/uploads/sites/28/2019/09/RH.jpg" data-link="https://www.pedagogie.ac-nice.fr/economie-gestion/wp-content/uploads/sites/28/2019/09/RH.jpg" data-target="_parent">
										</div>
							<div  data-thumb="https://www.pedagogie.ac-nice.fr/economie-gestion/wp-content/uploads/sites/28/2019/09/COMPTA.jpg" data-src="https://www.pedagogie.ac-nice.fr/economie-gestion/wp-content/uploads/sites/28/2019/09/COMPTA.jpg" data-link="https://www.pedagogie.ac-nice.fr/economie-gestion/wp-content/uploads/sites/28/2019/09/COMPTA.jpg" data-target="_parent">
										</div>
							<div  data-thumb="https://www.pedagogie.ac-nice.fr/economie-gestion/wp-content/uploads/sites/28/2019/09/MANAGEMENT.jpg" data-src="https://www.pedagogie.ac-nice.fr/economie-gestion/wp-content/uploads/sites/28/2019/09/MANAGEMENT.jpg" data-link="https://www.pedagogie.ac-nice.fr/economie-gestion/wp-content/uploads/sites/28/2019/09/MANAGEMENT.jpg" data-target="_parent">
										</div>
							<div  data-thumb="https://www.pedagogie.ac-nice.fr/economie-gestion/wp-content/uploads/sites/28/2019/09/ECO.jpg" data-src="https://www.pedagogie.ac-nice.fr/economie-gestion/wp-content/uploads/sites/28/2019/09/ECO.jpg" data-link="https://www.pedagogie.ac-nice.fr/economie-gestion/wp-content/uploads/sites/28/2019/09/ECO.jpg" data-target="_parent">
										</div>
							<div  data-thumb="https://www.pedagogie.ac-nice.fr/economie-gestion/wp-content/uploads/sites/28/2019/09/MARKETING.jpg" data-src="https://www.pedagogie.ac-nice.fr/economie-gestion/wp-content/uploads/sites/28/2019/09/MARKETING.jpg" data-link="https://www.pedagogie.ac-nice.fr/economie-gestion/wp-content/uploads/sites/28/2019/09/MARKETING.jpg" data-target="_parent">
										</div>
					</div>
		<div style="clear:both;"></div>
		</td>
</tr>
</tbody>
</table>
<p>&nbsp;</p>

<p>L&rsquo;Économie et Gestion recouvre un ensemble de disciplines, ou champs disciplinaires, relevant de l&rsquo;économie, du droit, des sciences de gestion, de</p>

L&rsquo;Économie et Gestion recouvre un ensemble de disciplines, ou champs disciplinaires, relevant de l&rsquo;économie, du droit, des sciences de gestion, de
