{"id":689,"date":"2019-09-09T00:15:31","date_gmt":"2019-09-08T22:15:31","guid":{"rendered":"https:\/\/www.pedagogie.ac-nice.fr\/stmg\/?page_id=689"},"modified":"2022-06-15T22:17:42","modified_gmt":"2022-06-15T20:17:42","slug":"les-equipes-de-lacademie","status":"publish","type":"page","link":"https:\/\/www.pedagogie.ac-nice.fr\/economie-gestion\/les-equipes-de-lacademie\/","title":{"rendered":"Les \u00e9quipes de l&rsquo;acad\u00e9mie"},"content":{"rendered":"<p>DDFTP: <a href=\"https:\/\/drive.google.com\/drive\/folders\/0B0KBw4q4-7Dhd21oM0pyb01XNzg?usp=sharing\" target=\"_blank\" rel=\"noopener noreferrer\">Lien vers les comptes-rendus de r\u00e9unions annuelles<\/a><\/p>\n<ul>\n<li><strong>Charg\u00e9s de missions d\u2019aide \u00e0 l\u2019inspection :<\/strong>&nbsp; Pascal SCHEMBRI (LTH Paul Augier NICE), DDFPT (Chefs des travaux) : selon les \u00e9tablissements<\/li>\n<\/ul>\n<p>&nbsp;<\/p>\n<ul>\n<li><strong>Coordonnateurs disciplinaires Eco-Gest Etablissement (Pr\u00e9 Bac et\/ou Post Bac)<\/strong> : selon les \u00e9tablissements<\/li>\n<\/ul>\n<p>&nbsp;<\/p>\n<ul>\n<li><strong>&nbsp;IAN Site acad\u00e9mique<\/strong> : Estelle REGIS (Lyc\u00e9e Du Coudon La GARDE)<\/li>\n<\/ul>\n<p>&nbsp;<\/p>\n<ul>\n<li><strong>PFA et Formateurs m\u00e9tiers (suivi, formation et visites des stagiaires TP)<\/strong> :<\/li>\n<\/ul>\n<p>&nbsp;<\/p>\n<ul>\n<li><strong>Formateurs acad\u00e9miques disciplinaires (PAF STMG, T1 \/ T2 \/ T3, formation num\u00e9rique et formations stagiaires TP\u2026), et formateurs INSPE (Praticiens terrain\u2026) :<\/strong><\/li>\n<\/ul>\n<p>Virginie DANET,<\/p>\n<p>Carole CATON,<\/p>\n<p>Sophie LANGLET,<\/p>\n<p>Isabelle CLAUSIER,<\/p>\n<p>Anne CAPO,<\/p>\n<p>Nicolas EPIN,<\/p>\n<p>Laurence CASTANET,<\/p>\n<p>Elisabeth BOUTILLOT,<\/p>\n<p>Estelle REGIS,<\/p>\n<p>V\u00e9ronique DEREUX-GAUBERT \u2026<br \/>\nNB : de nouveaux formateurs sont susceptibles d\u2019\u00eatre sollicit\u00e9s en cours d\u2019ann\u00e9e<\/p>\n<ul>\n<li>&nbsp;<strong>Tuteurs stagiaires (Mi Temps et Temps plein) :<\/strong> selon les \u00e9tablissements d\u2019accueil<\/li>\n<\/ul>\n<p>&nbsp;<\/p>\n<ul>\n<li><strong>Professeurs d\u2019accueil des \u00e9tudiants MEEF1 en stage d\u2019observation :<\/strong> selon les<br \/>\n\u00e9tablissements d\u2019accueil<\/li>\n<\/ul>\n<p>&nbsp;<\/p>\n<ul>\n<li><strong>R\u00e9f\u00e9rents-formateurs nouveaux programmes STMG et\/ou coordinateurs \u00e9preuves BAC STMG :<\/strong><\/li>\n<\/ul>\n<p>Carole CATON, Sophie LANGLET,<\/p>\n<p>Isabelle CLAUSIER,<\/p>\n<p>Nicolas EPIN,<\/p>\n<p>Laurence CASTANET,<\/p>\n<p>Elisabeth BOUTILLOT,<\/p>\n<p>Sandra GOLETTO-MARECHALEN,<\/p>\n<p>Mohamed MOKRANE,<\/p>\n<p>Bertrand ROLLET,<\/p>\n<p>Mohamed DEBECHE,<\/p>\n<p>Marsadate MADANI\u2026<\/p>\n<ul>\n<li>&nbsp;<strong>R\u00e9f\u00e9rents Conventionnement BTS \/ Bac Pro :<\/strong> selon les \u00e9tablissements<\/li>\n<\/ul>\n<p>&nbsp;<\/p>\n<ul>\n<li><strong>R\u00e9f\u00e9rents contractuels Etablissements :<\/strong> selon les \u00e9tablissements<\/li>\n<\/ul>\n<p>&nbsp;<\/p>\n<ul>\n<li><strong>R\u00e9f\u00e9rents pilotage acad\u00e9mique des r\u00e9novations (BTS)<\/strong> :<\/li>\n<\/ul>\n<p>Christian CANEPA (BTS GPME),<\/p>\n<p>Xavier LE-VEN (BTS NDRC),<\/p>\n<p>Houssem GAALOUL (CEJM).<\/p>\n<ul>\n<li><strong>R\u00e9f\u00e9rents \u00e0 d\u00e9signer pour les BTS :<\/strong> SAM (\u00e0 d\u00e9signer en remplacement R\u00e9gis VEAU), MCO, Tourisme, MHR \u2026 (Pilotage des formations et des ressources)\u2026<\/li>\n<\/ul>\n<p>&nbsp;<\/p>\n<ul>\n<li><strong>Repr\u00e9sentants des d\u00e9l\u00e9gations acad\u00e9miques au PNF, journ\u00e9es Nationales et<\/strong><br \/>\n<strong>s\u00e9minaires\u2026 :<\/strong> D\u00e9sign\u00e9s selon les besoins et les s\u00e9minaires nationaux \u2026<\/li>\n<\/ul>\n","protected":false},"excerpt":{"rendered":"<p>DDFTP: Lien vers les comptes-rendus de r\u00e9unions annuelles Charg\u00e9s de missions d\u2019aide \u00e0 l\u2019inspection :&nbsp; Pascal SCHEMBRI (LTH Paul Augier<\/p>\n","protected":false},"author":205,"featured_media":0,"parent":0,"menu_order":0,"comment_status":"closed","ping_status":"closed","template":"","meta":{"colormag_page_container_layout":"default_layout","colormag_page_sidebar_layout":"default_layout","ngg_post_thumbnail":0,"footnotes":""},"class_list":["post-689","page","type-page","status-publish","hentry"],"rttpg_featured_image_url":null,"rttpg_author":{"display_name":"Estelle REGIS","author_link":"https:\/\/www.pedagogie.ac-nice.fr\/economie-gestion\/author\/stmgadmin1\/"},"rttpg_comment":0,"rttpg_category":null,"rttpg_excerpt":"DDFTP: Lien vers les comptes-rendus de r\u00e9unions annuelles Charg\u00e9s de missions d\u2019aide \u00e0 l\u2019inspection :&nbsp; Pascal SCHEMBRI (LTH Paul Augier","post_mailing_queue_ids":[],"_links":{"self":[{"href":"https:\/\/www.pedagogie.ac-nice.fr\/economie-gestion\/wp-json\/wp\/v2\/pages\/689","targetHints":{"allow":["GET"]}}],"collection":[{"href":"https:\/\/www.pedagogie.ac-nice.fr\/economie-gestion\/wp-json\/wp\/v2\/pages"}],"about":[{"href":"https:\/\/www.pedagogie.ac-nice.fr\/economie-gestion\/wp-json\/wp\/v2\/types\/page"}],"author":[{"embeddable":true,"href":"https:\/\/www.pedagogie.ac-nice.fr\/economie-gestion\/wp-json\/wp\/v2\/users\/205"}],"replies":[{"embeddable":true,"href":"https:\/\/www.pedagogie.ac-nice.fr\/economie-gestion\/wp-json\/wp\/v2\/comments?post=689"}],"version-history":[{"count":10,"href":"https:\/\/www.pedagogie.ac-nice.fr\/economie-gestion\/wp-json\/wp\/v2\/pages\/689\/revisions"}],"predecessor-version":[{"id":3202,"href":"https:\/\/www.pedagogie.ac-nice.fr\/economie-gestion\/wp-json\/wp\/v2\/pages\/689\/revisions\/3202"}],"wp:attachment":[{"href":"https:\/\/www.pedagogie.ac-nice.fr\/economie-gestion\/wp-json\/wp\/v2\/media?parent=689"}],"curies":[{"name":"wp","href":"https:\/\/api.w.org\/{rel}","templated":true}]}}