{"id":690,"date":"2019-09-09T00:15:31","date_gmt":"2019-09-08T22:15:31","guid":{"rendered":"https:\/\/www.pedagogie.ac-nice.fr\/stmg\/?page_id=690"},"modified":"2019-10-31T19:58:12","modified_gmt":"2019-10-31T18:58:12","slug":"information-sur-lacademie","status":"publish","type":"page","link":"https:\/\/www.pedagogie.ac-nice.fr\/economie-gestion\/information-sur-lacademie\/","title":{"rendered":"Informations sur l&rsquo;acad\u00e9mie"},"content":{"rendered":"<p><strong>L&rsquo;acad\u00e9mie de Nice fait partie de la r\u00e9gion acad\u00e9mique Provence-Alpes-C\u00f4te d&rsquo;Azur qui comprend \u00e9galement l&rsquo;acad\u00e9mie d&rsquo;Aix-Marseille.<\/strong><\/p>\n<p>Ce rapprochement des 2 acad\u00e9mies d\u00e9coule de l&rsquo;application du cadre r\u00e9gional fix\u00e9 par la loi du 16 janvier 2015, avec la cr\u00e9ation de 17 r\u00e9gions. Chaque acad\u00e9mie conserve ses contours, son organisation et ses missions.<\/p>\n<p>&nbsp;<\/p>\n<p><img loading=\"lazy\" decoding=\"async\" class=\"alignnone size-full wp-image-2067\" src=\"https:\/\/www.pedagogie.ac-nice.fr\/economie-gestion\/wp-content\/uploads\/sites\/28\/2019\/10\/dsden06-cartefrance_305578.gif\" alt=\"\" width=\"291\" height=\"254\" \/>\u00a0 \u00a0 \u00a0 \u21d2<img loading=\"lazy\" decoding=\"async\" class=\"alignnone size-medium wp-image-2068\" src=\"https:\/\/www.pedagogie.ac-nice.fr\/economie-gestion\/wp-content\/uploads\/sites\/28\/2019\/10\/RA-Provence-Alpes-Cotes-dAzur_580993-300x183.jpg\" alt=\"\" width=\"300\" height=\"183\" srcset=\"https:\/\/www.pedagogie.ac-nice.fr\/economie-gestion\/wp-content\/uploads\/sites\/28\/2019\/10\/RA-Provence-Alpes-Cotes-dAzur_580993-300x183.jpg 300w, https:\/\/www.pedagogie.ac-nice.fr\/economie-gestion\/wp-content\/uploads\/sites\/28\/2019\/10\/RA-Provence-Alpes-Cotes-dAzur_580993.jpg 525w\" sizes=\"auto, (max-width: 300px) 100vw, 300px\" \/><\/p>\n<p><b>Chiffres cl\u00e9s de la r\u00e9gion acad\u00e9mique Provence \u2013 Alpes \u2013 C\u00f4te d\u2019Azur<\/b><\/p>\n<p>(enseignement public et priv\u00e9 sous contrat)<\/p>\n<ul>\n<li><b>491 164 \u00e9l\u00e8ves dans 3 122 \u00e9coles<\/b> (maternelles et \u00e9l\u00e9mentaires)<\/li>\n<li><b>236 551 \u00e9l\u00e8ves dans 453 coll\u00e8ges<\/b><\/li>\n<li><b>139 939 \u00e9l\u00e8ves dans 173 lyc\u00e9es d\u2019enseignement g\u00e9n\u00e9ral et technologique<\/b><\/li>\n<li><b>49 274 \u00e9l\u00e8ves dans 110 lyc\u00e9es professionnels<\/b><\/li>\n<li><b>109 743 \u00e9tudiants dans 4 universit\u00e9s<\/b><\/li>\n<\/ul>\n<p><img loading=\"lazy\" decoding=\"async\" class=\"alignnone wp-image-2070 size-full\" src=\"https:\/\/www.pedagogie.ac-nice.fr\/economie-gestion\/wp-content\/uploads\/sites\/28\/2019\/10\/lycees_publics_2014-noms_366905.jpg\" alt=\"\" width=\"1801\" height=\"1241\" srcset=\"https:\/\/www.pedagogie.ac-nice.fr\/economie-gestion\/wp-content\/uploads\/sites\/28\/2019\/10\/lycees_publics_2014-noms_366905.jpg 1801w, https:\/\/www.pedagogie.ac-nice.fr\/economie-gestion\/wp-content\/uploads\/sites\/28\/2019\/10\/lycees_publics_2014-noms_366905-300x207.jpg 300w, https:\/\/www.pedagogie.ac-nice.fr\/economie-gestion\/wp-content\/uploads\/sites\/28\/2019\/10\/lycees_publics_2014-noms_366905-768x529.jpg 768w, https:\/\/www.pedagogie.ac-nice.fr\/economie-gestion\/wp-content\/uploads\/sites\/28\/2019\/10\/lycees_publics_2014-noms_366905-1024x706.jpg 1024w\" sizes=\"auto, (max-width: 1801px) 100vw, 1801px\" \/><\/p>\n<p><a href=\"https:\/\/www.pedagogie.ac-nice.fr\/economie-gestion\/wp-content\/uploads\/sites\/28\/2019\/10\/2018-liste-lycees2018-2019_1013398.pdf\">Cliquez pour t\u00e9l\u00e9charger les coordonn\u00e9es des lyc\u00e9es du var<\/a><\/p>\n<p><img loading=\"lazy\" decoding=\"async\" class=\"alignnone wp-image-2098 size-full\" src=\"https:\/\/www.pedagogie.ac-nice.fr\/economie-gestion\/wp-content\/uploads\/sites\/28\/2019\/10\/carte-alpes-maritimes.jpg\" alt=\"\" width=\"987\" height=\"637\" srcset=\"https:\/\/www.pedagogie.ac-nice.fr\/economie-gestion\/wp-content\/uploads\/sites\/28\/2019\/10\/carte-alpes-maritimes.jpg 987w, https:\/\/www.pedagogie.ac-nice.fr\/economie-gestion\/wp-content\/uploads\/sites\/28\/2019\/10\/carte-alpes-maritimes-300x194.jpg 300w, https:\/\/www.pedagogie.ac-nice.fr\/economie-gestion\/wp-content\/uploads\/sites\/28\/2019\/10\/carte-alpes-maritimes-768x496.jpg 768w\" sizes=\"auto, (max-width: 987px) 100vw, 987px\" \/><\/p>\n<p>Cliquez pour t\u00e9l\u00e9charger les coordonn\u00e9es des lyc\u00e9es des Alpes-Maritimes<\/p>\n<p><img loading=\"lazy\" decoding=\"async\" class=\"alignnone size-medium wp-image-2104\" src=\"https:\/\/www.pedagogie.ac-nice.fr\/economie-gestion\/wp-content\/uploads\/sites\/28\/2019\/10\/en-cours-de-construction-300x137.jpg\" alt=\"\" width=\"300\" height=\"137\" srcset=\"https:\/\/www.pedagogie.ac-nice.fr\/economie-gestion\/wp-content\/uploads\/sites\/28\/2019\/10\/en-cours-de-construction-300x137.jpg 300w, https:\/\/www.pedagogie.ac-nice.fr\/economie-gestion\/wp-content\/uploads\/sites\/28\/2019\/10\/en-cours-de-construction.jpg 374w\" sizes=\"auto, (max-width: 300px) 100vw, 300px\" \/><\/p>\n<p>&nbsp;<\/p>\n<p><img loading=\"lazy\" decoding=\"async\" class=\"alignnone wp-image-2066\" src=\"https:\/\/www.pedagogie.ac-nice.fr\/economie-gestion\/wp-content\/uploads\/sites\/28\/2019\/10\/vacances-scolaires_950512.jpg\" alt=\"\" width=\"76\" height=\"85\" \/><a href=\"https:\/\/www.education.gouv.fr\/pid25058\/le-calendrier-scolaire.html\" target=\"_blank\" rel=\"noopener noreferrer\">Calendrier scolaire<\/a><\/p>\n<p>&nbsp;<\/p>\n","protected":false},"excerpt":{"rendered":"<p>L&rsquo;acad\u00e9mie de Nice fait partie de la r\u00e9gion acad\u00e9mique Provence-Alpes-C\u00f4te d&rsquo;Azur qui comprend \u00e9galement l&rsquo;acad\u00e9mie d&rsquo;Aix-Marseille. Ce rapprochement des 2<\/p>\n","protected":false},"author":205,"featured_media":0,"parent":0,"menu_order":0,"comment_status":"closed","ping_status":"closed","template":"","meta":{"colormag_page_container_layout":"default_layout","colormag_page_sidebar_layout":"default_layout","ngg_post_thumbnail":0,"footnotes":""},"class_list":["post-690","page","type-page","status-publish","hentry"],"rttpg_featured_image_url":null,"rttpg_author":{"display_name":"Estelle REGIS","author_link":"https:\/\/www.pedagogie.ac-nice.fr\/economie-gestion\/author\/stmgadmin1\/"},"rttpg_comment":0,"rttpg_category":null,"rttpg_excerpt":"L&rsquo;acad\u00e9mie de Nice fait partie de la r\u00e9gion acad\u00e9mique Provence-Alpes-C\u00f4te d&rsquo;Azur qui comprend \u00e9galement l&rsquo;acad\u00e9mie d&rsquo;Aix-Marseille. Ce rapprochement des 2","post_mailing_queue_ids":[],"_links":{"self":[{"href":"https:\/\/www.pedagogie.ac-nice.fr\/economie-gestion\/wp-json\/wp\/v2\/pages\/690","targetHints":{"allow":["GET"]}}],"collection":[{"href":"https:\/\/www.pedagogie.ac-nice.fr\/economie-gestion\/wp-json\/wp\/v2\/pages"}],"about":[{"href":"https:\/\/www.pedagogie.ac-nice.fr\/economie-gestion\/wp-json\/wp\/v2\/types\/page"}],"author":[{"embeddable":true,"href":"https:\/\/www.pedagogie.ac-nice.fr\/economie-gestion\/wp-json\/wp\/v2\/users\/205"}],"replies":[{"embeddable":true,"href":"https:\/\/www.pedagogie.ac-nice.fr\/economie-gestion\/wp-json\/wp\/v2\/comments?post=690"}],"version-history":[{"count":11,"href":"https:\/\/www.pedagogie.ac-nice.fr\/economie-gestion\/wp-json\/wp\/v2\/pages\/690\/revisions"}],"predecessor-version":[{"id":2106,"href":"https:\/\/www.pedagogie.ac-nice.fr\/economie-gestion\/wp-json\/wp\/v2\/pages\/690\/revisions\/2106"}],"wp:attachment":[{"href":"https:\/\/www.pedagogie.ac-nice.fr\/economie-gestion\/wp-json\/wp\/v2\/media?parent=690"}],"curies":[{"name":"wp","href":"https:\/\/api.w.org\/{rel}","templated":true}]}}

Informations sur l&rsquo;académie

<p><strong>L&rsquo;académie de Nice fait partie de la région académique Provence-Alpes-Côte d&rsquo;Azur qui comprend également l&rsquo;académie d&rsquo;Aix-Marseille.</strong></p>
<p>Ce rapprochement des 2 académies découle de l&rsquo;application du cadre régional fixé par la loi du 16 janvier 2015, avec la création de 17 régions. Chaque académie conserve ses contours, son organisation et ses missions.</p>
<p>&nbsp;</p>
<p><img loading="lazy" decoding="async" class="alignnone size-full wp-image-2067" src="https://www.pedagogie.ac-nice.fr/economie-gestion/wp-content/uploads/sites/28/2019/10/dsden06-cartefrance_305578.gif" alt="" width="291" height="254" />      ⇒<img loading="lazy" decoding="async" class="alignnone size-medium wp-image-2068" src="https://www.pedagogie.ac-nice.fr/economie-gestion/wp-content/uploads/sites/28/2019/10/RA-Provence-Alpes-Cotes-dAzur_580993-300x183.jpg" alt="" width="300" height="183" srcset="https://www.pedagogie.ac-nice.fr/economie-gestion/wp-content/uploads/sites/28/2019/10/RA-Provence-Alpes-Cotes-dAzur_580993-300x183.jpg 300w, https://www.pedagogie.ac-nice.fr/economie-gestion/wp-content/uploads/sites/28/2019/10/RA-Provence-Alpes-Cotes-dAzur_580993.jpg 525w" sizes="auto, (max-width: 300px) 100vw, 300px" /></p>
<p><b>Chiffres clés de la région académique Provence – Alpes – Côte d’Azur</b></p>
<p>(enseignement public et privé sous contrat)</p>
<ul>
<li><b>491 164 élèves dans 3 122 écoles</b> (maternelles et élémentaires)</li>
<li><b>236 551 élèves dans 453 collèges</b></li>
<li><b>139 939 élèves dans 173 lycées d’enseignement général et technologique</b></li>
<li><b>49 274 élèves dans 110 lycées professionnels</b></li>
<li><b>109 743 étudiants dans 4 universités</b></li>
</ul>
<p><img loading="lazy" decoding="async" class="alignnone wp-image-2070 size-full" src="https://www.pedagogie.ac-nice.fr/economie-gestion/wp-content/uploads/sites/28/2019/10/lycees_publics_2014-noms_366905.jpg" alt="" width="1801" height="1241" srcset="https://www.pedagogie.ac-nice.fr/economie-gestion/wp-content/uploads/sites/28/2019/10/lycees_publics_2014-noms_366905.jpg 1801w, https://www.pedagogie.ac-nice.fr/economie-gestion/wp-content/uploads/sites/28/2019/10/lycees_publics_2014-noms_366905-300x207.jpg 300w, https://www.pedagogie.ac-nice.fr/economie-gestion/wp-content/uploads/sites/28/2019/10/lycees_publics_2014-noms_366905-768x529.jpg 768w, https://www.pedagogie.ac-nice.fr/economie-gestion/wp-content/uploads/sites/28/2019/10/lycees_publics_2014-noms_366905-1024x706.jpg 1024w" sizes="auto, (max-width: 1801px) 100vw, 1801px" /></p>
<p><a href="https://www.pedagogie.ac-nice.fr/economie-gestion/wp-content/uploads/sites/28/2019/10/2018-liste-lycees2018-2019_1013398.pdf">Cliquez pour télécharger les coordonnées des lycées du var</a></p>
<p><img loading="lazy" decoding="async" class="alignnone wp-image-2098 size-full" src="https://www.pedagogie.ac-nice.fr/economie-gestion/wp-content/uploads/sites/28/2019/10/carte-alpes-maritimes.jpg" alt="" width="987" height="637" srcset="https://www.pedagogie.ac-nice.fr/economie-gestion/wp-content/uploads/sites/28/2019/10/carte-alpes-maritimes.jpg 987w, https://www.pedagogie.ac-nice.fr/economie-gestion/wp-content/uploads/sites/28/2019/10/carte-alpes-maritimes-300x194.jpg 300w, https://www.pedagogie.ac-nice.fr/economie-gestion/wp-content/uploads/sites/28/2019/10/carte-alpes-maritimes-768x496.jpg 768w" sizes="auto, (max-width: 987px) 100vw, 987px" /></p>
<p>Cliquez pour télécharger les coordonnées des lycées des Alpes-Maritimes</p>
<p><img loading="lazy" decoding="async" class="alignnone size-medium wp-image-2104" src="https://www.pedagogie.ac-nice.fr/economie-gestion/wp-content/uploads/sites/28/2019/10/en-cours-de-construction-300x137.jpg" alt="" width="300" height="137" srcset="https://www.pedagogie.ac-nice.fr/economie-gestion/wp-content/uploads/sites/28/2019/10/en-cours-de-construction-300x137.jpg 300w, https://www.pedagogie.ac-nice.fr/economie-gestion/wp-content/uploads/sites/28/2019/10/en-cours-de-construction.jpg 374w" sizes="auto, (max-width: 300px) 100vw, 300px" /></p>
<p>&nbsp;</p>
<p><img loading="lazy" decoding="async" class="alignnone wp-image-2066" src="https://www.pedagogie.ac-nice.fr/economie-gestion/wp-content/uploads/sites/28/2019/10/vacances-scolaires_950512.jpg" alt="" width="76" height="85" /><a href="https://www.education.gouv.fr/pid25058/le-calendrier-scolaire.html" target="_blank" rel="noopener noreferrer">Calendrier scolaire</a></p>
<p>&nbsp;</p>

<p>L&rsquo;académie de Nice fait partie de la région académique Provence-Alpes-Côte d&rsquo;Azur qui comprend également l&rsquo;académie d&rsquo;Aix-Marseille. Ce rapprochement des 2</p>

L&rsquo;académie de Nice fait partie de la région académique Provence-Alpes-Côte d&rsquo;Azur qui comprend également l&rsquo;académie d&rsquo;Aix-Marseille. Ce rapprochement des 2
