{"id":727,"date":"2019-09-09T00:37:29","date_gmt":"2019-09-08T22:37:29","guid":{"rendered":"https:\/\/www.pedagogie.ac-nice.fr\/stmg\/?page_id=727"},"modified":"2022-06-16T12:01:46","modified_gmt":"2022-06-16T10:01:46","slug":"bts-banque","status":"publish","type":"page","link":"https:\/\/www.pedagogie.ac-nice.fr\/economie-gestion\/bts-banque\/","title":{"rendered":"BTS Banque"},"content":{"rendered":"<p><img loading=\"lazy\" decoding=\"async\" class=\"alignnone wp-image-737\" src=\"https:\/\/www.pedagogie.ac-nice.fr\/stmg\/wp-content\/uploads\/sites\/28\/2019\/09\/livre-300x187.jpg\" alt=\"\" width=\"136\" height=\"85\"> Cliquez pour visualiser le r\u00e9f\u00e9rentiel de <span style=\"color: #800080;\"><strong><span style=\"font-size: 14pt;\"><a style=\"color: #800080;\" href=\"https:\/\/www.pedagogie.ac-nice.fr\/stmg\/wp-content\/uploads\/sites\/28\/2019\/09\/BTS_BanqueConseillerClientele.pdf\" target=\"_blank\" rel=\"noopener noreferrer\">BTS_BanqueConseillerClientele<\/a><\/span><\/strong><\/span><\/p>\n<p>&nbsp;<\/p>\n<p>Veuillez trouver ci-apr\u00e8s des ressources propres au BTS Banque Conseiller Client\u00e8le:<\/p>\n<p><span style=\"color: #0000ff;\"><strong><span style=\"font-family: 'comic sans ms', sans-serif; font-size: 18pt;\"><a style=\"color: #0000ff;\" href=\"https:\/\/www.lafinancepourtous.com\/\" target=\"_blank\" rel=\"noopener noreferrer\">La finance pour tous<\/a><\/span><\/strong><\/span><\/p>\n<p><span style=\"color: #0000ff;\"><strong><span style=\"font-size: 18pt;\"><a style=\"color: #0000ff;\" href=\"https:\/\/abc-economie.banque-france.fr\/\" target=\"_blank\" rel=\"noopener\">L&rsquo;abc de l&rsquo;\u00e9conomie<\/a><\/span><\/strong><\/span><\/p>\n<p><span style=\"color: #0000ff;\"><strong><span style=\"font-size: 18pt; font-family: 'comic sans ms', sans-serif;\"><a style=\"color: #0000ff;\" href=\"https:\/\/tribu.phm.education.gouv.fr\/\" target=\"_blank\" rel=\"noopener noreferrer\">Plateforme Tribu<\/a><\/span><\/strong><\/span><\/p>\n<p><span style=\"color: #0000ff;\"><strong><span style=\"font-size: 18pt;\"><a style=\"color: #0000ff;\" href=\"https:\/\/www.amf-france.org\/fr\" target=\"_blank\" rel=\"noopener\">L&rsquo;amf<\/a><\/span><\/strong><\/span><\/p>\n<p><span style=\"color: #0000ff;\"><strong><span style=\"font-size: 18pt;\"><a style=\"color: #0000ff;\" href=\"https:\/\/acpr.banque-france.fr\/\" target=\"_blank\" rel=\"noopener\">L&rsquo;acpr<\/a><\/span><\/strong><\/span><\/p>\n<p>&nbsp;<\/p>\n","protected":false},"excerpt":{"rendered":"<p>Cliquez pour visualiser le r\u00e9f\u00e9rentiel de BTS_BanqueConseillerClientele &nbsp; Veuillez trouver ci-apr\u00e8s des ressources propres au BTS Banque Conseiller Client\u00e8le: La<\/p>\n","protected":false},"author":205,"featured_media":0,"parent":0,"menu_order":0,"comment_status":"closed","ping_status":"closed","template":"","meta":{"colormag_page_container_layout":"default_layout","colormag_page_sidebar_layout":"default_layout","ngg_post_thumbnail":0,"footnotes":""},"class_list":["post-727","page","type-page","status-publish","hentry"],"rttpg_featured_image_url":null,"rttpg_author":{"display_name":"Estelle REGIS","author_link":"https:\/\/www.pedagogie.ac-nice.fr\/economie-gestion\/author\/stmgadmin1\/"},"rttpg_comment":0,"rttpg_category":null,"rttpg_excerpt":"Cliquez pour visualiser le r\u00e9f\u00e9rentiel de BTS_BanqueConseillerClientele &nbsp; Veuillez trouver ci-apr\u00e8s des ressources propres au BTS Banque Conseiller Client\u00e8le: La","post_mailing_queue_ids":[],"_links":{"self":[{"href":"https:\/\/www.pedagogie.ac-nice.fr\/economie-gestion\/wp-json\/wp\/v2\/pages\/727","targetHints":{"allow":["GET"]}}],"collection":[{"href":"https:\/\/www.pedagogie.ac-nice.fr\/economie-gestion\/wp-json\/wp\/v2\/pages"}],"about":[{"href":"https:\/\/www.pedagogie.ac-nice.fr\/economie-gestion\/wp-json\/wp\/v2\/types\/page"}],"author":[{"embeddable":true,"href":"https:\/\/www.pedagogie.ac-nice.fr\/economie-gestion\/wp-json\/wp\/v2\/users\/205"}],"replies":[{"embeddable":true,"href":"https:\/\/www.pedagogie.ac-nice.fr\/economie-gestion\/wp-json\/wp\/v2\/comments?post=727"}],"version-history":[{"count":7,"href":"https:\/\/www.pedagogie.ac-nice.fr\/economie-gestion\/wp-json\/wp\/v2\/pages\/727\/revisions"}],"predecessor-version":[{"id":3235,"href":"https:\/\/www.pedagogie.ac-nice.fr\/economie-gestion\/wp-json\/wp\/v2\/pages\/727\/revisions\/3235"}],"wp:attachment":[{"href":"https:\/\/www.pedagogie.ac-nice.fr\/economie-gestion\/wp-json\/wp\/v2\/media?parent=727"}],"curies":[{"name":"wp","href":"https:\/\/api.w.org\/{rel}","templated":true}]}}