{"id":4119,"date":"2026-01-23T19:57:03","date_gmt":"2026-01-23T18:57:03","guid":{"rendered":"https:\/\/www.pedagogie.ac-nice.fr\/migredd\/?page_id=4119"},"modified":"2026-03-02T20:00:06","modified_gmt":"2026-03-02T19:00:06","slug":"candidater","status":"publish","type":"page","link":"https:\/\/www.pedagogie.ac-nice.fr\/edd\/candidater\/","title":{"rendered":"Candidater"},"content":{"rendered":"<p>[et_pb_section fb_built=\u00a0\u00bb1&Prime; _builder_version=\u00a0\u00bb4.27.4&Prime; _module_preset=\u00a0\u00bbdefault\u00a0\u00bb global_colors_info=\u00a0\u00bb{}\u00a0\u00bb][et_pb_row _builder_version=\u00a0\u00bb4.27.4&Prime; _module_preset=\u00a0\u00bbdefault\u00a0\u00bb global_colors_info=\u00a0\u00bb{}\u00a0\u00bb][et_pb_column type=\u00a0\u00bb4_4&Prime; _builder_version=\u00a0\u00bb4.27.4&Prime; _module_preset=\u00a0\u00bbdefault\u00a0\u00bb global_colors_info=\u00a0\u00bb{}\u00a0\u00bb][et_pb_text _builder_version=\u00a0\u00bb4.27.4&Prime; _module_preset=\u00a0\u00bbdefault\u00a0\u00bb hover_enabled=\u00a0\u00bb0&Prime; global_colors_info=\u00a0\u00bb{}\u00a0\u00bb sticky_enabled=\u00a0\u00bb0&Prime;]<\/p>\n<div class=\"moz-signature\"><img loading=\"lazy\" decoding=\"async\" class=\"wp-image-4313 alignnone \" src=\"https:\/\/www.pedagogie.ac-nice.fr\/edd\/wp-content\/uploads\/sites\/72\/2026\/02\/e3D.png\" alt=\"\" width=\"91\" height=\"76\">La d\u00e9marche de labellisation \u00c9tablissement en D\u00e9marche de D\u00e9veloppement Durable (E3D) est une belle occasion de valoriser les actions d\u00e9j\u00e0 men\u00e9es en \u00e9tablissement autour de l\u2019\u00e9ducation au d\u00e9veloppement durable (EDD).&nbsp;<\/div>\n<div class=\"moz-signature\">&nbsp;<\/div>\n<div class=\"moz-signature\">Obtenir le label national E3D, c\u2019est avant tout la reconnaissance officielle de l\u2019engagement collectif de la communaut\u00e9 scolaire de l\u2019\u00e9tablissement&nbsp; : \u00e9l\u00e8ves, personnels, partenaires et acteurs du territoire.&nbsp;<\/div>\n<div class=\"moz-signature\">Ce label valorise une dynamique collective au service d\u2019un projet d\u2019\u00e9tablissement attentif aux enjeux environnementaux.<\/div>\n<div class=\"moz-signature\">&nbsp;<\/div>\n<div class=\"moz-signature\"><b>Chaque \u00e9tablissement,<\/b>&nbsp;<b>quel que soit son niveau d\u2019avancement,<\/b>&nbsp;peut s\u2019inscrire dans cette d\u00e9marche qui valorise les initiatives locales et renforce le travail d\u2019\u00e9quipe.<\/div>\n<div class=\"moz-signature\">&nbsp;<\/div>\n<div class=\"moz-signature\">La campagne de labellisation<b>&nbsp;conduite cette ann\u00e9e offre \u00e9galement aux \u00e9tablissements labellis\u00e9s en 2022-2023&nbsp;<\/b>ou ant\u00e9rieurement&nbsp;<b>la possibilit\u00e9 de renouveler leur labellisation.<\/b><\/div>\n<div class=\"moz-signature\"><b>&nbsp;<\/b><\/div>\n<div class=\"moz-signature\">Afin&nbsp;de simplifier la proc\u00e9dure de demande de labellisation E3D des \u00e9tablissements scolaires,&nbsp;<b>sous l\u2019atorit\u00e9 du chef d\u2019\u00e9tablissement<\/b>, une d\u00e9marche de candidature en ligne a \u00e9t\u00e9 mise en place.&nbsp;<\/div>\n<div class=\"moz-signature\">&nbsp;<\/div>\n<h3 class=\"moz-signature\">Pour le premier degr\u00e9<\/h3>\n<hr>\n<div class=\"moz-signature\">\n<p><b>\u2013 pour les demandes de labellisation de niveau 1 :<\/b> <a href=\"https:\/\/demarche.numerique.gouv.fr\/commencer\/labellisation-e3d-ac-nice-niveau-1-premier-degre\" target=\"_blank\" rel=\"noopener\">https:\/\/demarche.numerique.gouv.fr\/commencer\/labellisation-e3d-ac-nice-niveau-1-premier-degre<\/a><\/p>\n<div class=\"moz-signature\">\n<div class=\"moz-signature\">\n<div class=\"moz-signature\"><b>\u2013 pour les demandes de labellisation de niveau 2 et 3 : <a href=\"https:\/\/demarche.numerique.gouv.fr\/commencer\/labellisation-e3d-ac-nice-niveau-2-3-premier-degre\" target=\"_blank\" rel=\"noopener\">https:\/\/demarche.numerique.gouv.fr\/commencer\/labellisation-e3d-ac-nice-niveau-2-3-premier-degre<\/a><\/b><\/div>\n<\/div>\n<\/div>\n<\/div>\n<div>\n<h3>&nbsp;<\/h3>\n<h3 class=\"moz-signature\">Pour le second degr\u00e9<\/h3>\n<hr>\n<div class=\"moz-signature\">&nbsp;<\/div>\n<\/div>\n<div class=\"moz-signature\">\n<p><b>\u2013 pour les demandes de labellisation de niveau 1 :<\/b>&nbsp;&nbsp;<a href=\"https:\/\/www.demarches-simplifiees.fr\/commencer\/labellisation-e3d-ac-nice-niveau-1-second-degre\"><b>https:\/\/www.demarches-simplifiees.fr\/commencer\/labellisation-e3d-ac-nice-niveau-1-second-degre<\/b><\/a><\/p>\n<div class=\"moz-signature\">\n<div class=\"moz-signature\">\n<div class=\"moz-signature\"><b>\u2013 pour les demandes de labellisation de niveau 2 et 3 : <a class=\"moz-txt-link-freetext\" href=\"https:\/\/www.demarches-simplifiees.fr\/commencer\/labellisation-e3d-ac-nice-niveau-2-3-second-degre\">https:\/\/www.demarches-simplifiees.fr\/commencer\/labellisation-e3d-ac-nice-niveau-2-3-second-degre<\/a><\/b><\/div>\n<\/div>\n<\/div>\n<\/div>\n<div class=\"moz-signature\">\n<p><b>Toute demande d\u2019information compl\u00e9mentaire<\/b>&nbsp;peut \u00eatre adress\u00e9e \u00e0 :&nbsp;<a href=\"https:\/\/www.pedagogie.ac-nice.fr\/edd\/labellisation-e3d\/mission-edd@ac-nice.fr\">mission-edd@ac-nice.fr&nbsp;<\/a><\/p>\n<\/div>\n<p>[\/et_pb_text][et_pb_divider _builder_version=\u00a0\u00bb4.27.4&Prime; _module_preset=\u00a0\u00bbdefault\u00a0\u00bb background_color=\u00a0\u00bb#12876F\u00a0\u00bb height=\u00a0\u00bb25px\u00a0\u00bb global_colors_info=\u00a0\u00bb{}\u00a0\u00bb][\/et_pb_divider][et_pb_blog fullwidth=\u00a0\u00bboff\u00a0\u00bb include_categories=\u00a0\u00bb116&Prime; _builder_version=\u00a0\u00bb4.27.4&Prime; _module_preset=\u00a0\u00bbdefault\u00a0\u00bb header_text_align=\u00a0\u00bbcenter\u00a0\u00bb header_text_color=\u00a0\u00bb#12876F\u00a0\u00bb read_more_font=\u00a0\u00bb|||on|||||\u00a0\u00bb read_more_text_color=\u00a0\u00bb#FFFFFF\u00a0\u00bb custom_css_content=\u00a0\u00bbpadding: 20px;\u00a0\u00bb custom_css_read_more=\u00a0\u00bbdisplay: block;||text-align: center;||background-color:#12876F;||padding: 0.3em 1em;||margin-top: 10px;\u00a0\u00bb border_radii=\u00a0\u00bbon|20px|20px|20px|20px\u00a0\u00bb global_colors_info=\u00a0\u00bb{}\u00a0\u00bb][\/et_pb_blog][\/et_pb_column][\/et_pb_row][\/et_pb_section]<\/p>\n","protected":false},"excerpt":{"rendered":"<p>La d\u00e9marche de labellisation \u00c9tablissement en D\u00e9marche de D\u00e9veloppement Durable (E3D) est une belle occasion de valoriser les actions d\u00e9j\u00e0 men\u00e9es en \u00e9tablissement autour de l\u2019\u00e9ducation au d\u00e9veloppement durable (EDD).&nbsp; &nbsp; Obtenir le label national E3D, c\u2019est avant tout la reconnaissance officielle de l\u2019engagement collectif de la communaut\u00e9 scolaire de l\u2019\u00e9tablissement&nbsp; : \u00e9l\u00e8ves, personnels, partenaires [&hellip;]<\/p>\n","protected":false},"author":139,"featured_media":0,"parent":0,"menu_order":0,"comment_status":"closed","ping_status":"closed","template":"page-template-fullwidth.php","meta":{"_et_pb_use_builder":"on","_et_pb_old_content":"","_et_gb_content_width":"","ngg_post_thumbnail":0,"footnotes":""},"class_list":["post-4119","page","type-page","status-publish","hentry"],"rttpg_featured_image_url":null,"rttpg_author":{"display_name":"Yves Castel","author_link":"https:\/\/www.pedagogie.ac-nice.fr\/edd\/author\/castel\/"},"rttpg_comment":0,"rttpg_category":null,"rttpg_excerpt":"La d\u00e9marche de labellisation \u00c9tablissement en D\u00e9marche de D\u00e9veloppement Durable (E3D) est une belle occasion de valoriser les actions d\u00e9j\u00e0 men\u00e9es en \u00e9tablissement autour de l\u2019\u00e9ducation au d\u00e9veloppement durable (EDD).&nbsp; &nbsp; Obtenir le label national E3D, c\u2019est avant tout la reconnaissance officielle de l\u2019engagement collectif de la communaut\u00e9 scolaire de l\u2019\u00e9tablissement&nbsp; : \u00e9l\u00e8ves, personnels, partenaires\u2026","post_mailing_queue_ids":[],"_links":{"self":[{"href":"https:\/\/www.pedagogie.ac-nice.fr\/edd\/wp-json\/wp\/v2\/pages\/4119","targetHints":{"allow":["GET"]}}],"collection":[{"href":"https:\/\/www.pedagogie.ac-nice.fr\/edd\/wp-json\/wp\/v2\/pages"}],"about":[{"href":"https:\/\/www.pedagogie.ac-nice.fr\/edd\/wp-json\/wp\/v2\/types\/page"}],"author":[{"embeddable":true,"href":"https:\/\/www.pedagogie.ac-nice.fr\/edd\/wp-json\/wp\/v2\/users\/139"}],"replies":[{"embeddable":true,"href":"https:\/\/www.pedagogie.ac-nice.fr\/edd\/wp-json\/wp\/v2\/comments?post=4119"}],"version-history":[{"count":14,"href":"https:\/\/www.pedagogie.ac-nice.fr\/edd\/wp-json\/wp\/v2\/pages\/4119\/revisions"}],"predecessor-version":[{"id":5084,"href":"https:\/\/www.pedagogie.ac-nice.fr\/edd\/wp-json\/wp\/v2\/pages\/4119\/revisions\/5084"}],"wp:attachment":[{"href":"https:\/\/www.pedagogie.ac-nice.fr\/edd\/wp-json\/wp\/v2\/media?parent=4119"}],"curies":[{"name":"wp","href":"https:\/\/api.w.org\/{rel}","templated":true}]}}