{"id":4195,"date":"2026-01-23T22:19:03","date_gmt":"2026-01-23T21:19:03","guid":{"rendered":"https:\/\/www.pedagogie.ac-nice.fr\/migredd\/?page_id=4195"},"modified":"2026-03-03T21:09:49","modified_gmt":"2026-03-03T20:09:49","slug":"accompagnement","status":"publish","type":"page","link":"https:\/\/www.pedagogie.ac-nice.fr\/edd\/accompagnement\/","title":{"rendered":"Accompagnement"},"content":{"rendered":"<p>[et_pb_section fb_built=\u00a0\u00bb1&Prime; _builder_version=\u00a0\u00bb4.27.4&Prime; _module_preset=\u00a0\u00bbdefault\u00a0\u00bb global_colors_info=\u00a0\u00bb{}\u00a0\u00bb][et_pb_row _builder_version=\u00a0\u00bb4.27.4&Prime; _module_preset=\u00a0\u00bbdefault\u00a0\u00bb global_colors_info=\u00a0\u00bb{}\u00a0\u00bb][et_pb_column type=\u00a0\u00bb4_4&Prime; _builder_version=\u00a0\u00bb4.27.4&Prime; _module_preset=\u00a0\u00bbdefault\u00a0\u00bb global_colors_info=\u00a0\u00bb{}\u00a0\u00bb][et_pb_text _builder_version=\u00a0\u00bb4.27.4&Prime; _module_preset=\u00a0\u00bbdefault\u00a0\u00bb hover_enabled=\u00a0\u00bb0&Prime; global_colors_info=\u00a0\u00bb{}\u00a0\u00bb admin_label=\u00a0\u00bbTexte\u00a0\u00bb sticky_enabled=\u00a0\u00bb0&Prime;]<\/p>\n<p style=\"text-align: center;\"><span style=\"font-size: 14pt;\">Depuis la rentr\u00e9e 2020, l\u2019\u00e9lection d\u2019\u00e9co-d\u00e9l\u00e9gu\u00e9s est obligatoire au coll\u00e8ge et au lyc\u00e9e. Elle peut \u00eatre organis\u00e9e<\/span><br \/><span style=\"font-size: 14pt;\">simultan\u00e9ment avec celle des d\u00e9l\u00e9gu\u00e9s de classes et peut \u00eatre propos\u00e9e aux \u00e9l\u00e8ves de CM1 et CM2.<\/span><br \/><span style=\"font-size: 14pt;\">Par les projets collectifs qu\u2019ils portent et leur r\u00f4le d\u2019ambassadeurs au sein de l\u2019\u00e9cole ou de l\u2019\u00e9tablissement, les<\/span><br \/><span style=\"font-size: 14pt;\">\u00e9co-d\u00e9l\u00e9gu\u00e9s s\u2019engagent au sein de leur \u00e9cole et de leur \u00e9tablissement. Leur action se con\u00e7oit en relation avec les<\/span><br \/><span style=\"font-size: 14pt;\">\u00e9co-d\u00e9l\u00e9gu\u00e9s du conseil de la vie coll\u00e9gienne (CVC) ou du conseil de la vie lyc\u00e9enne (CVL), comme avec la<\/span><br \/><span style=\"font-size: 14pt;\">Maison des lyc\u00e9ens, ainsi que tous les autres partenaires internes et externes \u00e0 l&rsquo;\u00e9tablissement, notamment les<\/span><br \/><span style=\"font-size: 14pt;\">conseils municipaux, d\u00e9partementaux et r\u00e9gionaux des jeunes.<\/span><\/p>\n<p>[\/et_pb_text][et_pb_blog fullwidth=\u00a0\u00bboff\u00a0\u00bb include_categories=\u00a0\u00bb127&Prime; _builder_version=\u00a0\u00bb4.27.4&Prime; _module_preset=\u00a0\u00bbdefault\u00a0\u00bb header_text_color=\u00a0\u00bb#12876F\u00a0\u00bb read_more_font=\u00a0\u00bb|||on|||||\u00a0\u00bb read_more_text_color=\u00a0\u00bb#FFFFFF\u00a0\u00bb custom_css_content=\u00a0\u00bbpadding:20px\u00a0\u00bb custom_css_read_more=\u00a0\u00bbdisplay: block;||text-align: center;||background-color:#12876F;||padding: 0.3em 1em;||margin-top: 10px;\u00a0\u00bb border_radii=\u00a0\u00bbon|20px|20px|20px|20px\u00a0\u00bb global_colors_info=\u00a0\u00bb{}\u00a0\u00bb][\/et_pb_blog][\/et_pb_column][\/et_pb_row][\/et_pb_section]<\/p>\n","protected":false},"excerpt":{"rendered":"<p>Depuis la rentr\u00e9e 2020, l\u2019\u00e9lection d\u2019\u00e9co-d\u00e9l\u00e9gu\u00e9s est obligatoire au coll\u00e8ge et au lyc\u00e9e. Elle peut \u00eatre organis\u00e9esimultan\u00e9ment avec celle des d\u00e9l\u00e9gu\u00e9s de classes et peut \u00eatre propos\u00e9e aux \u00e9l\u00e8ves de CM1 et CM2.Par les projets collectifs qu\u2019ils portent et leur r\u00f4le d\u2019ambassadeurs au sein de l\u2019\u00e9cole ou de l\u2019\u00e9tablissement, les\u00e9co-d\u00e9l\u00e9gu\u00e9s s\u2019engagent au sein de leur [&hellip;]<\/p>\n","protected":false},"author":139,"featured_media":0,"parent":0,"menu_order":0,"comment_status":"closed","ping_status":"closed","template":"page-template-fullwidth.php","meta":{"_et_pb_use_builder":"on","_et_pb_old_content":"","_et_gb_content_width":"","ngg_post_thumbnail":0,"footnotes":""},"class_list":["post-4195","page","type-page","status-publish","hentry"],"rttpg_featured_image_url":null,"rttpg_author":{"display_name":"Yves Castel","author_link":"https:\/\/www.pedagogie.ac-nice.fr\/edd\/author\/castel\/"},"rttpg_comment":0,"rttpg_category":null,"rttpg_excerpt":"Depuis la rentr\u00e9e 2020, l\u2019\u00e9lection d\u2019\u00e9co-d\u00e9l\u00e9gu\u00e9s est obligatoire au coll\u00e8ge et au lyc\u00e9e. Elle peut \u00eatre organis\u00e9esimultan\u00e9ment avec celle des d\u00e9l\u00e9gu\u00e9s de classes et peut \u00eatre propos\u00e9e aux \u00e9l\u00e8ves de CM1 et CM2.Par les projets collectifs qu\u2019ils portent et leur r\u00f4le d\u2019ambassadeurs au sein de l\u2019\u00e9cole ou de l\u2019\u00e9tablissement, les\u00e9co-d\u00e9l\u00e9gu\u00e9s s\u2019engagent au sein de leur\u2026","post_mailing_queue_ids":[],"_links":{"self":[{"href":"https:\/\/www.pedagogie.ac-nice.fr\/edd\/wp-json\/wp\/v2\/pages\/4195","targetHints":{"allow":["GET"]}}],"collection":[{"href":"https:\/\/www.pedagogie.ac-nice.fr\/edd\/wp-json\/wp\/v2\/pages"}],"about":[{"href":"https:\/\/www.pedagogie.ac-nice.fr\/edd\/wp-json\/wp\/v2\/types\/page"}],"author":[{"embeddable":true,"href":"https:\/\/www.pedagogie.ac-nice.fr\/edd\/wp-json\/wp\/v2\/users\/139"}],"replies":[{"embeddable":true,"href":"https:\/\/www.pedagogie.ac-nice.fr\/edd\/wp-json\/wp\/v2\/comments?post=4195"}],"version-history":[{"count":6,"href":"https:\/\/www.pedagogie.ac-nice.fr\/edd\/wp-json\/wp\/v2\/pages\/4195\/revisions"}],"predecessor-version":[{"id":5111,"href":"https:\/\/www.pedagogie.ac-nice.fr\/edd\/wp-json\/wp\/v2\/pages\/4195\/revisions\/5111"}],"wp:attachment":[{"href":"https:\/\/www.pedagogie.ac-nice.fr\/edd\/wp-json\/wp\/v2\/media?parent=4195"}],"curies":[{"name":"wp","href":"https:\/\/api.w.org\/{rel}","templated":true}]}}

<p>[et_pb_section fb_built= »1&Prime; _builder_version= »4.27.4&Prime; _module_preset= »default » global_colors_info= »{} »][et_pb_row _builder_version= »4.27.4&Prime; _module_preset= »default » global_colors_info= »{} »][et_pb_column type= »4_4&Prime; _builder_version= »4.27.4&Prime; _module_preset= »default » global_colors_info= »{} »][et_pb_text _builder_version= »4.27.4&Prime; _module_preset= »default » hover_enabled= »0&Prime; global_colors_info= »{} » admin_label= »Texte » sticky_enabled= »0&Prime;]</p>
<p style="text-align: center;"><span style="font-size: 14pt;">Depuis la rentrée 2020, l’élection d’éco-délégués est obligatoire au collège et au lycée. Elle peut être organisée</span><br /><span style="font-size: 14pt;">simultanément avec celle des délégués de classes et peut être proposée aux élèves de CM1 et CM2.</span><br /><span style="font-size: 14pt;">Par les projets collectifs qu’ils portent et leur rôle d’ambassadeurs au sein de l’école ou de l’établissement, les</span><br /><span style="font-size: 14pt;">éco-délégués s’engagent au sein de leur école et de leur établissement. Leur action se conçoit en relation avec les</span><br /><span style="font-size: 14pt;">éco-délégués du conseil de la vie collégienne (CVC) ou du conseil de la vie lycéenne (CVL), comme avec la</span><br /><span style="font-size: 14pt;">Maison des lycéens, ainsi que tous les autres partenaires internes et externes à l&rsquo;établissement, notamment les</span><br /><span style="font-size: 14pt;">conseils municipaux, départementaux et régionaux des jeunes.</span></p>
<p>[/et_pb_text][et_pb_blog fullwidth= »off » include_categories= »127&Prime; _builder_version= »4.27.4&Prime; _module_preset= »default » header_text_color= »#12876F » read_more_font= »|||on||||| » read_more_text_color= »#FFFFFF » custom_css_content= »padding:20px » custom_css_read_more= »display: block;||text-align: center;||background-color:#12876F;||padding: 0.3em 1em;||margin-top: 10px; » border_radii= »on|20px|20px|20px|20px » global_colors_info= »{} »][/et_pb_blog][/et_pb_column][/et_pb_row][/et_pb_section]</p>

<p>Depuis la rentrée 2020, l’élection d’éco-délégués est obligatoire au collège et au lycée. Elle peut être organiséesimultanément avec celle des délégués de classes et peut être proposée aux élèves de CM1 et CM2.Par les projets collectifs qu’ils portent et leur rôle d’ambassadeurs au sein de l’école ou de l’établissement, leséco-délégués s’engagent au sein de leur [&hellip;]</p>

Depuis la rentrée 2020, l’élection d’éco-délégués est obligatoire au collège et au lycée. Elle peut être organiséesimultanément avec celle des délégués de classes et peut être proposée aux élèves de CM1 et CM2.Par les projets collectifs qu’ils portent et leur rôle d’ambassadeurs au sein de l’école ou de l’établissement, leséco-délégués s’engagent au sein de leur…
