{"id":1801,"date":"2026-02-21T16:36:45","date_gmt":"2026-02-21T15:36:45","guid":{"rendered":"https:\/\/www.pedagogie.ac-nice.fr\/education-musicale\/?page_id=1801"},"modified":"2026-02-21T17:02:11","modified_gmt":"2026-02-21T16:02:11","slug":"lettres-edunum-education-musicale","status":"publish","type":"page","link":"https:\/\/www.pedagogie.ac-nice.fr\/education-musicale\/lettres-edunum-education-musicale\/","title":{"rendered":"Lettres \u00c9duNum"},"content":{"rendered":"<p>[et_pb_section fb_built=\u00a0\u00bb1&Prime; admin_label=\u00a0\u00bbsection\u00a0\u00bb _builder_version=\u00a0\u00bb4.27.4&Prime; hover_enabled=\u00a0\u00bb0&Prime; global_colors_info=\u00a0\u00bb{}\u00a0\u00bb background_color=\u00a0\u00bb#000000&Prime; sticky_enabled=\u00a0\u00bb0&Prime;][et_pb_row _builder_version=\u00a0\u00bb4.27.4&Prime; _module_preset=\u00a0\u00bbdefault\u00a0\u00bb column_structure=\u00a0\u00bb1_2,1_2&Prime;][et_pb_column _builder_version=\u00a0\u00bb4.27.4&Prime; _module_preset=\u00a0\u00bbdefault\u00a0\u00bb type=\u00a0\u00bb1_2&Prime;][et_pb_blurb _builder_version=\u00a0\u00bb4.27.4&Prime; _module_preset=\u00a0\u00bbdefault\u00a0\u00bb hover_enabled=\u00a0\u00bb0&Prime; sticky_enabled=\u00a0\u00bb0&Prime; custom_padding=\u00a0\u00bb|||0px||\u00a0\u00bb]<\/p>\n<h2 style=\"text-align: center;\"><span style=\"color: #ffffff;\"><img loading=\"lazy\" decoding=\"async\" src=\"https:\/\/www.pedagogie.ac-nice.fr\/education-musicale\/wp-content\/uploads\/sites\/2\/2026\/02\/edunum_emcc-300x130.png\" width=\"525\" height=\"228\" alt=\"\" class=\"wp-image-1809 alignnone size-medium\" srcset=\"https:\/\/www.pedagogie.ac-nice.fr\/education-musicale\/wp-content\/uploads\/sites\/2\/2026\/02\/edunum_emcc-300x130.png 300w, https:\/\/www.pedagogie.ac-nice.fr\/education-musicale\/wp-content\/uploads\/sites\/2\/2026\/02\/edunum_emcc.png 341w\" sizes=\"(max-width: 525px) 100vw, 525px\" \/><\/span><\/h2>\n<h2 style=\"text-align: center;\"><span style=\"color: #ffffff;\"><strong><\/strong><\/span><\/h2>\n<h2 style=\"text-align: center;\"><span style=\"color: #ffffff;\"><strong>Lettre \u00c9duNum \u00c9ducation musicale<\/strong><\/span><\/h2>\n<p><span style=\"color: #ffffff;\">\u00a0<\/span><\/p>\n<h3 style=\"text-align: center;\"><span style=\"color: #ffffff;\"><strong><em><br \/>S&rsquo;abonner \u00e0 la lettre \u00c9duNum \u00c9ducation Musicale<\/em><\/strong><\/span><\/h3>\n<h3 style=\"text-align: center;\"><span style=\"color: #ffffff;\"><strong><br \/><span style=\"color: #ff0000;\"><a href=\"https:\/\/listes.education.fr\/sympa\/subscribe\/edunum-educationmusicale\" target=\"_blank\" rel=\"noopener\" style=\"color: #ff0000;\">LIEN<\/a><\/span><\/strong><\/span><\/h3>\n<p><span style=\"color: #ffffff;\">\u00a0<\/span><\/p>\n<p style=\"text-align: center;\">\n<p>[\/et_pb_blurb][\/et_pb_column][et_pb_column _builder_version=\u00a0\u00bb4.27.4&Prime; _module_preset=\u00a0\u00bbdefault\u00a0\u00bb type=\u00a0\u00bb1_2&Prime;][et_pb_blurb _builder_version=\u00a0\u00bb4.27.4&Prime; _module_preset=\u00a0\u00bbdefault\u00a0\u00bb hover_enabled=\u00a0\u00bb0&Prime; sticky_enabled=\u00a0\u00bb0&Prime;]<\/p>\n<h3 style=\"text-align: center;\"><span style=\"color: #ffffff;\"><strong>Lettre \u00c9duNum \u00c9ducation musicale n\u00b011 <\/strong><\/span><\/h3>\n<h3 style=\"text-align: center;\"><span style=\"color: #ffffff;\"><strong><\/strong><\/span><\/h3>\n<h3 style=\"text-align: center;\"><span style=\"color: #ffffff;\"><strong>Janvier 2026<\/strong><\/span><\/h3>\n<h3 style=\"text-align: center;\"><span style=\"color: #ffffff;\"><strong><\/strong><\/span><\/h3>\n<h3 style=\"text-align: center;\"><span style=\"color: #ff0000;\"><strong><a href=\"https:\/\/eduscol.education.fr\/4123\/les-lettres-d-actualite-edunum-sur-le-numerique-educatif#EducationMusicale\" style=\"color: #ff0000;\" target=\"_blank\" rel=\"noopener\">LIEN<\/a><\/strong><\/span><\/h3>\n<h4><\/h4>\n<p>[\/et_pb_blurb][et_pb_text _builder_version=\u00a0\u00bb4.27.4&Prime; _module_preset=\u00a0\u00bbdefault\u00a0\u00bb hover_enabled=\u00a0\u00bb0&Prime; sticky_enabled=\u00a0\u00bb0&Prime;]<\/p>\n<h5><span style=\"color: #ffffff;\">Cette lettre pr\u00e9sente des ressources li\u00e9es au 150\u1d49 anniversaire de Ravel en 2025, dont une exposition immersive, un film consacr\u00e9 au Bol\u00e9ro et des jeux d&rsquo;\u00e9vasion p\u00e9dagogiques permettant d&rsquo;explorer l&rsquo;\u0153uvre de mani\u00e8re active en classe.<br \/><\/span><\/h5>\n<h5><span style=\"color: #ffffff;\"><\/span><\/h5>\n<h5><span style=\"color: #ffffff;\"><\/span><\/h5>\n<h5><span style=\"color: #ffffff;\"><\/span><\/h5>\n<h5><span style=\"color: #ffffff;\">Elle propose \u00e9galement des sc\u00e9narios s&rsquo;appuyant sur des outils interactifs et des environnements num\u00e9riques de cr\u00e9ation pour aider les \u00e9l\u00e8ves \u00e0 comprendre la boucle sonore, exp\u00e9rimenter des rythmes ou analyser des motifs et ainsi les r\u00e9investir, en autonomie, lors des projets musicaux.<\/span><\/h5>\n<h5><\/h5>\n<h5><span style=\"color: #ffffff;\">\u00a0La lettre valorise aussi des activit\u00e9s d\u00e9veloppant l&rsquo;esprit critique face aux contenus g\u00e9n\u00e9r\u00e9s par intelligence artificielle et aux fausses informations dans le domaine musical.<\/span><\/h5>\n<h5><\/h5>\n<h5><span style=\"color: #ffffff;\">Enfin, elle offre une s\u00e9lection de ressources en neurosciences permettant de mieux comprendre les liens entre musique, \u00e9motions, cognition et apprentissages.<\/span><\/h5>\n<p>[\/et_pb_text][\/et_pb_column][\/et_pb_row][et_pb_row _builder_version=\u00a0\u00bb4.27.4&Prime; _module_preset=\u00a0\u00bbdefault\u00a0\u00bb][et_pb_column _builder_version=\u00a0\u00bb4.27.4&Prime; _module_preset=\u00a0\u00bbdefault\u00a0\u00bb type=\u00a0\u00bb4_4&Prime;][et_pb_blurb _builder_version=\u00a0\u00bb4.27.4&Prime; _module_preset=\u00a0\u00bbdefault\u00a0\u00bb hover_enabled=\u00a0\u00bb0&Prime; sticky_enabled=\u00a0\u00bb0&Prime;]<\/p>\n<p><img loading=\"lazy\" decoding=\"async\" src=\"https:\/\/www.pedagogie.ac-nice.fr\/education-musicale\/wp-content\/uploads\/sites\/2\/2020\/06\/piano-4481072__480-300x200.jpg\" width=\"316\" height=\"212\" alt=\"\" class=\"wp-image-1062 alignnone size-medium\" style=\"display: block; margin-left: auto; margin-right: auto;\" srcset=\"https:\/\/www.pedagogie.ac-nice.fr\/education-musicale\/wp-content\/uploads\/sites\/2\/2020\/06\/piano-4481072__480-300x200.jpg 300w, https:\/\/www.pedagogie.ac-nice.fr\/education-musicale\/wp-content\/uploads\/sites\/2\/2020\/06\/piano-4481072__480.jpg 719w\" sizes=\"(max-width: 316px) 100vw, 316px\" \/><\/p>\n<p>[\/et_pb_blurb][\/et_pb_column][\/et_pb_row][\/et_pb_section]<\/p>\n","protected":false},"excerpt":{"rendered":"<p>Lettre \u00c9duNum \u00c9ducation musicale \u00a0 S&rsquo;abonner \u00e0 la lettre \u00c9duNum \u00c9ducation Musicale LIEN \u00a0 Lettre \u00c9duNum \u00c9ducation musicale n\u00b011 Janvier 2026 LIEN Cette lettre pr\u00e9sente des ressources li\u00e9es au 150\u1d49 anniversaire de Ravel en 2025, dont une exposition immersive, un film consacr\u00e9 au Bol\u00e9ro et des jeux d&rsquo;\u00e9vasion p\u00e9dagogiques permettant d&rsquo;explorer l&rsquo;\u0153uvre de mani\u00e8re active [&hellip;]<\/p>\n","protected":false},"author":213,"featured_media":0,"parent":0,"menu_order":0,"comment_status":"closed","ping_status":"closed","template":"","meta":{"_et_pb_use_builder":"on","_et_pb_old_content":"&nbsp;\r\n<div class=\"container\">\r\n<div class=\"subscribe-block\">\r\n\r\n<img class=\"aligncenter\" src=\"https:\/\/www.pedagogie.ac-nice.fr\/education-musicale\/wp-content\/uploads\/sites\/2\/2026\/02\/Capture-decran-2026-02-21-a-16.15.55-300x97.png\" alt=\"Logo \u00c9duNum \u00c9ducation Musicale\" width=\"434\" height=\"139\">\r\n<div class=\"subscribe-text\" style=\"text-align: center;\">S'abonner \u00e0 la lettre \u00c9duNum \u00c9ducation Musicale<a href=\"https:\/\/listes.education.fr\/sympa\/subscribe\/edunum-educationmusicale\">\r\n<span style=\"color: #ff0000;\">https:\/\/listes.education.fr\/sympa\/subscribe\/edunum-educationmusicale<\/span>\r\n<\/a><\/div>\r\n<\/div>\r\n<!-- Lettre n\u00b011 -->\r\n<div class=\"lettre-block\">\r\n<h2><strong>Lettre \u00c9duNum \u00c9ducation musicale n\u00b011 \u2014 janvier 2026<\/strong><\/h2>\r\nCette lettre pr\u00e9sente des ressources li\u00e9es au 150\u1d49 anniversaire de Ravel en 2025, dont une exposition immersive,\r\nun film consacr\u00e9 au Bol\u00e9ro et des jeux d'\u00e9vasion p\u00e9dagogiques permettant d'explorer l'\u0153uvre de mani\u00e8re active en\r\nclasse. Elle propose \u00e9galement des sc\u00e9narios s'appuyant sur des outils interactifs et des environnements num\u00e9riques\r\nde cr\u00e9ation pour aider les \u00e9l\u00e8ves \u00e0 comprendre la boucle sonore, exp\u00e9rimenter des rythmes ou analyser des motifs\r\net ainsi les r\u00e9investir, en autonomie, lors des projets musicaux. La lettre valorise aussi des activit\u00e9s d\u00e9veloppant\r\nl'esprit critique face aux contenus g\u00e9n\u00e9r\u00e9s par intelligence artificielle et aux fausses informations dans le domaine\r\nmusical. Enfin, elle offre une s\u00e9lection de ressources en neurosciences permettant de mieux comprendre les liens\r\nentre musique, \u00e9motions, cognition et apprentissages.\r\n<p style=\"text-align: center;\"><a href=\"https:\/\/eduscol.education.fr\/4123\/les-lettres-d-actualite-edunum-sur-le-numerique-educatif#EducationMusicale\">\r\n<span style=\"color: #ff0000;\">https:\/\/eduscol.education.fr\/4123\/les-lettres-d-actualite-edunum-sur-le-numerique-educatif#EducationMusicale<\/span>\r\n<\/a><\/p>\r\n\r\n<\/div>\r\n<\/div>\r\n&nbsp;","_et_gb_content_width":"","ngg_post_thumbnail":0,"footnotes":""},"class_list":["post-1801","page","type-page","status-publish","hentry"],"rttpg_featured_image_url":null,"rttpg_author":{"display_name":"fnesme","author_link":"https:\/\/www.pedagogie.ac-nice.fr\/education-musicale\/author\/fnesme\/"},"rttpg_comment":0,"rttpg_category":null,"rttpg_excerpt":"Lettre \u00c9duNum \u00c9ducation musicale \u00a0 S'abonner \u00e0 la lettre \u00c9duNum \u00c9ducation Musicale LIEN \u00a0 Lettre \u00c9duNum \u00c9ducation musicale n\u00b011 Janvier 2026 LIEN Cette lettre pr\u00e9sente des ressources li\u00e9es au 150\u1d49 anniversaire de Ravel en 2025, dont une exposition immersive, un film consacr\u00e9 au Bol\u00e9ro et des jeux d'\u00e9vasion p\u00e9dagogiques permettant d'explorer l'\u0153uvre de mani\u00e8re active\u2026","post_mailing_queue_ids":[],"_links":{"self":[{"href":"https:\/\/www.pedagogie.ac-nice.fr\/education-musicale\/wp-json\/wp\/v2\/pages\/1801","targetHints":{"allow":["GET"]}}],"collection":[{"href":"https:\/\/www.pedagogie.ac-nice.fr\/education-musicale\/wp-json\/wp\/v2\/pages"}],"about":[{"href":"https:\/\/www.pedagogie.ac-nice.fr\/education-musicale\/wp-json\/wp\/v2\/types\/page"}],"author":[{"embeddable":true,"href":"https:\/\/www.pedagogie.ac-nice.fr\/education-musicale\/wp-json\/wp\/v2\/users\/213"}],"replies":[{"embeddable":true,"href":"https:\/\/www.pedagogie.ac-nice.fr\/education-musicale\/wp-json\/wp\/v2\/comments?post=1801"}],"version-history":[{"count":10,"href":"https:\/\/www.pedagogie.ac-nice.fr\/education-musicale\/wp-json\/wp\/v2\/pages\/1801\/revisions"}],"predecessor-version":[{"id":1819,"href":"https:\/\/www.pedagogie.ac-nice.fr\/education-musicale\/wp-json\/wp\/v2\/pages\/1801\/revisions\/1819"}],"wp:attachment":[{"href":"https:\/\/www.pedagogie.ac-nice.fr\/education-musicale\/wp-json\/wp\/v2\/media?parent=1801"}],"curies":[{"name":"wp","href":"https:\/\/api.w.org\/{rel}","templated":true}]}}

Lettres ÉduNum

<p>[et_pb_section fb_built= »1&Prime; admin_label= »section » _builder_version= »4.27.4&Prime; hover_enabled= »0&Prime; global_colors_info= »{} » background_color= »#000000&Prime; sticky_enabled= »0&Prime;][et_pb_row _builder_version= »4.27.4&Prime; _module_preset= »default » column_structure= »1_2,1_2&Prime;][et_pb_column _builder_version= »4.27.4&Prime; _module_preset= »default » type= »1_2&Prime;][et_pb_blurb _builder_version= »4.27.4&Prime; _module_preset= »default » hover_enabled= »0&Prime; sticky_enabled= »0&Prime; custom_padding= »|||0px|| »]</p>
<h2 style="text-align: center;"><span style="color: #ffffff;"><img loading="lazy" decoding="async" src="https://www.pedagogie.ac-nice.fr/education-musicale/wp-content/uploads/sites/2/2026/02/edunum_emcc-300x130.png" width="525" height="228" alt="" class="wp-image-1809 alignnone size-medium" srcset="https://www.pedagogie.ac-nice.fr/education-musicale/wp-content/uploads/sites/2/2026/02/edunum_emcc-300x130.png 300w, https://www.pedagogie.ac-nice.fr/education-musicale/wp-content/uploads/sites/2/2026/02/edunum_emcc.png 341w" sizes="(max-width: 525px) 100vw, 525px" /></span></h2>
<h2 style="text-align: center;"><span style="color: #ffffff;"><strong></strong></span></h2>
<h2 style="text-align: center;"><span style="color: #ffffff;"><strong>Lettre ÉduNum Éducation musicale</strong></span></h2>
<p><span style="color: #ffffff;"> </span></p>
<h3 style="text-align: center;"><span style="color: #ffffff;"><strong><em><br />S&rsquo;abonner à la lettre ÉduNum Éducation Musicale</em></strong></span></h3>
<h3 style="text-align: center;"><span style="color: #ffffff;"><strong><br /><span style="color: #ff0000;"><a href="https://listes.education.fr/sympa/subscribe/edunum-educationmusicale" target="_blank" rel="noopener" style="color: #ff0000;">LIEN</a></span></strong></span></h3>
<p><span style="color: #ffffff;"> </span></p>
<p style="text-align: center;">
<p>[/et_pb_blurb][/et_pb_column][et_pb_column _builder_version= »4.27.4&Prime; _module_preset= »default » type= »1_2&Prime;][et_pb_blurb _builder_version= »4.27.4&Prime; _module_preset= »default » hover_enabled= »0&Prime; sticky_enabled= »0&Prime;]</p>
<h3 style="text-align: center;"><span style="color: #ffffff;"><strong>Lettre ÉduNum Éducation musicale n°11 </strong></span></h3>
<h3 style="text-align: center;"><span style="color: #ffffff;"><strong></strong></span></h3>
<h3 style="text-align: center;"><span style="color: #ffffff;"><strong>Janvier 2026</strong></span></h3>
<h3 style="text-align: center;"><span style="color: #ffffff;"><strong></strong></span></h3>
<h3 style="text-align: center;"><span style="color: #ff0000;"><strong><a href="https://eduscol.education.fr/4123/les-lettres-d-actualite-edunum-sur-le-numerique-educatif#EducationMusicale" style="color: #ff0000;" target="_blank" rel="noopener">LIEN</a></strong></span></h3>
<h4></h4>
<p>[/et_pb_blurb][et_pb_text _builder_version= »4.27.4&Prime; _module_preset= »default » hover_enabled= »0&Prime; sticky_enabled= »0&Prime;]</p>
<h5><span style="color: #ffffff;">Cette lettre présente des ressources liées au 150ᵉ anniversaire de Ravel en 2025, dont une exposition immersive, un film consacré au Boléro et des jeux d&rsquo;évasion pédagogiques permettant d&rsquo;explorer l&rsquo;œuvre de manière active en classe.<br /></span></h5>
<h5><span style="color: #ffffff;"></span></h5>
<h5><span style="color: #ffffff;"></span></h5>
<h5><span style="color: #ffffff;"></span></h5>
<h5><span style="color: #ffffff;">Elle propose également des scénarios s&rsquo;appuyant sur des outils interactifs et des environnements numériques de création pour aider les élèves à comprendre la boucle sonore, expérimenter des rythmes ou analyser des motifs et ainsi les réinvestir, en autonomie, lors des projets musicaux.</span></h5>
<h5></h5>
<h5><span style="color: #ffffff;"> La lettre valorise aussi des activités développant l&rsquo;esprit critique face aux contenus générés par intelligence artificielle et aux fausses informations dans le domaine musical.</span></h5>
<h5></h5>
<h5><span style="color: #ffffff;">Enfin, elle offre une sélection de ressources en neurosciences permettant de mieux comprendre les liens entre musique, émotions, cognition et apprentissages.</span></h5>
<p>[/et_pb_text][/et_pb_column][/et_pb_row][et_pb_row _builder_version= »4.27.4&Prime; _module_preset= »default »][et_pb_column _builder_version= »4.27.4&Prime; _module_preset= »default » type= »4_4&Prime;][et_pb_blurb _builder_version= »4.27.4&Prime; _module_preset= »default » hover_enabled= »0&Prime; sticky_enabled= »0&Prime;]</p>
<p><img loading="lazy" decoding="async" src="https://www.pedagogie.ac-nice.fr/education-musicale/wp-content/uploads/sites/2/2020/06/piano-4481072__480-300x200.jpg" width="316" height="212" alt="" class="wp-image-1062 alignnone size-medium" style="display: block; margin-left: auto; margin-right: auto;" srcset="https://www.pedagogie.ac-nice.fr/education-musicale/wp-content/uploads/sites/2/2020/06/piano-4481072__480-300x200.jpg 300w, https://www.pedagogie.ac-nice.fr/education-musicale/wp-content/uploads/sites/2/2020/06/piano-4481072__480.jpg 719w" sizes="(max-width: 316px) 100vw, 316px" /></p>
<p>[/et_pb_blurb][/et_pb_column][/et_pb_row][/et_pb_section]</p>

<p>Lettre ÉduNum Éducation musicale   S&rsquo;abonner à la lettre ÉduNum Éducation Musicale LIEN   Lettre ÉduNum Éducation musicale n°11 Janvier 2026 LIEN Cette lettre présente des ressources liées au 150ᵉ anniversaire de Ravel en 2025, dont une exposition immersive, un film consacré au Boléro et des jeux d&rsquo;évasion pédagogiques permettant d&rsquo;explorer l&rsquo;œuvre de manière active [&hellip;]</p>

&nbsp;
<div class="container">
<div class="subscribe-block">

<img class="aligncenter" src="https://www.pedagogie.ac-nice.fr/education-musicale/wp-content/uploads/sites/2/2026/02/Capture-decran-2026-02-21-a-16.15.55-300x97.png" alt="Logo ÉduNum Éducation Musicale" width="434" height="139">
<div class="subscribe-text" style="text-align: center;">S'abonner à la lettre ÉduNum Éducation Musicale<a href="https://listes.education.fr/sympa/subscribe/edunum-educationmusicale">
<span style="color: #ff0000;">https://listes.education.fr/sympa/subscribe/edunum-educationmusicale</span>
</a></div>
</div>
<!-- Lettre n°11 -->
<div class="lettre-block">
<h2><strong>Lettre ÉduNum Éducation musicale n°11 — janvier 2026</strong></h2>
Cette lettre présente des ressources liées au 150ᵉ anniversaire de Ravel en 2025, dont une exposition immersive,
un film consacré au Boléro et des jeux d'évasion pédagogiques permettant d'explorer l'œuvre de manière active en
classe. Elle propose également des scénarios s'appuyant sur des outils interactifs et des environnements numériques
de création pour aider les élèves à comprendre la boucle sonore, expérimenter des rythmes ou analyser des motifs
et ainsi les réinvestir, en autonomie, lors des projets musicaux. La lettre valorise aussi des activités développant
l'esprit critique face aux contenus générés par intelligence artificielle et aux fausses informations dans le domaine
musical. Enfin, elle offre une sélection de ressources en neurosciences permettant de mieux comprendre les liens
entre musique, émotions, cognition et apprentissages.
<p style="text-align: center;"><a href="https://eduscol.education.fr/4123/les-lettres-d-actualite-edunum-sur-le-numerique-educatif#EducationMusicale">
<span style="color: #ff0000;">https://eduscol.education.fr/4123/les-lettres-d-actualite-edunum-sur-le-numerique-educatif#EducationMusicale</span>
</a></p>

</div>
</div>
&nbsp;

Lettre ÉduNum Éducation musicale   S'abonner à la lettre ÉduNum Éducation Musicale LIEN   Lettre ÉduNum Éducation musicale n°11 Janvier 2026 LIEN Cette lettre présente des ressources liées au 150ᵉ anniversaire de Ravel en 2025, dont une exposition immersive, un film consacré au Boléro et des jeux d'évasion pédagogiques permettant d'explorer l'œuvre de manière active…
