{"id":273,"date":"2024-01-15T10:33:22","date_gmt":"2024-01-15T09:33:22","guid":{"rendered":"https:\/\/www.pedagogie.ac-nice.fr\/emi\/?page_id=273"},"modified":"2024-02-19T17:49:12","modified_gmt":"2024-02-19T16:49:12","slug":"creation-et-accompagnement-des-medias-scolaires","status":"publish","type":"page","link":"https:\/\/www.pedagogie.ac-nice.fr\/emi\/creation-et-accompagnement-des-medias-scolaires\/","title":{"rendered":"Cr\u00e9ation et accompagnement des m\u00e9dias scolaires"},"content":{"rendered":"<p>L&rsquo;<strong>EMI<\/strong>\u00a0permet\u00a0 de renforcer chez les \u00e9l\u00e8ves des comp\u00e9tences transversales indispensables pour se rep\u00e9rer dans un monde o\u00f9 les vecteurs d\u2019information et de communication se multiplient.<\/p>\n<p>&nbsp;<\/p>\n<p>Les documents suivants mettent en \u00e9vidence les comp\u00e9tences \u00e0 acqu\u00e9rir en fin de cycle 3\u00a0 en lien avec un projet web radio.<\/p>\n<ul>\n<li>Comp\u00e9tences du socle commun de connaissances, de comp\u00e9tences et de culture.<\/li>\n<li>Comp\u00e9tences du Cadre de R\u00e9f\u00e9rence des Comp\u00e9tences Num\u00e9riques :<\/li>\n<\/ul>\n<p>Le cadre de r\u00e9f\u00e9rence des comp\u00e9tences num\u00e9riques s&rsquo;organise en cinq domaines et seize comp\u00e9tences num\u00e9riques. Il propose huit niveaux de ma\u00eetrise progressive de ces comp\u00e9tences. Les niveaux de maitrise de 1 \u00e0 2 sont propos\u00e9s plus particuli\u00e8rement aux \u00e9l\u00e8ves de l\u2019\u00e9cole \u00e9l\u00e9mentaire.<\/p>\n<p>Le cadre de r\u00e9f\u00e9rence des comp\u00e9tences num\u00e9riques s&rsquo;organise en cinq domaines et seize comp\u00e9tences num\u00e9riques. Il propose huit niveaux de ma\u00eetrise progressive de ces comp\u00e9tences.<\/p>\n<p>&nbsp;<\/p>\n<p>Comp\u00e9tences d\u00e9velopp\u00e9es dans un projet webradio :<\/p>\n<a href=\"https:\/\/www.pedagogie.ac-nice.fr\/emi\/wp-content\/uploads\/sites\/63\/2024\/02\/Competences-developpees-dans-un-projet-webradio-pdf.pdf\" class=\"pdfemb-viewer\" style=\"\" data-width=\"max\" data-height=\"max\" data-toolbar=\"bottom\" data-toolbar-fixed=\"off\">Competences-developpees-dans-un-projet-webradio-pdf<\/a>\n<p>T\u00e9l\u00e9charger : <a href=\"http:\/\/www.pedagogie.ac-nice.fr\/emi\/wp-content\/uploads\/sites\/63\/2024\/02\/Competences-developpees-dans-un-projet-webradio-pdf.pdf\">Comp\u00e9tences d\u00e9velopp\u00e9es dans un projet webradio<\/a><\/p>\n<p>&nbsp;<\/p>\n","protected":false},"excerpt":{"rendered":"<p>L&rsquo;EMI\u00a0permet\u00a0 de renforcer chez les \u00e9l\u00e8ves des comp\u00e9tences transversales indispensables pour se rep\u00e9rer dans un monde o\u00f9 les vecteurs d\u2019information<\/p>\n","protected":false},"author":373,"featured_media":0,"parent":0,"menu_order":0,"comment_status":"closed","ping_status":"closed","template":"","meta":{"colormag_page_container_layout":"default_layout","colormag_page_sidebar_layout":"default_layout","footnotes":""},"class_list":["post-273","page","type-page","status-publish","hentry"],"rttpg_featured_image_url":null,"rttpg_author":{"display_name":"jcbemi","author_link":"https:\/\/www.pedagogie.ac-nice.fr\/emi\/author\/jcbemi\/"},"rttpg_comment":0,"rttpg_category":null,"rttpg_excerpt":"L&rsquo;EMI\u00a0permet\u00a0 de renforcer chez les \u00e9l\u00e8ves des comp\u00e9tences transversales indispensables pour se rep\u00e9rer dans un monde o\u00f9 les vecteurs d\u2019information","post_mailing_queue_ids":[],"_links":{"self":[{"href":"https:\/\/www.pedagogie.ac-nice.fr\/emi\/wp-json\/wp\/v2\/pages\/273","targetHints":{"allow":["GET"]}}],"collection":[{"href":"https:\/\/www.pedagogie.ac-nice.fr\/emi\/wp-json\/wp\/v2\/pages"}],"about":[{"href":"https:\/\/www.pedagogie.ac-nice.fr\/emi\/wp-json\/wp\/v2\/types\/page"}],"author":[{"embeddable":true,"href":"https:\/\/www.pedagogie.ac-nice.fr\/emi\/wp-json\/wp\/v2\/users\/373"}],"replies":[{"embeddable":true,"href":"https:\/\/www.pedagogie.ac-nice.fr\/emi\/wp-json\/wp\/v2\/comments?post=273"}],"version-history":[{"count":5,"href":"https:\/\/www.pedagogie.ac-nice.fr\/emi\/wp-json\/wp\/v2\/pages\/273\/revisions"}],"predecessor-version":[{"id":435,"href":"https:\/\/www.pedagogie.ac-nice.fr\/emi\/wp-json\/wp\/v2\/pages\/273\/revisions\/435"}],"wp:attachment":[{"href":"https:\/\/www.pedagogie.ac-nice.fr\/emi\/wp-json\/wp\/v2\/media?parent=273"}],"curies":[{"name":"wp","href":"https:\/\/api.w.org\/{rel}","templated":true}]}}