{"id":366,"date":"2024-02-06T10:46:45","date_gmt":"2024-02-06T09:46:45","guid":{"rendered":"https:\/\/www.pedagogie.ac-nice.fr\/emi\/?page_id=366"},"modified":"2024-04-12T13:36:28","modified_gmt":"2024-04-12T11:36:28","slug":"resssources","status":"publish","type":"page","link":"https:\/\/www.pedagogie.ac-nice.fr\/emi\/resssources\/","title":{"rendered":"Resssources"},"content":{"rendered":"<hr \/>\n<hr \/>\n<h2 style=\"text-align: center;\"><span dir=\"ltr\" role=\"presentation\">Les essentiels <\/span><\/h2>\n<h2 style=\"text-align: center;\"><span dir=\"ltr\" role=\"presentation\">\u00c9DUCATION AUX M\u00c9DIAS <\/span><span dir=\"ltr\" role=\"presentation\">ET \u00c0 L\u2019INFORMATION<\/span><\/h2>\n<hr \/>\n<hr \/>\n<p>https:\/\/www.clemi.fr\/sites\/default\/files\/2024-03\/CLEMI_LesEssentiels_maj2023_int-PDF%20%281%29%20%281%29.pdf<\/p>\n<p>&nbsp;<\/p>\n<p>&nbsp;<\/p>\n<p>&nbsp;<\/p>\n<hr \/>\n<hr \/>\n<h2 style=\"text-align: center;\"><span style=\"font-size: 14pt;\">Fake-news<\/span><\/h2>\n<hr \/>\n<hr \/>\n<p>http:\/\/www.pearltrees.com\/ressourcesmeefdocumentation\/fake-news\/id74751642<\/p>\n<p>&nbsp;<\/p>\n","protected":false},"excerpt":{"rendered":"<p>Les essentiels \u00c9DUCATION AUX M\u00c9DIAS ET \u00c0 L\u2019INFORMATION https:\/\/www.clemi.fr\/sites\/default\/files\/2024-03\/CLEMI_LesEssentiels_maj2023_int-PDF%20%281%29%20%281%29.pdf &nbsp; &nbsp; &nbsp; Fake-news http:\/\/www.pearltrees.com\/ressourcesmeefdocumentation\/fake-news\/id74751642 &nbsp;<\/p>\n","protected":false},"author":373,"featured_media":0,"parent":0,"menu_order":0,"comment_status":"closed","ping_status":"closed","template":"","meta":{"colormag_page_container_layout":"default_layout","colormag_page_sidebar_layout":"default_layout","footnotes":""},"class_list":["post-366","page","type-page","status-publish","hentry"],"rttpg_featured_image_url":null,"rttpg_author":{"display_name":"jcbemi","author_link":"https:\/\/www.pedagogie.ac-nice.fr\/emi\/author\/jcbemi\/"},"rttpg_comment":0,"rttpg_category":null,"rttpg_excerpt":"Les essentiels \u00c9DUCATION AUX M\u00c9DIAS ET \u00c0 L\u2019INFORMATION https:\/\/www.clemi.fr\/sites\/default\/files\/2024-03\/CLEMI_LesEssentiels_maj2023_int-PDF%20%281%29%20%281%29.pdf &nbsp; &nbsp; &nbsp; Fake-news http:\/\/www.pearltrees.com\/ressourcesmeefdocumentation\/fake-news\/id74751642 &nbsp;","post_mailing_queue_ids":[],"_links":{"self":[{"href":"https:\/\/www.pedagogie.ac-nice.fr\/emi\/wp-json\/wp\/v2\/pages\/366","targetHints":{"allow":["GET"]}}],"collection":[{"href":"https:\/\/www.pedagogie.ac-nice.fr\/emi\/wp-json\/wp\/v2\/pages"}],"about":[{"href":"https:\/\/www.pedagogie.ac-nice.fr\/emi\/wp-json\/wp\/v2\/types\/page"}],"author":[{"embeddable":true,"href":"https:\/\/www.pedagogie.ac-nice.fr\/emi\/wp-json\/wp\/v2\/users\/373"}],"replies":[{"embeddable":true,"href":"https:\/\/www.pedagogie.ac-nice.fr\/emi\/wp-json\/wp\/v2\/comments?post=366"}],"version-history":[{"count":19,"href":"https:\/\/www.pedagogie.ac-nice.fr\/emi\/wp-json\/wp\/v2\/pages\/366\/revisions"}],"predecessor-version":[{"id":455,"href":"https:\/\/www.pedagogie.ac-nice.fr\/emi\/wp-json\/wp\/v2\/pages\/366\/revisions\/455"}],"wp:attachment":[{"href":"https:\/\/www.pedagogie.ac-nice.fr\/emi\/wp-json\/wp\/v2\/media?parent=366"}],"curies":[{"name":"wp","href":"https:\/\/api.w.org\/{rel}","templated":true}]}}