{"id":102,"date":"2018-09-09T17:04:17","date_gmt":"2018-09-09T15:04:17","guid":{"rendered":"http:\/\/www.ac-nice.fr\/eps\/?page_id=102"},"modified":"2026-03-11T08:56:24","modified_gmt":"2026-03-11T07:56:24","slug":"accroche-1","status":"publish","type":"page","link":"https:\/\/www.pedagogie.ac-nice.fr\/eps\/","title":{"rendered":"ACTUALIT\u00c9S"},"content":{"rendered":"<div style=\"width: 800px; padding-top: 10px; padding-bottom: 10px; border: 3px solid #D2FCF9; text-align: center; background: #E9FCFB;\">\n<table class=\" aligncenter\" style=\"border-collapse: collapse;\">\n<tbody>\n<tr>\n<td style=\"width: 100%;\"><\/td>\n<\/tr>\n<\/tbody>\n<\/table>\n<p><span style=\"font-size: 24pt;\"><strong><img loading=\"lazy\" decoding=\"async\" class=\"alignnone size-full wp-image-1173\" src=\"https:\/\/www.pedagogie.ac-nice.fr\/eps\/wp-content\/uploads\/sites\/20\/2014\/05\/new-boule-rouge-1.gif\" alt=\"\" width=\"35\" height=\"33\" \/>\u00a0VADE-MECUM SPORT \u00c9TUDES<\/strong><\/span><\/div>\n<p><a href=\"https:\/\/www.pedagogie.ac-nice.fr\/eps\/wp-content\/uploads\/sites\/20\/2026\/03\/251008_-_region_paca_-_vade-mecum-shn_-_maj_v4_com.pdf\" target=\"_blank\" rel=\"noopener\"><img loading=\"lazy\" decoding=\"async\" class=\"aligncenter wp-image-7760 size-medium\" src=\"https:\/\/www.pedagogie.ac-nice.fr\/eps\/wp-content\/uploads\/sites\/20\/2026\/03\/image-vademecum-SHN-sport-etudes-208x300.png\" alt=\"\" width=\"208\" height=\"300\" srcset=\"https:\/\/www.pedagogie.ac-nice.fr\/eps\/wp-content\/uploads\/sites\/20\/2026\/03\/image-vademecum-SHN-sport-etudes-208x300.png 208w, https:\/\/www.pedagogie.ac-nice.fr\/eps\/wp-content\/uploads\/sites\/20\/2026\/03\/image-vademecum-SHN-sport-etudes.png 581w\" sizes=\"auto, (max-width: 208px) 100vw, 208px\" \/><\/a><\/p>\n<div style=\"width: 800px; padding-top: 10px; padding-bottom: 10px; border: 3px solid #D2FCF9; text-align: center; background: #E9FCFB;\"><span style=\"font-size: 24pt;\"><strong><img loading=\"lazy\" decoding=\"async\" class=\"alignnone size-full wp-image-1173\" src=\"https:\/\/www.pedagogie.ac-nice.fr\/eps\/wp-content\/uploads\/sites\/20\/2014\/05\/new-boule-rouge-1.gif\" alt=\"\" width=\"35\" height=\"33\" \/> SECTIONS SPORTIVES SCOLAIRES-RENTR\u00c9E 2026<\/strong><\/span><\/div>\n<p>&nbsp;<\/p>\n<table style=\"border-collapse: collapse; width: 100%;\">\n<tbody>\n<tr>\n<td style=\"width: 50%; text-align: center;\"><a href=\"https:\/\/www.pedagogie.ac-nice.fr\/eps\/wp-content\/uploads\/sites\/20\/2026\/03\/CARTE-DES-SSS-VAR-R2026.pdf\" class=\"pdfemb-viewer\" style=\"\" data-width=\"max\" data-height=\"max\" data-toolbar=\"bottom\" data-toolbar-fixed=\"off\">CARTE DES SSS VAR R2026<\/a><\/p>\n<p><a href=\"https:\/\/www.pedagogie.ac-nice.fr\/eps\/wp-content\/uploads\/sites\/20\/2026\/03\/CARTE-DES-SSS-VAR-R2026.pdf\" target=\"_blank\" rel=\"noopener\"><img loading=\"lazy\" decoding=\"async\" class=\"aligncenter wp-image-2383\" src=\"https:\/\/www.pedagogie.ac-nice.fr\/eps\/wp-content\/uploads\/sites\/20\/2017\/09\/symbole-de-telechargement-1-300x300.jpg\" alt=\"\" width=\"58\" height=\"58\" srcset=\"https:\/\/www.pedagogie.ac-nice.fr\/eps\/wp-content\/uploads\/sites\/20\/2017\/09\/symbole-de-telechargement-1-300x300.jpg 300w, https:\/\/www.pedagogie.ac-nice.fr\/eps\/wp-content\/uploads\/sites\/20\/2017\/09\/symbole-de-telechargement-1-150x150.jpg 150w, https:\/\/www.pedagogie.ac-nice.fr\/eps\/wp-content\/uploads\/sites\/20\/2017\/09\/symbole-de-telechargement-1-100x100.jpg 100w, https:\/\/www.pedagogie.ac-nice.fr\/eps\/wp-content\/uploads\/sites\/20\/2017\/09\/symbole-de-telechargement-1.jpg 626w\" sizes=\"auto, (max-width: 58px) 100vw, 58px\" \/><\/a><\/td>\n<td style=\"width: 50%;\">\n<p style=\"text-align: center;\"><a href=\"https:\/\/www.pedagogie.ac-nice.fr\/eps\/wp-content\/uploads\/sites\/20\/2026\/03\/CARTE-DES-SSS-AM-R2026.pdf\" class=\"pdfemb-viewer\" style=\"\" data-width=\"max\" data-height=\"max\" data-toolbar=\"bottom\" data-toolbar-fixed=\"off\">CARTE DES SSS AM R2026<\/a><\/p>\n<p><a href=\"https:\/\/www.pedagogie.ac-nice.fr\/eps\/wp-content\/uploads\/sites\/20\/2026\/03\/CARTE-DES-SSS-AM-R2026.pdf\" target=\"_blank\" rel=\"noopener\"><img loading=\"lazy\" decoding=\"async\" class=\"aligncenter wp-image-2383\" src=\"https:\/\/www.pedagogie.ac-nice.fr\/eps\/wp-content\/uploads\/sites\/20\/2017\/09\/symbole-de-telechargement-1-300x300.jpg\" alt=\"\" width=\"58\" height=\"58\" srcset=\"https:\/\/www.pedagogie.ac-nice.fr\/eps\/wp-content\/uploads\/sites\/20\/2017\/09\/symbole-de-telechargement-1-300x300.jpg 300w, https:\/\/www.pedagogie.ac-nice.fr\/eps\/wp-content\/uploads\/sites\/20\/2017\/09\/symbole-de-telechargement-1-150x150.jpg 150w, https:\/\/www.pedagogie.ac-nice.fr\/eps\/wp-content\/uploads\/sites\/20\/2017\/09\/symbole-de-telechargement-1-100x100.jpg 100w, https:\/\/www.pedagogie.ac-nice.fr\/eps\/wp-content\/uploads\/sites\/20\/2017\/09\/symbole-de-telechargement-1.jpg 626w\" sizes=\"auto, (max-width: 58px) 100vw, 58px\" \/><\/a><\/td>\n<\/tr>\n<\/tbody>\n<\/table>\n<p>&nbsp;<\/p>\n<h2>Intelligence Artificielle et Education<\/h2>\n<p style=\"text-align: center;\"><a href=\"https:\/\/www.calameo.com\/drane-paca\/read\/000783377faa8a4490a73\"><img loading=\"lazy\" decoding=\"async\" class=\"aligncenter wp-image-7751 size-thumbnail\" src=\"https:\/\/www.pedagogie.ac-nice.fr\/eps\/wp-content\/uploads\/sites\/20\/2026\/02\/image-IA-150x150.jpg\" alt=\"\" width=\"150\" height=\"150\" \/><\/a><\/p>\n<p>&nbsp;<\/p>\n<h2 style=\"text-align: center;\">Compte rendu de l\u2019enqu\u00eate Nationale 2025<\/h2>\n<p>&nbsp;<\/p>\n<p style=\"text-align: center;\"><span style=\"font-size: 18pt;\"><strong>SAVOIR NAGER EN SECURITE<\/strong><\/span><\/p>\n<p><a href=\"https:\/\/www.pedagogie.ac-nice.fr\/eps\/wp-content\/uploads\/sites\/20\/2025\/10\/CR_enquete_2025_asns-.pdf\" target=\"_blank\" rel=\"noopener\"><img loading=\"lazy\" decoding=\"async\" class=\"size-medium wp-image-7694 aligncenter\" src=\"https:\/\/www.pedagogie.ac-nice.fr\/eps\/wp-content\/uploads\/sites\/20\/2025\/10\/image-CR-savoir-nager-300x121.png\" alt=\"\" width=\"300\" height=\"121\" srcset=\"https:\/\/www.pedagogie.ac-nice.fr\/eps\/wp-content\/uploads\/sites\/20\/2025\/10\/image-CR-savoir-nager-300x121.png 300w, https:\/\/www.pedagogie.ac-nice.fr\/eps\/wp-content\/uploads\/sites\/20\/2025\/10\/image-CR-savoir-nager-768x310.png 768w, https:\/\/www.pedagogie.ac-nice.fr\/eps\/wp-content\/uploads\/sites\/20\/2025\/10\/image-CR-savoir-nager.png 906w\" sizes=\"auto, (max-width: 300px) 100vw, 300px\" \/><\/a><\/p>\n<p>&nbsp;<\/p>\n<h2>Nouveaux programmes au coll\u00e8ge pour les cycles 3 et 4<\/h2>\n<p><img loading=\"lazy\" decoding=\"async\" class=\"size-medium wp-image-5981 aligncenter\" src=\"https:\/\/www.pedagogie.ac-nice.fr\/eps\/wp-content\/uploads\/sites\/20\/2021\/10\/6-1-300x169.png\" alt=\"\" width=\"300\" height=\"169\" srcset=\"https:\/\/www.pedagogie.ac-nice.fr\/eps\/wp-content\/uploads\/sites\/20\/2021\/10\/6-1-300x169.png 300w, https:\/\/www.pedagogie.ac-nice.fr\/eps\/wp-content\/uploads\/sites\/20\/2021\/10\/6-1-1024x576.png 1024w, https:\/\/www.pedagogie.ac-nice.fr\/eps\/wp-content\/uploads\/sites\/20\/2021\/10\/6-1-768x432.png 768w, https:\/\/www.pedagogie.ac-nice.fr\/eps\/wp-content\/uploads\/sites\/20\/2021\/10\/6-1-1536x864.png 1536w, https:\/\/www.pedagogie.ac-nice.fr\/eps\/wp-content\/uploads\/sites\/20\/2021\/10\/6-1.png 1920w\" sizes=\"auto, (max-width: 300px) 100vw, 300px\" \/><\/p>\n<p>&nbsp;<\/p>\n<h2 style=\"text-align: left;\">PROGRAMME EVARS<\/h2>\n<p><a href=\"https:\/\/www.pedagogie.ac-nice.fr\/eps\/wp-content\/uploads\/sites\/20\/2025\/03\/eduquer-a-la-vie-affective-et-relationnelle-et-a-la-sexualite.pdf\" target=\"_blank\" rel=\"noopener\"><img loading=\"lazy\" decoding=\"async\" class=\"alignleft wp-image-7654 size-thumbnail\" src=\"https:\/\/www.pedagogie.ac-nice.fr\/eps\/wp-content\/uploads\/sites\/20\/2025\/03\/image-EVARS-150x150.jpg\" alt=\"\" width=\"150\" height=\"150\" \/><\/a><\/p>\n<p>Alors que toutes les trois minutes, un enfant est victime d\u2019agression sexuelle, que 2,3 millions de mineurs sont expos\u00e9s chaque mois \u00e0 la pornographie, il devenait n\u00e9cessaire que l\u2019\u00c9ducation nationale propose un programme clair sur ces sujets. Destin\u00e9e \u00e0 tous les \u00e9l\u00e8ves et d\u00e9sormais encadr\u00e9e par un programme national largement adopt\u00e9 par le <a href=\"https:\/\/www.education.gouv.fr\/le-bulletin-officiel-de-l-education-nationale-de-la-jeunesse- et-des-sports-89558\" target=\"_blank\" rel=\"noopener\">Conseil sup\u00e9rieur de l\u2019\u00e9ducation le 30 janvier 2025<\/a>, l\u2019\u00e9ducation \u00e0 la sexualit\u00e9 prendra d\u00e9sormais la forme d\u2019une <strong>\u00e9ducation \u00e0 la vie affective et relationnelle \u00e0 l\u2019\u00e9cole primaire <\/strong>et d\u2019une <strong>\u00e9ducation \u00e0 la vie affective et relationnelle, et \u00e0 la sexualit\u00e9 au coll\u00e8ge et au lyc\u00e9e<\/strong>, d\u00e8s la rentr\u00e9e de septembre 2025.<\/p>\n<p>Les professeurs devront porter ces enseignements dans un cadre qui peut \u00eatre interdisciplinaire, avec les personnels \u00e9ducatifs, sociaux et de sant\u00e9 de l\u2019\u00c9ducation nationale, qui jouent un r\u00f4le essentiel gr\u00e2ce \u00e0 leur expertise.<\/p>\n<p>&nbsp;<\/p>\n<h2 style=\"text-align: left;\">VADEMECUM\u00a0 LAICITE<\/h2>\n<p><a href=\"https:\/\/www.pedagogie.ac-nice.fr\/eps\/wp-content\/uploads\/sites\/20\/2025\/03\/2024_vademecum-laicite.pdf\" target=\"_blank\" rel=\"noopener\"><img loading=\"lazy\" decoding=\"async\" class=\"aligncenter wp-image-7635 size-thumbnail\" src=\"https:\/\/www.pedagogie.ac-nice.fr\/eps\/wp-content\/uploads\/sites\/20\/2025\/03\/image-vademecum-laicite-150x150.png\" alt=\"\" width=\"150\" height=\"150\" \/><\/a><\/p>\n","protected":false},"excerpt":{"rendered":"<p>\u00a0VADE-MECUM SPORT \u00c9TUDES SECTIONS SPORTIVES SCOLAIRES-RENTR\u00c9E 2026 &nbsp; &nbsp; Intelligence Artificielle et Education &nbsp; Compte rendu de l\u2019enqu\u00eate Nationale 2025 &nbsp; SAVOIR NAGER EN SECURITE &nbsp; Nouveaux programmes au coll\u00e8ge pour les cycles 3 et 4 &nbsp; PROGRAMME EVARS Alors que toutes les trois minutes, un enfant est victime d\u2019agression sexuelle, que 2,3 millions de &hellip; <a href=\"https:\/\/www.pedagogie.ac-nice.fr\/eps\/\" class=\"more-link\">Continuer la lecture de <span class=\"screen-reader-text\">ACTUALIT\u00c9S<\/span> <span class=\"meta-nav\">&rarr;<\/span><\/a><\/p>\n","protected":false},"author":129,"featured_media":0,"parent":0,"menu_order":0,"comment_status":"closed","ping_status":"closed","template":"","meta":{"footnotes":""},"class_list":["post-102","page","type-page","status-publish","hentry"],"rttpg_featured_image_url":null,"rttpg_author":{"display_name":"Fran\u00e7ois Meignaud","author_link":"https:\/\/www.pedagogie.ac-nice.fr\/eps\/author\/meignaud\/"},"rttpg_comment":0,"rttpg_category":null,"rttpg_excerpt":"\u00a0VADE-MECUM SPORT \u00c9TUDES SECTIONS SPORTIVES SCOLAIRES-RENTR\u00c9E 2026 &nbsp; &nbsp; Intelligence Artificielle et Education &nbsp; Compte rendu de l\u2019enqu\u00eate Nationale 2025 &nbsp; SAVOIR NAGER EN SECURITE &nbsp; Nouveaux programmes au coll\u00e8ge pour les cycles 3 et 4 &nbsp; PROGRAMME EVARS Alors que toutes les trois minutes, un enfant est victime d\u2019agression sexuelle, que 2,3 millions de\u2026","post_mailing_queue_ids":[],"_links":{"self":[{"href":"https:\/\/www.pedagogie.ac-nice.fr\/eps\/wp-json\/wp\/v2\/pages\/102","targetHints":{"allow":["GET"]}}],"collection":[{"href":"https:\/\/www.pedagogie.ac-nice.fr\/eps\/wp-json\/wp\/v2\/pages"}],"about":[{"href":"https:\/\/www.pedagogie.ac-nice.fr\/eps\/wp-json\/wp\/v2\/types\/page"}],"author":[{"embeddable":true,"href":"https:\/\/www.pedagogie.ac-nice.fr\/eps\/wp-json\/wp\/v2\/users\/129"}],"replies":[{"embeddable":true,"href":"https:\/\/www.pedagogie.ac-nice.fr\/eps\/wp-json\/wp\/v2\/comments?post=102"}],"version-history":[{"count":307,"href":"https:\/\/www.pedagogie.ac-nice.fr\/eps\/wp-json\/wp\/v2\/pages\/102\/revisions"}],"predecessor-version":[{"id":8013,"href":"https:\/\/www.pedagogie.ac-nice.fr\/eps\/wp-json\/wp\/v2\/pages\/102\/revisions\/8013"}],"wp:attachment":[{"href":"https:\/\/www.pedagogie.ac-nice.fr\/eps\/wp-json\/wp\/v2\/media?parent=102"}],"curies":[{"name":"wp","href":"https:\/\/api.w.org\/{rel}","templated":true}]}}

ACTUALITÉS

<div style="width: 800px; padding-top: 10px; padding-bottom: 10px; border: 3px solid #D2FCF9; text-align: center; background: #E9FCFB;">
<table class=" aligncenter" style="border-collapse: collapse;">
<tbody>
<tr>
<td style="width: 100%;"></td>
</tr>
</tbody>
</table>
<p><span style="font-size: 24pt;"><strong><img loading="lazy" decoding="async" class="alignnone size-full wp-image-1173" src="https://www.pedagogie.ac-nice.fr/eps/wp-content/uploads/sites/20/2014/05/new-boule-rouge-1.gif" alt="" width="35" height="33" /> VADE-MECUM SPORT ÉTUDES</strong></span></div>
<p><a href="https://www.pedagogie.ac-nice.fr/eps/wp-content/uploads/sites/20/2026/03/251008_-_region_paca_-_vade-mecum-shn_-_maj_v4_com.pdf" target="_blank" rel="noopener"><img loading="lazy" decoding="async" class="aligncenter wp-image-7760 size-medium" src="https://www.pedagogie.ac-nice.fr/eps/wp-content/uploads/sites/20/2026/03/image-vademecum-SHN-sport-etudes-208x300.png" alt="" width="208" height="300" srcset="https://www.pedagogie.ac-nice.fr/eps/wp-content/uploads/sites/20/2026/03/image-vademecum-SHN-sport-etudes-208x300.png 208w, https://www.pedagogie.ac-nice.fr/eps/wp-content/uploads/sites/20/2026/03/image-vademecum-SHN-sport-etudes.png 581w" sizes="auto, (max-width: 208px) 100vw, 208px" /></a></p>
<div style="width: 800px; padding-top: 10px; padding-bottom: 10px; border: 3px solid #D2FCF9; text-align: center; background: #E9FCFB;"><span style="font-size: 24pt;"><strong><img loading="lazy" decoding="async" class="alignnone size-full wp-image-1173" src="https://www.pedagogie.ac-nice.fr/eps/wp-content/uploads/sites/20/2014/05/new-boule-rouge-1.gif" alt="" width="35" height="33" /> SECTIONS SPORTIVES SCOLAIRES-RENTRÉE 2026</strong></span></div>
<p>&nbsp;</p>
<table style="border-collapse: collapse; width: 100%;">
<tbody>
<tr>
<td style="width: 50%; text-align: center;"><a href="https://www.pedagogie.ac-nice.fr/eps/wp-content/uploads/sites/20/2026/03/CARTE-DES-SSS-VAR-R2026.pdf" class="pdfemb-viewer" style="" data-width="max" data-height="max" data-toolbar="bottom" data-toolbar-fixed="off">CARTE DES SSS VAR R2026</a></p>
<p><a href="https://www.pedagogie.ac-nice.fr/eps/wp-content/uploads/sites/20/2026/03/CARTE-DES-SSS-VAR-R2026.pdf" target="_blank" rel="noopener"><img loading="lazy" decoding="async" class="aligncenter wp-image-2383" src="https://www.pedagogie.ac-nice.fr/eps/wp-content/uploads/sites/20/2017/09/symbole-de-telechargement-1-300x300.jpg" alt="" width="58" height="58" srcset="https://www.pedagogie.ac-nice.fr/eps/wp-content/uploads/sites/20/2017/09/symbole-de-telechargement-1-300x300.jpg 300w, https://www.pedagogie.ac-nice.fr/eps/wp-content/uploads/sites/20/2017/09/symbole-de-telechargement-1-150x150.jpg 150w, https://www.pedagogie.ac-nice.fr/eps/wp-content/uploads/sites/20/2017/09/symbole-de-telechargement-1-100x100.jpg 100w, https://www.pedagogie.ac-nice.fr/eps/wp-content/uploads/sites/20/2017/09/symbole-de-telechargement-1.jpg 626w" sizes="auto, (max-width: 58px) 100vw, 58px" /></a></td>
<td style="width: 50%;">
<p style="text-align: center;"><a href="https://www.pedagogie.ac-nice.fr/eps/wp-content/uploads/sites/20/2026/03/CARTE-DES-SSS-AM-R2026.pdf" class="pdfemb-viewer" style="" data-width="max" data-height="max" data-toolbar="bottom" data-toolbar-fixed="off">CARTE DES SSS AM R2026</a></p>
<p><a href="https://www.pedagogie.ac-nice.fr/eps/wp-content/uploads/sites/20/2026/03/CARTE-DES-SSS-AM-R2026.pdf" target="_blank" rel="noopener"><img loading="lazy" decoding="async" class="aligncenter wp-image-2383" src="https://www.pedagogie.ac-nice.fr/eps/wp-content/uploads/sites/20/2017/09/symbole-de-telechargement-1-300x300.jpg" alt="" width="58" height="58" srcset="https://www.pedagogie.ac-nice.fr/eps/wp-content/uploads/sites/20/2017/09/symbole-de-telechargement-1-300x300.jpg 300w, https://www.pedagogie.ac-nice.fr/eps/wp-content/uploads/sites/20/2017/09/symbole-de-telechargement-1-150x150.jpg 150w, https://www.pedagogie.ac-nice.fr/eps/wp-content/uploads/sites/20/2017/09/symbole-de-telechargement-1-100x100.jpg 100w, https://www.pedagogie.ac-nice.fr/eps/wp-content/uploads/sites/20/2017/09/symbole-de-telechargement-1.jpg 626w" sizes="auto, (max-width: 58px) 100vw, 58px" /></a></td>
</tr>
</tbody>
</table>
<p>&nbsp;</p>
<h2>Intelligence Artificielle et Education</h2>
<p style="text-align: center;"><a href="https://www.calameo.com/drane-paca/read/000783377faa8a4490a73"><img loading="lazy" decoding="async" class="aligncenter wp-image-7751 size-thumbnail" src="https://www.pedagogie.ac-nice.fr/eps/wp-content/uploads/sites/20/2026/02/image-IA-150x150.jpg" alt="" width="150" height="150" /></a></p>
<p>&nbsp;</p>
<h2 style="text-align: center;">Compte rendu de l’enquête Nationale 2025</h2>
<p>&nbsp;</p>
<p style="text-align: center;"><span style="font-size: 18pt;"><strong>SAVOIR NAGER EN SECURITE</strong></span></p>
<p><a href="https://www.pedagogie.ac-nice.fr/eps/wp-content/uploads/sites/20/2025/10/CR_enquete_2025_asns-.pdf" target="_blank" rel="noopener"><img loading="lazy" decoding="async" class="size-medium wp-image-7694 aligncenter" src="https://www.pedagogie.ac-nice.fr/eps/wp-content/uploads/sites/20/2025/10/image-CR-savoir-nager-300x121.png" alt="" width="300" height="121" srcset="https://www.pedagogie.ac-nice.fr/eps/wp-content/uploads/sites/20/2025/10/image-CR-savoir-nager-300x121.png 300w, https://www.pedagogie.ac-nice.fr/eps/wp-content/uploads/sites/20/2025/10/image-CR-savoir-nager-768x310.png 768w, https://www.pedagogie.ac-nice.fr/eps/wp-content/uploads/sites/20/2025/10/image-CR-savoir-nager.png 906w" sizes="auto, (max-width: 300px) 100vw, 300px" /></a></p>
<p>&nbsp;</p>
<h2>Nouveaux programmes au collège pour les cycles 3 et 4</h2>
<p><img loading="lazy" decoding="async" class="size-medium wp-image-5981 aligncenter" src="https://www.pedagogie.ac-nice.fr/eps/wp-content/uploads/sites/20/2021/10/6-1-300x169.png" alt="" width="300" height="169" srcset="https://www.pedagogie.ac-nice.fr/eps/wp-content/uploads/sites/20/2021/10/6-1-300x169.png 300w, https://www.pedagogie.ac-nice.fr/eps/wp-content/uploads/sites/20/2021/10/6-1-1024x576.png 1024w, https://www.pedagogie.ac-nice.fr/eps/wp-content/uploads/sites/20/2021/10/6-1-768x432.png 768w, https://www.pedagogie.ac-nice.fr/eps/wp-content/uploads/sites/20/2021/10/6-1-1536x864.png 1536w, https://www.pedagogie.ac-nice.fr/eps/wp-content/uploads/sites/20/2021/10/6-1.png 1920w" sizes="auto, (max-width: 300px) 100vw, 300px" /></p>
<p>&nbsp;</p>
<h2 style="text-align: left;">PROGRAMME EVARS</h2>
<p><a href="https://www.pedagogie.ac-nice.fr/eps/wp-content/uploads/sites/20/2025/03/eduquer-a-la-vie-affective-et-relationnelle-et-a-la-sexualite.pdf" target="_blank" rel="noopener"><img loading="lazy" decoding="async" class="alignleft wp-image-7654 size-thumbnail" src="https://www.pedagogie.ac-nice.fr/eps/wp-content/uploads/sites/20/2025/03/image-EVARS-150x150.jpg" alt="" width="150" height="150" /></a></p>
<p>Alors que toutes les trois minutes, un enfant est victime d’agression sexuelle, que 2,3 millions de mineurs sont exposés chaque mois à la pornographie, il devenait nécessaire que l’Éducation nationale propose un programme clair sur ces sujets. Destinée à tous les élèves et désormais encadrée par un programme national largement adopté par le <a href="https://www.education.gouv.fr/le-bulletin-officiel-de-l-education-nationale-de-la-jeunesse- et-des-sports-89558" target="_blank" rel="noopener">Conseil supérieur de l’éducation le 30 janvier 2025</a>, l’éducation à la sexualité prendra désormais la forme d’une <strong>éducation à la vie affective et relationnelle à l’école primaire </strong>et d’une <strong>éducation à la vie affective et relationnelle, et à la sexualité au collège et au lycée</strong>, dès la rentrée de septembre 2025.</p>
<p>Les professeurs devront porter ces enseignements dans un cadre qui peut être interdisciplinaire, avec les personnels éducatifs, sociaux et de santé de l’Éducation nationale, qui jouent un rôle essentiel grâce à leur expertise.</p>
<p>&nbsp;</p>
<h2 style="text-align: left;">VADEMECUM  LAICITE</h2>
<p><a href="https://www.pedagogie.ac-nice.fr/eps/wp-content/uploads/sites/20/2025/03/2024_vademecum-laicite.pdf" target="_blank" rel="noopener"><img loading="lazy" decoding="async" class="aligncenter wp-image-7635 size-thumbnail" src="https://www.pedagogie.ac-nice.fr/eps/wp-content/uploads/sites/20/2025/03/image-vademecum-laicite-150x150.png" alt="" width="150" height="150" /></a></p>

<p> VADE-MECUM SPORT ÉTUDES SECTIONS SPORTIVES SCOLAIRES-RENTRÉE 2026 &nbsp; &nbsp; Intelligence Artificielle et Education &nbsp; Compte rendu de l’enquête Nationale 2025 &nbsp; SAVOIR NAGER EN SECURITE &nbsp; Nouveaux programmes au collège pour les cycles 3 et 4 &nbsp; PROGRAMME EVARS Alors que toutes les trois minutes, un enfant est victime d’agression sexuelle, que 2,3 millions de &hellip; <a href="https://www.pedagogie.ac-nice.fr/eps/" class="more-link">Continuer la lecture de <span class="screen-reader-text">ACTUALITÉS</span> <span class="meta-nav">&rarr;</span></a></p>

François Meignaud

VADE-MECUM SPORT ÉTUDES SECTIONS SPORTIVES SCOLAIRES-RENTRÉE 2026 &nbsp; &nbsp; Intelligence Artificielle et Education &nbsp; Compte rendu de l’enquête Nationale 2025 &nbsp; SAVOIR NAGER EN SECURITE &nbsp; Nouveaux programmes au collège pour les cycles 3 et 4 &nbsp; PROGRAMME EVARS Alors que toutes les trois minutes, un enfant est victime d’agression sexuelle, que 2,3 millions de…
