{"id":114,"date":"2014-01-10T09:52:42","date_gmt":"2014-01-10T08:52:42","guid":{"rendered":"http:\/\/www.ac-nice.fr\/eps\/?page_id=114"},"modified":"2022-02-23T15:10:59","modified_gmt":"2022-02-23T14:10:59","slug":"college","status":"publish","type":"page","link":"https:\/\/www.pedagogie.ac-nice.fr\/eps\/institutionnel\/college\/","title":{"rendered":"Le Coll\u00e8ge"},"content":{"rendered":"<div>\n<p><a href=\"https:\/\/www.pedagogie.ac-nice.fr\/eps\/institutionnel\/socle-commun\/\"><img loading=\"lazy\" decoding=\"async\" class=\"wp-image-5981  alignleft\" src=\"https:\/\/www.pedagogie.ac-nice.fr\/eps\/wp-content\/uploads\/sites\/20\/2021\/10\/6-1-1024x576.png\" alt=\"\" width=\"401\" height=\"226\" srcset=\"https:\/\/www.pedagogie.ac-nice.fr\/eps\/wp-content\/uploads\/sites\/20\/2021\/10\/6-1-1024x576.png 1024w, https:\/\/www.pedagogie.ac-nice.fr\/eps\/wp-content\/uploads\/sites\/20\/2021\/10\/6-1-300x169.png 300w, https:\/\/www.pedagogie.ac-nice.fr\/eps\/wp-content\/uploads\/sites\/20\/2021\/10\/6-1-768x432.png 768w, https:\/\/www.pedagogie.ac-nice.fr\/eps\/wp-content\/uploads\/sites\/20\/2021\/10\/6-1-1536x864.png 1536w, https:\/\/www.pedagogie.ac-nice.fr\/eps\/wp-content\/uploads\/sites\/20\/2021\/10\/6-1.png 1920w\" sizes=\"auto, (max-width: 401px) 100vw, 401px\" \/><\/a><\/p>\n<p><a href=\"https:\/\/www.pedagogie.ac-nice.fr\/eps\/institutionnel\/programmes-college\/\"><img loading=\"lazy\" decoding=\"async\" class=\"wp-image-5982  alignright\" src=\"https:\/\/www.pedagogie.ac-nice.fr\/eps\/wp-content\/uploads\/sites\/20\/2021\/10\/7-1024x576.png\" alt=\"\" width=\"401\" height=\"226\" srcset=\"https:\/\/www.pedagogie.ac-nice.fr\/eps\/wp-content\/uploads\/sites\/20\/2021\/10\/7-1024x576.png 1024w, https:\/\/www.pedagogie.ac-nice.fr\/eps\/wp-content\/uploads\/sites\/20\/2021\/10\/7-300x169.png 300w, https:\/\/www.pedagogie.ac-nice.fr\/eps\/wp-content\/uploads\/sites\/20\/2021\/10\/7-768x432.png 768w, https:\/\/www.pedagogie.ac-nice.fr\/eps\/wp-content\/uploads\/sites\/20\/2021\/10\/7-1536x864.png 1536w, https:\/\/www.pedagogie.ac-nice.fr\/eps\/wp-content\/uploads\/sites\/20\/2021\/10\/7.png 1920w\" sizes=\"auto, (max-width: 401px) 100vw, 401px\" \/><\/a><\/p>\n<p><a href=\"https:\/\/www.pedagogie.ac-nice.fr\/eps\/college\/natation\/\"><img loading=\"lazy\" decoding=\"async\" class=\"wp-image-5983  alignleft\" src=\"https:\/\/www.pedagogie.ac-nice.fr\/eps\/wp-content\/uploads\/sites\/20\/2021\/10\/8-1024x576.png\" alt=\"\" width=\"398\" height=\"224\" srcset=\"https:\/\/www.pedagogie.ac-nice.fr\/eps\/wp-content\/uploads\/sites\/20\/2021\/10\/8-1024x576.png 1024w, https:\/\/www.pedagogie.ac-nice.fr\/eps\/wp-content\/uploads\/sites\/20\/2021\/10\/8-300x169.png 300w, https:\/\/www.pedagogie.ac-nice.fr\/eps\/wp-content\/uploads\/sites\/20\/2021\/10\/8-768x432.png 768w, https:\/\/www.pedagogie.ac-nice.fr\/eps\/wp-content\/uploads\/sites\/20\/2021\/10\/8-1536x864.png 1536w, https:\/\/www.pedagogie.ac-nice.fr\/eps\/wp-content\/uploads\/sites\/20\/2021\/10\/8.png 1920w\" sizes=\"auto, (max-width: 398px) 100vw, 398px\" \/><\/a><\/p>\n<p><a href=\"https:\/\/www.pedagogie.ac-nice.fr\/eps\/college\/segpa\/\"><img loading=\"lazy\" decoding=\"async\" class=\"wp-image-5984  alignright\" src=\"https:\/\/www.pedagogie.ac-nice.fr\/eps\/wp-content\/uploads\/sites\/20\/2021\/10\/9-1024x576.png\" alt=\"\" width=\"401\" height=\"226\" srcset=\"https:\/\/www.pedagogie.ac-nice.fr\/eps\/wp-content\/uploads\/sites\/20\/2021\/10\/9-1024x576.png 1024w, https:\/\/www.pedagogie.ac-nice.fr\/eps\/wp-content\/uploads\/sites\/20\/2021\/10\/9-300x169.png 300w, https:\/\/www.pedagogie.ac-nice.fr\/eps\/wp-content\/uploads\/sites\/20\/2021\/10\/9-768x432.png 768w, https:\/\/www.pedagogie.ac-nice.fr\/eps\/wp-content\/uploads\/sites\/20\/2021\/10\/9-1536x864.png 1536w, https:\/\/www.pedagogie.ac-nice.fr\/eps\/wp-content\/uploads\/sites\/20\/2021\/10\/9.png 1920w\" sizes=\"auto, (max-width: 401px) 100vw, 401px\" \/><\/a><\/p>\n<p><a href=\"https:\/\/www.pedagogie.ac-nice.fr\/eps\/college\/ulis\/\"><img loading=\"lazy\" decoding=\"async\" class=\"wp-image-5985  alignleft\" src=\"https:\/\/www.pedagogie.ac-nice.fr\/eps\/wp-content\/uploads\/sites\/20\/2021\/10\/10-1024x576.png\" alt=\"\" width=\"400\" height=\"225\" srcset=\"https:\/\/www.pedagogie.ac-nice.fr\/eps\/wp-content\/uploads\/sites\/20\/2021\/10\/10-1024x576.png 1024w, https:\/\/www.pedagogie.ac-nice.fr\/eps\/wp-content\/uploads\/sites\/20\/2021\/10\/10-300x169.png 300w, https:\/\/www.pedagogie.ac-nice.fr\/eps\/wp-content\/uploads\/sites\/20\/2021\/10\/10-768x432.png 768w, https:\/\/www.pedagogie.ac-nice.fr\/eps\/wp-content\/uploads\/sites\/20\/2021\/10\/10-1536x864.png 1536w, https:\/\/www.pedagogie.ac-nice.fr\/eps\/wp-content\/uploads\/sites\/20\/2021\/10\/10.png 1920w\" sizes=\"auto, (max-width: 400px) 100vw, 400px\" \/><\/a><\/p>\n<p style=\"text-align: center;\">&#8230;&#8230;&#8230;&#8230;&#8230;&#8230;&#8230;&#8230;&#8230;&#8230;&#8230;&#8230;&#8230;&#8230;&#8230;&#8230;&#8230;&#8230;&#8230;&#8230;&#8230;&#8230;&#8230;..<\/p>\n<h2>IGEN,Observatoire de l&rsquo;EPS en coll\u00e8ge. Quelques constats : ann\u00e9e 2018-2019<\/h2>\n<p>Un&nbsp;document a \u00e9t\u00e9 r\u00e9alis\u00e9 au cours de l\u2019ann\u00e9e 2018-2019 sur la base d\u2019observations effectu\u00e9es&nbsp; lors de visites d\u2019accompagnement ou de rendez-vous de carri\u00e8re. Les outils ont permis de recueillir des donn\u00e9es sur la le\u00e7on (les contenus propos\u00e9s par les enseignants, les acquisitions effectives des \u00e9l\u00e8ves, les d\u00e9marches d\u2019enseignement) et l\u2019organisation de l\u2019EPS (les \u00e9l\u00e9ments pris en compte pour construire le projet p\u00e9dagogique EPS et les modalit\u00e9s&nbsp;d\u2019\u00e9valuation des \u00e9l\u00e8ves en EPS).<\/p>\n<p>Ces observations vous permettront de disposer de quelques \u00e9l\u00e9ments pour comprendre et analyser l\u2019\u00e9volution de notre discipline sur le territoire national.<\/p>\n<p><a href=\"https:\/\/www.pedagogie.ac-nice.fr\/eps\/wp-content\/uploads\/sites\/20\/2019\/09\/Observatoire-coll\u00e8ge-EPS-2018-2019.pdf\">Observatoire coll\u00e8ge EPS 2018-2019<\/a><\/p>\n<\/div>\n","protected":false},"excerpt":{"rendered":"<p>&#8230;&#8230;&#8230;&#8230;&#8230;&#8230;&#8230;&#8230;&#8230;&#8230;&#8230;&#8230;&#8230;&#8230;&#8230;&#8230;&#8230;&#8230;&#8230;&#8230;&#8230;&#8230;&#8230;.. IGEN,Observatoire de l&rsquo;EPS en coll\u00e8ge. Quelques constats : ann\u00e9e 2018-2019 Un&nbsp;document a \u00e9t\u00e9 r\u00e9alis\u00e9 au cours de l\u2019ann\u00e9e 2018-2019 sur la base d\u2019observations effectu\u00e9es&nbsp; lors de visites d\u2019accompagnement ou de rendez-vous de carri\u00e8re. Les outils ont permis de recueillir des donn\u00e9es sur la le\u00e7on (les contenus propos\u00e9s par les enseignants, les acquisitions effectives des &hellip; <a href=\"https:\/\/www.pedagogie.ac-nice.fr\/eps\/institutionnel\/college\/\" class=\"more-link\">Continuer la lecture de <span class=\"screen-reader-text\">Le Coll\u00e8ge<\/span> <span class=\"meta-nav\">&rarr;<\/span><\/a><\/p>\n","protected":false},"author":129,"featured_media":0,"parent":5702,"menu_order":0,"comment_status":"closed","ping_status":"closed","template":"","meta":{"footnotes":""},"class_list":["post-114","page","type-page","status-publish","hentry"],"rttpg_featured_image_url":null,"rttpg_author":{"display_name":"Fran\u00e7ois Meignaud","author_link":"https:\/\/www.pedagogie.ac-nice.fr\/eps\/author\/meignaud\/"},"rttpg_comment":0,"rttpg_category":null,"rttpg_excerpt":"&#8230;&#8230;&#8230;&#8230;&#8230;&#8230;&#8230;&#8230;&#8230;&#8230;&#8230;&#8230;&#8230;&#8230;&#8230;&#8230;&#8230;&#8230;&#8230;&#8230;&#8230;&#8230;&#8230;.. IGEN,Observatoire de l&rsquo;EPS en coll\u00e8ge. Quelques constats : ann\u00e9e 2018-2019 Un&nbsp;document a \u00e9t\u00e9 r\u00e9alis\u00e9 au cours de l\u2019ann\u00e9e 2018-2019 sur la base d\u2019observations effectu\u00e9es&nbsp; lors de visites d\u2019accompagnement ou de rendez-vous de carri\u00e8re. Les outils ont permis de recueillir des donn\u00e9es sur la le\u00e7on (les contenus propos\u00e9s par les enseignants, les acquisitions effectives des\u2026","post_mailing_queue_ids":[],"_links":{"self":[{"href":"https:\/\/www.pedagogie.ac-nice.fr\/eps\/wp-json\/wp\/v2\/pages\/114","targetHints":{"allow":["GET"]}}],"collection":[{"href":"https:\/\/www.pedagogie.ac-nice.fr\/eps\/wp-json\/wp\/v2\/pages"}],"about":[{"href":"https:\/\/www.pedagogie.ac-nice.fr\/eps\/wp-json\/wp\/v2\/types\/page"}],"author":[{"embeddable":true,"href":"https:\/\/www.pedagogie.ac-nice.fr\/eps\/wp-json\/wp\/v2\/users\/129"}],"replies":[{"embeddable":true,"href":"https:\/\/www.pedagogie.ac-nice.fr\/eps\/wp-json\/wp\/v2\/comments?post=114"}],"version-history":[{"count":16,"href":"https:\/\/www.pedagogie.ac-nice.fr\/eps\/wp-json\/wp\/v2\/pages\/114\/revisions"}],"predecessor-version":[{"id":6283,"href":"https:\/\/www.pedagogie.ac-nice.fr\/eps\/wp-json\/wp\/v2\/pages\/114\/revisions\/6283"}],"up":[{"embeddable":true,"href":"https:\/\/www.pedagogie.ac-nice.fr\/eps\/wp-json\/wp\/v2\/pages\/5702"}],"wp:attachment":[{"href":"https:\/\/www.pedagogie.ac-nice.fr\/eps\/wp-json\/wp\/v2\/media?parent=114"}],"curies":[{"name":"wp","href":"https:\/\/api.w.org\/{rel}","templated":true}]}}