{"id":1294,"date":"2014-07-03T15:45:31","date_gmt":"2014-07-03T14:45:31","guid":{"rendered":"http:\/\/www.ac-nice.fr\/eps\/?page_id=1294"},"modified":"2024-10-17T13:56:18","modified_gmt":"2024-10-17T11:56:18","slug":"inscription-paf","status":"publish","type":"page","link":"https:\/\/www.pedagogie.ac-nice.fr\/eps\/formations\/inscription-paf\/","title":{"rendered":"Inscription PAF"},"content":{"rendered":"<h2>PROGRAMME ACADEMIQUE DE FORMATION PROFESSIONNELLE CONTINUE<\/h2>\n<p><b><img loading=\"lazy\" decoding=\"async\" class=\"alignnone wp-image-7429\" src=\"https:\/\/www.pedagogie.ac-nice.fr\/eps\/wp-content\/uploads\/sites\/20\/2024\/09\/logo-attention-300x253.jpg\" alt=\"\" width=\"38\" height=\"32\" srcset=\"https:\/\/www.pedagogie.ac-nice.fr\/eps\/wp-content\/uploads\/sites\/20\/2024\/09\/logo-attention-300x253.jpg 300w, https:\/\/www.pedagogie.ac-nice.fr\/eps\/wp-content\/uploads\/sites\/20\/2024\/09\/logo-attention.jpg 438w\" sizes=\"auto, (max-width: 38px) 100vw, 38px\" \/> Pr\u00e9inscription avant le 20 septembre 2024.<\/b><\/p>\n<p><a href=\"https:\/\/www.pedagogie.ac-nice.fr\/eps\/wp-content\/uploads\/sites\/20\/2024\/09\/FPC-EPS-avec-liens-abonnement-et-de-preinscription-12-09-2024.pdf\" target=\"_blank\" rel=\"noopener\"><img loading=\"lazy\" decoding=\"async\" class=\"size-medium wp-image-5485 aligncenter\" src=\"https:\/\/www.pedagogie.ac-nice.fr\/eps\/wp-content\/uploads\/sites\/20\/2021\/09\/1formations-300x169.png\" alt=\"\" width=\"300\" height=\"169\" srcset=\"https:\/\/www.pedagogie.ac-nice.fr\/eps\/wp-content\/uploads\/sites\/20\/2021\/09\/1formations-300x169.png 300w, https:\/\/www.pedagogie.ac-nice.fr\/eps\/wp-content\/uploads\/sites\/20\/2021\/09\/1formations-1024x576.png 1024w, https:\/\/www.pedagogie.ac-nice.fr\/eps\/wp-content\/uploads\/sites\/20\/2021\/09\/1formations-768x432.png 768w, https:\/\/www.pedagogie.ac-nice.fr\/eps\/wp-content\/uploads\/sites\/20\/2021\/09\/1formations-1536x864.png 1536w, https:\/\/www.pedagogie.ac-nice.fr\/eps\/wp-content\/uploads\/sites\/20\/2021\/09\/1formations.png 1920w\" sizes=\"auto, (max-width: 300px) 100vw, 300px\" \/><\/a><\/p>\n<h2>L\u2019\u00c9COLE ACAD\u00c9MIQUE DE FORMATION CONTINUE<\/h2>\n<p><span style=\"font-size: 14pt;\"><strong>TOUT SAVOIR SUR LE PAF 2022 &#8211; 2025<\/strong><\/span><\/p>\n<p>Le lien pour acc\u00e9der au programme acad\u00e9mique de formation continue en ligne sur le site acad\u00e9mique, dans l\u2019espace d\u00e9di\u00e9 EAFC est le suivant :<\/p>\n<p style=\"text-align: center;\"><span style=\"font-size: 14pt;\"><a href=\"https:\/\/www.ac-nice.fr\/eafc\" target=\"_blank\" rel=\"noopener\">https:\/\/www.ac-nice.fr\/eafc<\/a>\u00a0<\/span><\/p>\n<p>puis au\u00a0cycle consacr\u00e9 aux personnels enseignants et d\u2019\u00e9ducation du second degr\u00e9<\/p>\n<p style=\"text-align: center;\"><span style=\"font-size: 14pt;\"><a href=\"https:\/\/www.ac-nice.fr\/cycle-enseignement-et-education-du-second-degre-122502\" target=\"_blank\" rel=\"noopener\">Cycle Enseignement, \u00c9ducation et Orientation 2D<\/a><\/span><\/p>\n<p>Toutes les informations n\u00e9cessaires \u00e0 la proc\u00e9dure sont indiqu\u00e9es sur le site.<\/p>\n<p>Il n\u2019y a plus de campagne d\u2019inscription mais une d\u00e9claration d\u2019int\u00e9r\u00eat en ligne via l\u2019abonnement directement sur le site.<\/p>\n<p><a href=\"https:\/\/www.ac-nice.fr\/cycle-enseignement-et-education-du-second-degre-122502\" target=\"_blank\" rel=\"noopener\"><img loading=\"lazy\" decoding=\"async\" class=\"size-full wp-image-1290 aligncenter\" src=\"https:\/\/www.pedagogie.ac-nice.fr\/eps\/wp-content\/uploads\/sites\/20\/2014\/07\/image-inscription-1.jpg\" alt=\"image inscription\" width=\"183\" height=\"121\" \/><\/a><\/p>\n<p>L\u2019avis du sup\u00e9rieur hi\u00e9rarchique sera sollicit\u00e9 lorsque les personnels plac\u00e9s sous leur autorit\u00e9 auront confirm\u00e9 leur pr\u00e9inscription \u00e0 une session de formation au moment de la pr\u00e9visible mise en \u0153uvre.<\/p>\n<p><strong>&#8211; Identifiant :<\/strong> celui de votre messagerie acad\u00e9mique<br \/>\n<strong>&#8211; Mot de passe :<\/strong> celui de votre messagerie acad\u00e9mique<br \/>\nou votre NUMEN si vous activez pour la premi\u00e8re fois votre compte de messagerie<\/p>\n<h2>D\u00e9couvrir le plan acad\u00e9mique de formation 2022-2025<\/h2>\n<a href=\"https:\/\/www.pedagogie.ac-nice.fr\/eps\/wp-content\/uploads\/sites\/20\/2022\/09\/PAF-EPS-2022-2023.pdf\" class=\"pdfemb-viewer\" style=\"\" data-width=\"max\" data-height=\"max\" data-toolbar=\"bottom\" data-toolbar-fixed=\"off\">PAF EPS 2022-2023<\/a>\n<p><a href=\"https:\/\/www.pedagogie.ac-nice.fr\/eps\/wp-content\/uploads\/sites\/20\/2022\/09\/PAF-EPS-2022-2023.pdf\" target=\"_blank\" rel=\"noopener\">PLAN DE FORMATION 2022 2025 A TELECHARGER ICI AU FORMAT PDF<\/a><\/p>\n<h3>TUTORIEL SECOND DEGR\u00c9 EAFC<\/h3>\n<p><iframe loading=\"lazy\" title=\"Tutoriel Second degr\u00e9 - EAFC\" frameborder=\"0\" width=\"604\" height=\"339\" src=\"https:\/\/geo.dailymotion.com\/player.html?video=x8c81h5&#038;\" allowfullscreen allow=\"autoplay; fullscreen; picture-in-picture; web-share\"><\/iframe><\/p>\n<p>&nbsp;<\/p>\n<p>&nbsp;<\/p>\n","protected":false},"excerpt":{"rendered":"<p>PROGRAMME ACADEMIQUE DE FORMATION PROFESSIONNELLE CONTINUE Pr\u00e9inscription avant le 20 septembre 2024. L\u2019\u00c9COLE ACAD\u00c9MIQUE DE FORMATION CONTINUE TOUT SAVOIR SUR LE PAF 2022 &#8211; 2025 Le lien pour acc\u00e9der au programme acad\u00e9mique de formation continue en ligne sur le site acad\u00e9mique, dans l\u2019espace d\u00e9di\u00e9 EAFC est le suivant : https:\/\/www.ac-nice.fr\/eafc\u00a0 puis au\u00a0cycle consacr\u00e9 aux personnels &hellip; <a href=\"https:\/\/www.pedagogie.ac-nice.fr\/eps\/formations\/inscription-paf\/\" class=\"more-link\">Continuer la lecture de <span class=\"screen-reader-text\">Inscription PAF<\/span> <span class=\"meta-nav\">&rarr;<\/span><\/a><\/p>\n","protected":false},"author":131,"featured_media":0,"parent":14,"menu_order":0,"comment_status":"closed","ping_status":"closed","template":"","meta":{"footnotes":""},"class_list":["post-1294","page","type-page","status-publish","hentry"],"rttpg_featured_image_url":null,"rttpg_author":{"display_name":"France Pissot","author_link":"https:\/\/www.pedagogie.ac-nice.fr\/eps\/author\/fpissot\/"},"rttpg_comment":0,"rttpg_category":null,"rttpg_excerpt":"PROGRAMME ACADEMIQUE DE FORMATION PROFESSIONNELLE CONTINUE Pr\u00e9inscription avant le 20 septembre 2024. L\u2019\u00c9COLE ACAD\u00c9MIQUE DE FORMATION CONTINUE TOUT SAVOIR SUR LE PAF 2022 &#8211; 2025 Le lien pour acc\u00e9der au programme acad\u00e9mique de formation continue en ligne sur le site acad\u00e9mique, dans l\u2019espace d\u00e9di\u00e9 EAFC est le suivant : https:\/\/www.ac-nice.fr\/eafc\u00a0 puis au\u00a0cycle consacr\u00e9 aux personnels\u2026","post_mailing_queue_ids":[],"_links":{"self":[{"href":"https:\/\/www.pedagogie.ac-nice.fr\/eps\/wp-json\/wp\/v2\/pages\/1294","targetHints":{"allow":["GET"]}}],"collection":[{"href":"https:\/\/www.pedagogie.ac-nice.fr\/eps\/wp-json\/wp\/v2\/pages"}],"about":[{"href":"https:\/\/www.pedagogie.ac-nice.fr\/eps\/wp-json\/wp\/v2\/types\/page"}],"author":[{"embeddable":true,"href":"https:\/\/www.pedagogie.ac-nice.fr\/eps\/wp-json\/wp\/v2\/users\/131"}],"replies":[{"embeddable":true,"href":"https:\/\/www.pedagogie.ac-nice.fr\/eps\/wp-json\/wp\/v2\/comments?post=1294"}],"version-history":[{"count":12,"href":"https:\/\/www.pedagogie.ac-nice.fr\/eps\/wp-json\/wp\/v2\/pages\/1294\/revisions"}],"predecessor-version":[{"id":7497,"href":"https:\/\/www.pedagogie.ac-nice.fr\/eps\/wp-json\/wp\/v2\/pages\/1294\/revisions\/7497"}],"up":[{"embeddable":true,"href":"https:\/\/www.pedagogie.ac-nice.fr\/eps\/wp-json\/wp\/v2\/pages\/14"}],"wp:attachment":[{"href":"https:\/\/www.pedagogie.ac-nice.fr\/eps\/wp-json\/wp\/v2\/media?parent=1294"}],"curies":[{"name":"wp","href":"https:\/\/api.w.org\/{rel}","templated":true}]}}