{"id":2031,"date":"2016-11-15T18:22:27","date_gmt":"2016-11-15T17:22:27","guid":{"rendered":"http:\/\/www.ac-nice.fr\/eps\/?page_id=2031"},"modified":"2022-06-03T14:29:34","modified_gmt":"2022-06-03T12:29:34","slug":"supports-des-formations-academiques","status":"publish","type":"page","link":"https:\/\/www.pedagogie.ac-nice.fr\/eps\/supports-des-formations-academiques\/","title":{"rendered":"Supports des formations acad\u00e9miques"},"content":{"rendered":"<h1>Vous trouverez sur cette page les diff\u00e9rents supports utilis\u00e9s lors des journ\u00e9es de formation<\/h1>\n<h2>Formation Course d&rsquo;orientation (Mai 2022) anim\u00e9e par Marion Wojtkowski et Alexis Vadrot.<\/h2>\n<p><a href=\"https:\/\/www.pedagogie.ac-nice.fr\/eps\/wp-content\/uploads\/sites\/20\/2022\/06\/FPC-Course-dOrientation-2022.zip\">FPC Course d&rsquo;Orientation 2022<\/a><\/p>\n<h2>Supports cr\u00e9\u00e9s&nbsp;par Fabrice FILLION ROBIN et Cyrille LASNIER (supports utilis\u00e9s par d&rsquo;autres formateurs)<\/h2>\n<p>Diaporama 1 = &nbsp;<a href=\"https:\/\/www.pedagogie.ac-nice.fr\/eps\/wp-content\/uploads\/sites\/20\/2016\/12\/diaporama-matin-1.ppsx\">Document en t\u00e9l\u00e9chargement<\/a><\/p>\n<p>Diaporame 2 = outils pour une d\u00e9marche de classe invers\u00e9e ( tutoriels pour Google Drive et EDpuzzle ) =<\/p>\n<p><a href=\"https:\/\/www.pedagogie.ac-nice.fr\/eps\/ressources-numeriques\/edpuzzle-outil-pedagogique\/?preview_id=2148&amp;preview_nonce=a989ee0327&amp;_thumbnail_id=-1&amp;preview=true\" target=\"_blank\" rel=\"noopener noreferrer\">Pour Edpuzzle<\/a><\/p>\n<p><a href=\"https:\/\/www.pedagogie.ac-nice.fr\/eps\/ressources-numeriques\/tutoriel\/googledrive-tutoriel\/\" target=\"_blank\" rel=\"noopener noreferrer\">Pour GoogleDrive<\/a><\/p>\n<p>&nbsp;<\/p>\n<h2>Support cr\u00e9\u00e9&nbsp;par Michel LACROIX (support utilis\u00e9 par d&rsquo;autres formateurs)<\/h2>\n<p>Aper\u00e7u du diaporama sous format .pdf = <a href=\"https:\/\/www.pedagogie.ac-nice.fr\/eps\/wp-content\/uploads\/sites\/20\/2016\/12\/Le-numerique-en-EPS-1-1.pdf\" target=\"_blank\" rel=\"noopener noreferrer\">Document en t\u00e9l\u00e9chargement<\/a><\/p>\n<p>&nbsp;<\/p>\n","protected":false},"excerpt":{"rendered":"<p>Vous trouverez sur cette page les diff\u00e9rents supports utilis\u00e9s lors des journ\u00e9es de formation Formation Course d&rsquo;orientation (Mai 2022) anim\u00e9e par Marion Wojtkowski et Alexis Vadrot. FPC Course d&rsquo;Orientation 2022 Supports cr\u00e9\u00e9s&nbsp;par Fabrice FILLION ROBIN et Cyrille LASNIER (supports utilis\u00e9s par d&rsquo;autres formateurs) Diaporama 1 = &nbsp;Document en t\u00e9l\u00e9chargement Diaporame 2 = outils pour une &hellip; <a href=\"https:\/\/www.pedagogie.ac-nice.fr\/eps\/supports-des-formations-academiques\/\" class=\"more-link\">Continuer la lecture de <span class=\"screen-reader-text\">Supports des formations acad\u00e9miques<\/span> <span class=\"meta-nav\">&rarr;<\/span><\/a><\/p>\n","protected":false},"author":131,"featured_media":0,"parent":0,"menu_order":0,"comment_status":"closed","ping_status":"closed","template":"","meta":{"footnotes":""},"class_list":["post-2031","page","type-page","status-publish","hentry"],"rttpg_featured_image_url":null,"rttpg_author":{"display_name":"France Pissot","author_link":"https:\/\/www.pedagogie.ac-nice.fr\/eps\/author\/fpissot\/"},"rttpg_comment":0,"rttpg_category":null,"rttpg_excerpt":"Vous trouverez sur cette page les diff\u00e9rents supports utilis\u00e9s lors des journ\u00e9es de formation Formation Course d&rsquo;orientation (Mai 2022) anim\u00e9e par Marion Wojtkowski et Alexis Vadrot. FPC Course d&rsquo;Orientation 2022 Supports cr\u00e9\u00e9s&nbsp;par Fabrice FILLION ROBIN et Cyrille LASNIER (supports utilis\u00e9s par d&rsquo;autres formateurs) Diaporama 1 = &nbsp;Document en t\u00e9l\u00e9chargement Diaporame 2 = outils pour une\u2026","post_mailing_queue_ids":[],"_links":{"self":[{"href":"https:\/\/www.pedagogie.ac-nice.fr\/eps\/wp-json\/wp\/v2\/pages\/2031","targetHints":{"allow":["GET"]}}],"collection":[{"href":"https:\/\/www.pedagogie.ac-nice.fr\/eps\/wp-json\/wp\/v2\/pages"}],"about":[{"href":"https:\/\/www.pedagogie.ac-nice.fr\/eps\/wp-json\/wp\/v2\/types\/page"}],"author":[{"embeddable":true,"href":"https:\/\/www.pedagogie.ac-nice.fr\/eps\/wp-json\/wp\/v2\/users\/131"}],"replies":[{"embeddable":true,"href":"https:\/\/www.pedagogie.ac-nice.fr\/eps\/wp-json\/wp\/v2\/comments?post=2031"}],"version-history":[{"count":9,"href":"https:\/\/www.pedagogie.ac-nice.fr\/eps\/wp-json\/wp\/v2\/pages\/2031\/revisions"}],"predecessor-version":[{"id":6444,"href":"https:\/\/www.pedagogie.ac-nice.fr\/eps\/wp-json\/wp\/v2\/pages\/2031\/revisions\/6444"}],"wp:attachment":[{"href":"https:\/\/www.pedagogie.ac-nice.fr\/eps\/wp-json\/wp\/v2\/media?parent=2031"}],"curies":[{"name":"wp","href":"https:\/\/api.w.org\/{rel}","templated":true}]}}