{"id":4885,"date":"2021-02-18T16:28:50","date_gmt":"2021-02-18T15:28:50","guid":{"rendered":"https:\/\/www.pedagogie.ac-nice.fr\/eps\/?page_id=4885"},"modified":"2021-02-18T16:28:50","modified_gmt":"2021-02-18T15:28:50","slug":"sav-numerique","status":"publish","type":"page","link":"https:\/\/www.pedagogie.ac-nice.fr\/eps\/sav-numerique\/","title":{"rendered":"SAV Num\u00e9rique"},"content":{"rendered":"<p><img loading=\"lazy\" decoding=\"async\" class=\"aligncenter wp-image-4887\" src=\"https:\/\/www.pedagogie.ac-nice.fr\/eps\/wp-content\/uploads\/sites\/20\/2021\/02\/SAV-Nume\u0301rique-300x148.jpg\" alt=\"\" width=\"552\" height=\"272\" srcset=\"https:\/\/www.pedagogie.ac-nice.fr\/eps\/wp-content\/uploads\/sites\/20\/2021\/02\/SAV-Nume\u0301rique-300x148.jpg 300w, https:\/\/www.pedagogie.ac-nice.fr\/eps\/wp-content\/uploads\/sites\/20\/2021\/02\/SAV-Nume\u0301rique-1024x504.jpg 1024w, https:\/\/www.pedagogie.ac-nice.fr\/eps\/wp-content\/uploads\/sites\/20\/2021\/02\/SAV-Nume\u0301rique-768x378.jpg 768w, https:\/\/www.pedagogie.ac-nice.fr\/eps\/wp-content\/uploads\/sites\/20\/2021\/02\/SAV-Nume\u0301rique.jpg 1197w\" sizes=\"auto, (max-width: 552px) 100vw, 552px\" \/><\/p>\n<p>Ce formulaire permet de contacter l\u2019Interlocuteur Acad\u00e9mique pour le Num\u00e9rique (IAN) afin de r\u00e9pondre \u00e0 vos questions, vos remarques ou vous aider \u00e0 d\u00e9bloquer une situation en lien avec le num\u00e9rique.&nbsp;<\/p>\n<p>[contact-form-7 id=\u00a0\u00bb4891&Prime; title=\u00a0\u00bbSAV Num\u00e9rique\u00a0\u00bb]<\/p>\n<p>&nbsp;<\/p>\n<p>&nbsp;<\/p>\n","protected":false},"excerpt":{"rendered":"<p>Ce formulaire permet de contacter l\u2019Interlocuteur Acad\u00e9mique pour le Num\u00e9rique (IAN) afin de r\u00e9pondre \u00e0 vos questions, vos remarques ou vous aider \u00e0 d\u00e9bloquer une situation en lien avec le num\u00e9rique.&nbsp; [contact-form-7 id=\u00a0\u00bb4891&Prime; title=\u00a0\u00bbSAV Num\u00e9rique\u00a0\u00bb] &nbsp; &nbsp;<\/p>\n","protected":false},"author":267,"featured_media":0,"parent":0,"menu_order":0,"comment_status":"closed","ping_status":"closed","template":"","meta":{"footnotes":""},"class_list":["post-4885","page","type-page","status-publish","hentry"],"rttpg_featured_image_url":null,"rttpg_author":{"display_name":"cedricjourdan","author_link":"https:\/\/www.pedagogie.ac-nice.fr\/eps\/author\/cedricjourdan\/"},"rttpg_comment":0,"rttpg_category":null,"rttpg_excerpt":"Ce formulaire permet de contacter l\u2019Interlocuteur Acad\u00e9mique pour le Num\u00e9rique (IAN) afin de r\u00e9pondre \u00e0 vos questions, vos remarques ou vous aider \u00e0 d\u00e9bloquer une situation en lien avec le num\u00e9rique.&nbsp; [contact-form-7 id=\u00a0\u00bb4891&Prime; title=\u00a0\u00bbSAV Num\u00e9rique\u00a0\u00bb] &nbsp; &nbsp;","post_mailing_queue_ids":[],"_links":{"self":[{"href":"https:\/\/www.pedagogie.ac-nice.fr\/eps\/wp-json\/wp\/v2\/pages\/4885","targetHints":{"allow":["GET"]}}],"collection":[{"href":"https:\/\/www.pedagogie.ac-nice.fr\/eps\/wp-json\/wp\/v2\/pages"}],"about":[{"href":"https:\/\/www.pedagogie.ac-nice.fr\/eps\/wp-json\/wp\/v2\/types\/page"}],"author":[{"embeddable":true,"href":"https:\/\/www.pedagogie.ac-nice.fr\/eps\/wp-json\/wp\/v2\/users\/267"}],"replies":[{"embeddable":true,"href":"https:\/\/www.pedagogie.ac-nice.fr\/eps\/wp-json\/wp\/v2\/comments?post=4885"}],"version-history":[{"count":6,"href":"https:\/\/www.pedagogie.ac-nice.fr\/eps\/wp-json\/wp\/v2\/pages\/4885\/revisions"}],"predecessor-version":[{"id":4894,"href":"https:\/\/www.pedagogie.ac-nice.fr\/eps\/wp-json\/wp\/v2\/pages\/4885\/revisions\/4894"}],"wp:attachment":[{"href":"https:\/\/www.pedagogie.ac-nice.fr\/eps\/wp-json\/wp\/v2\/media?parent=4885"}],"curies":[{"name":"wp","href":"https:\/\/api.w.org\/{rel}","templated":true}]}}