{"id":5667,"date":"2021-09-23T18:47:13","date_gmt":"2021-09-23T16:47:13","guid":{"rendered":"https:\/\/www.pedagogie.ac-nice.fr\/eps\/?page_id=5667"},"modified":"2023-02-08T15:44:06","modified_gmt":"2023-02-08T14:44:06","slug":"enseignement-optionnel-danse","status":"publish","type":"page","link":"https:\/\/www.pedagogie.ac-nice.fr\/eps\/institutionnel\/lycee\/enseignement-optionnel-danse\/","title":{"rendered":"Programme enseignement Optionnel DANSE"},"content":{"rendered":"<h2>Textes Officiels<\/h2>\n<h3>Pour les classes de seconde, premi\u00e8re et terminale:<\/h3>\n<p><a href=\"https:\/\/www.pedagogie.ac-nice.fr\/eps\/wp-content\/uploads\/sites\/20\/2022\/01\/option-danse_arrete_17-1-2019_BO-n\u00b01-du-22-01-2019_programme-option-arts-classe-de-seconde-premiere-et-terminale-1-1.pdf\" target=\"_blank\" rel=\"noopener\">\u00a0L&rsquo;Arr\u00eat\u00e9 du 17 janvier 2019 publi\u00e9 au BO sp\u00e9cial n\u00b01 du 22 janvier 2019<\/a> pr\u00e9cise le programme d&rsquo;enseignement commun et d&rsquo;enseignement optionnel d&rsquo;\u00e9ducation physique et sportive pour la classe de seconde g\u00e9n\u00e9rale et technologique et pour les classes de premi\u00e8re et terminale des voies g\u00e9n\u00e9rale et technologique<\/p>\n<h3>Pour la classe de terminale:<\/h3>\n<p>L&rsquo;annexe du pr\u00e9sent arr\u00eat\u00e9 du 17 janvier 2019 susvis\u00e9 est compl\u00e9t\u00e9e par l&rsquo;annexe 2 de l&rsquo;Arr\u00eat\u00e9 du 19 juillet 2019 publi\u00e9 au BO sp\u00e9cial n\u00b0 8 du 25 juillet 2019, fixant le programme de l&rsquo;enseignement optionnel d&rsquo;arts pour la classe de terminale g\u00e9n\u00e9rale .<\/p>\n<p><img loading=\"lazy\" decoding=\"async\" class=\"alignnone wp-image-1684\" src=\"https:\/\/www.pedagogie.ac-nice.fr\/eps\/wp-content\/uploads\/sites\/20\/2015\/12\/bo-1.jpg\" alt=\"Le Bulletin officiel de l'Education Nationale\" width=\"94\" height=\"62\" \/><\/p>\n<p><a href=\"https:\/\/www.pedagogie.ac-nice.fr\/eps\/wp-content\/uploads\/sites\/20\/2022\/01\/option-danse_arrete_17-1-2019_BO-n\u00b0-1-du-22-01-2019_Annexe-1_Prog-densgt-optionnel-darts-seconde-generale-et-technologique.pdf\" target=\"_blank\" rel=\"noopener\">Arr\u00eat\u00e9 du 17 janvier 2019,annexe 1: Programme enseignement optionnel danse en classe de seconde.<\/a><\/p>\n<p><a href=\"https:\/\/www.pedagogie.ac-nice.fr\/eps\/wp-content\/uploads\/sites\/20\/2022\/02\/option-danse_arrete_17-1-2019_BO-n\u00b0-1-du-22-01-2019_Annexe-2_Prog-densgt-optionnel-arts-de-premiere-generales-et-technologiques.pdf\" target=\"_blank\" rel=\"noopener\">Arr\u00eat\u00e9 du 17 janvier 2019,annexe 2: Programme enseignement optionnel danse en classe de premi\u00e8re.<\/a><\/p>\n<p><a href=\"https:\/\/www.pedagogie.ac-nice.fr\/eps\/wp-content\/uploads\/sites\/20\/2022\/01\/option-danse_arrete-19-7-2019_BO-n\u00b0-8-du-25-07-2019.-Annexe-2-Prog-densgt-optionnel-arts-de-terminale-des-voies-generale-et-technologique-1.pdf\" target=\"_blank\" rel=\"noopener\">Arr\u00eat\u00e9 du 19 juillet 2019, annexe 2: Programme enseignement optionnel arts en classe de terminale du lyc\u00e9e g\u00e9n\u00e9ral et technologique<\/a><\/p>\n<div><\/div>\n<div>\n<h2>Offre de formation:<\/h2>\n<div>Trois \u00e9tablissements proposent un enseignement optionnel\u00a0 ARTS DANSE sur l&rsquo;Acad\u00e9mie de Nice:<\/div>\n<div><\/div>\n<div><span style=\"text-decoration: underline;\">D\u00e9partement des Alpes maritimes:<\/span><\/div>\n<ul style=\"list-style-type: circle;\">\n<li>Lyc\u00e9e Guillaume Apollinaire &#8211; 06\u00a0 NICE<\/li>\n<\/ul>\n<div><span style=\"text-decoration: underline;\">D\u00e9partement du Var:<\/span><\/div>\n<\/div>\n<ul style=\"list-style-type: circle;\">\n<li>Lyc\u00e9e Beaussier- 83\u00a0 LA SEYNE SUR MER<\/li>\n<li>Lyc\u00e9e Jean Moulin-83 DRAGUIGNAN ( ouverture en classe de seconde rentr\u00e9e 2022)<\/li>\n<\/ul>\n<p>&nbsp;<\/p>\n<h2><a href=\"https:\/\/eduscol.education.fr\/1699\/programmes-et-ressources-en-danse-voie-gt\" target=\"_blank\" rel=\"noopener\">Ressources EDUSCOL<\/a><\/h2>\n<h1><a href=\"https:\/\/eduscol.education.fr\/1699\/programmes-et-ressources-en-danse-voie-gt\" target=\"_blank\" rel=\"noopener\"><img loading=\"lazy\" decoding=\"async\" class=\"wp-image-2383 alignleft\" src=\"https:\/\/www.pedagogie.ac-nice.fr\/eps\/wp-content\/uploads\/sites\/20\/2017\/09\/symbole-de-telechargement-1-300x300.jpg\" alt=\"\" width=\"66\" height=\"66\" srcset=\"https:\/\/www.pedagogie.ac-nice.fr\/eps\/wp-content\/uploads\/sites\/20\/2017\/09\/symbole-de-telechargement-1-300x300.jpg 300w, https:\/\/www.pedagogie.ac-nice.fr\/eps\/wp-content\/uploads\/sites\/20\/2017\/09\/symbole-de-telechargement-1-150x150.jpg 150w, https:\/\/www.pedagogie.ac-nice.fr\/eps\/wp-content\/uploads\/sites\/20\/2017\/09\/symbole-de-telechargement-1-100x100.jpg 100w, https:\/\/www.pedagogie.ac-nice.fr\/eps\/wp-content\/uploads\/sites\/20\/2017\/09\/symbole-de-telechargement-1.jpg 626w\" sizes=\"auto, (max-width: 66px) 100vw, 66px\" \/><\/a><\/h1>\n","protected":false},"excerpt":{"rendered":"<p>Textes Officiels Pour les classes de seconde, premi\u00e8re et terminale: \u00a0L&rsquo;Arr\u00eat\u00e9 du 17 janvier 2019 publi\u00e9 au BO sp\u00e9cial n\u00b01 du 22 janvier 2019 pr\u00e9cise le programme d&rsquo;enseignement commun et d&rsquo;enseignement optionnel d&rsquo;\u00e9ducation physique et sportive pour la classe de seconde g\u00e9n\u00e9rale et technologique et pour les classes de premi\u00e8re et terminale des voies g\u00e9n\u00e9rale &hellip; <a href=\"https:\/\/www.pedagogie.ac-nice.fr\/eps\/institutionnel\/lycee\/enseignement-optionnel-danse\/\" class=\"more-link\">Continuer la lecture de <span class=\"screen-reader-text\">Programme enseignement Optionnel DANSE<\/span> <span class=\"meta-nav\">&rarr;<\/span><\/a><\/p>\n","protected":false},"author":133,"featured_media":0,"parent":116,"menu_order":0,"comment_status":"closed","ping_status":"closed","template":"","meta":{"footnotes":""},"class_list":["post-5667","page","type-page","status-publish","hentry"],"rttpg_featured_image_url":null,"rttpg_author":{"display_name":"Karine Logeart","author_link":"https:\/\/www.pedagogie.ac-nice.fr\/eps\/author\/k-logeart\/"},"rttpg_comment":0,"rttpg_category":null,"rttpg_excerpt":"Textes Officiels Pour les classes de seconde, premi\u00e8re et terminale: \u00a0L&rsquo;Arr\u00eat\u00e9 du 17 janvier 2019 publi\u00e9 au BO sp\u00e9cial n\u00b01 du 22 janvier 2019 pr\u00e9cise le programme d&rsquo;enseignement commun et d&rsquo;enseignement optionnel d&rsquo;\u00e9ducation physique et sportive pour la classe de seconde g\u00e9n\u00e9rale et technologique et pour les classes de premi\u00e8re et terminale des voies g\u00e9n\u00e9rale\u2026","post_mailing_queue_ids":[],"_links":{"self":[{"href":"https:\/\/www.pedagogie.ac-nice.fr\/eps\/wp-json\/wp\/v2\/pages\/5667","targetHints":{"allow":["GET"]}}],"collection":[{"href":"https:\/\/www.pedagogie.ac-nice.fr\/eps\/wp-json\/wp\/v2\/pages"}],"about":[{"href":"https:\/\/www.pedagogie.ac-nice.fr\/eps\/wp-json\/wp\/v2\/types\/page"}],"author":[{"embeddable":true,"href":"https:\/\/www.pedagogie.ac-nice.fr\/eps\/wp-json\/wp\/v2\/users\/133"}],"replies":[{"embeddable":true,"href":"https:\/\/www.pedagogie.ac-nice.fr\/eps\/wp-json\/wp\/v2\/comments?post=5667"}],"version-history":[{"count":13,"href":"https:\/\/www.pedagogie.ac-nice.fr\/eps\/wp-json\/wp\/v2\/pages\/5667\/revisions"}],"predecessor-version":[{"id":6763,"href":"https:\/\/www.pedagogie.ac-nice.fr\/eps\/wp-json\/wp\/v2\/pages\/5667\/revisions\/6763"}],"up":[{"embeddable":true,"href":"https:\/\/www.pedagogie.ac-nice.fr\/eps\/wp-json\/wp\/v2\/pages\/116"}],"wp:attachment":[{"href":"https:\/\/www.pedagogie.ac-nice.fr\/eps\/wp-json\/wp\/v2\/media?parent=5667"}],"curies":[{"name":"wp","href":"https:\/\/api.w.org\/{rel}","templated":true}]}}

<h2>Textes Officiels</h2>
<h3>Pour les classes de seconde, première et terminale:</h3>
<p><a href="https://www.pedagogie.ac-nice.fr/eps/wp-content/uploads/sites/20/2022/01/option-danse_arrete_17-1-2019_BO-n°1-du-22-01-2019_programme-option-arts-classe-de-seconde-premiere-et-terminale-1-1.pdf" target="_blank" rel="noopener"> L&rsquo;Arrêté du 17 janvier 2019 publié au BO spécial n°1 du 22 janvier 2019</a> précise le programme d&rsquo;enseignement commun et d&rsquo;enseignement optionnel d&rsquo;éducation physique et sportive pour la classe de seconde générale et technologique et pour les classes de première et terminale des voies générale et technologique</p>
<h3>Pour la classe de terminale:</h3>
<p>L&rsquo;annexe du présent arrêté du 17 janvier 2019 susvisé est complétée par l&rsquo;annexe 2 de l&rsquo;Arrêté du 19 juillet 2019 publié au BO spécial n° 8 du 25 juillet 2019, fixant le programme de l&rsquo;enseignement optionnel d&rsquo;arts pour la classe de terminale générale .</p>
<p><img loading="lazy" decoding="async" class="alignnone wp-image-1684" src="https://www.pedagogie.ac-nice.fr/eps/wp-content/uploads/sites/20/2015/12/bo-1.jpg" alt="Le Bulletin officiel de l'Education Nationale" width="94" height="62" /></p>
<p><a href="https://www.pedagogie.ac-nice.fr/eps/wp-content/uploads/sites/20/2022/01/option-danse_arrete_17-1-2019_BO-n°-1-du-22-01-2019_Annexe-1_Prog-densgt-optionnel-darts-seconde-generale-et-technologique.pdf" target="_blank" rel="noopener">Arrêté du 17 janvier 2019,annexe 1: Programme enseignement optionnel danse en classe de seconde.</a></p>
<p><a href="https://www.pedagogie.ac-nice.fr/eps/wp-content/uploads/sites/20/2022/02/option-danse_arrete_17-1-2019_BO-n°-1-du-22-01-2019_Annexe-2_Prog-densgt-optionnel-arts-de-premiere-generales-et-technologiques.pdf" target="_blank" rel="noopener">Arrêté du 17 janvier 2019,annexe 2: Programme enseignement optionnel danse en classe de première.</a></p>
<p><a href="https://www.pedagogie.ac-nice.fr/eps/wp-content/uploads/sites/20/2022/01/option-danse_arrete-19-7-2019_BO-n°-8-du-25-07-2019.-Annexe-2-Prog-densgt-optionnel-arts-de-terminale-des-voies-generale-et-technologique-1.pdf" target="_blank" rel="noopener">Arrêté du 19 juillet 2019, annexe 2: Programme enseignement optionnel arts en classe de terminale du lycée général et technologique</a></p>
<div></div>
<div>
<h2>Offre de formation:</h2>
<div>Trois établissements proposent un enseignement optionnel  ARTS DANSE sur l&rsquo;Académie de Nice:</div>
<div></div>
<div><span style="text-decoration: underline;">Département des Alpes maritimes:</span></div>
<ul style="list-style-type: circle;">
<li>Lycée Guillaume Apollinaire &#8211; 06  NICE</li>
</ul>
<div><span style="text-decoration: underline;">Département du Var:</span></div>
</div>
<ul style="list-style-type: circle;">
<li>Lycée Beaussier- 83  LA SEYNE SUR MER</li>
<li>Lycée Jean Moulin-83 DRAGUIGNAN ( ouverture en classe de seconde rentrée 2022)</li>
</ul>
<p>&nbsp;</p>
<h2><a href="https://eduscol.education.fr/1699/programmes-et-ressources-en-danse-voie-gt" target="_blank" rel="noopener">Ressources EDUSCOL</a></h2>
<h1><a href="https://eduscol.education.fr/1699/programmes-et-ressources-en-danse-voie-gt" target="_blank" rel="noopener"><img loading="lazy" decoding="async" class="wp-image-2383 alignleft" src="https://www.pedagogie.ac-nice.fr/eps/wp-content/uploads/sites/20/2017/09/symbole-de-telechargement-1-300x300.jpg" alt="" width="66" height="66" srcset="https://www.pedagogie.ac-nice.fr/eps/wp-content/uploads/sites/20/2017/09/symbole-de-telechargement-1-300x300.jpg 300w, https://www.pedagogie.ac-nice.fr/eps/wp-content/uploads/sites/20/2017/09/symbole-de-telechargement-1-150x150.jpg 150w, https://www.pedagogie.ac-nice.fr/eps/wp-content/uploads/sites/20/2017/09/symbole-de-telechargement-1-100x100.jpg 100w, https://www.pedagogie.ac-nice.fr/eps/wp-content/uploads/sites/20/2017/09/symbole-de-telechargement-1.jpg 626w" sizes="auto, (max-width: 66px) 100vw, 66px" /></a></h1>

<p>Textes Officiels Pour les classes de seconde, première et terminale:  L&rsquo;Arrêté du 17 janvier 2019 publié au BO spécial n°1 du 22 janvier 2019 précise le programme d&rsquo;enseignement commun et d&rsquo;enseignement optionnel d&rsquo;éducation physique et sportive pour la classe de seconde générale et technologique et pour les classes de première et terminale des voies générale &hellip; <a href="https://www.pedagogie.ac-nice.fr/eps/institutionnel/lycee/enseignement-optionnel-danse/" class="more-link">Continuer la lecture de <span class="screen-reader-text">Programme enseignement Optionnel DANSE</span> <span class="meta-nav">&rarr;</span></a></p>

Textes Officiels Pour les classes de seconde, première et terminale:  L&rsquo;Arrêté du 17 janvier 2019 publié au BO spécial n°1 du 22 janvier 2019 précise le programme d&rsquo;enseignement commun et d&rsquo;enseignement optionnel d&rsquo;éducation physique et sportive pour la classe de seconde générale et technologique et pour les classes de première et terminale des voies générale…
