{"id":5729,"date":"2021-09-27T16:09:03","date_gmt":"2021-09-27T14:09:03","guid":{"rendered":"https:\/\/www.pedagogie.ac-nice.fr\/eps\/?page_id=5729"},"modified":"2024-09-20T15:14:19","modified_gmt":"2024-09-20T13:14:19","slug":"programmes-unite-facultative-secteur-sportive-uf2s","status":"publish","type":"page","link":"https:\/\/www.pedagogie.ac-nice.fr\/eps\/institutionnel\/lycee-professionnel-2\/programmes-unite-facultative-secteur-sportive-uf2s\/","title":{"rendered":"Programmes Unit\u00e9 Facultative Secteur Sportive UF2S"},"content":{"rendered":"<h2><a href=\"https:\/\/www.pedagogie.ac-nice.fr\/eps\/wp-content\/uploads\/sites\/20\/2021\/11\/unite-facultative_note-de-service_9-7-21_creation-unite-professionnelle-facultative-secteur-sportif.pdf\" target=\"_blank\" rel=\"noopener\">Note de service du 9 juillet 2021- Cr\u00e9ation d&rsquo;une unit\u00e9 professionnelle facultative secteur sportif pour six sp\u00e9cialit\u00e9s<\/a><\/h2>\n<ul style=\"list-style-type: disc;\">\n<li><a href=\"https:\/\/www.pedagogie.ac-nice.fr\/eps\/wp-content\/uploads\/sites\/20\/2021\/11\/guide-UF2S-10-05-2021-1.pdf\" target=\"_blank\" rel=\"noopener\">Guide d&rsquo;accompagnement<\/a><\/li>\n<\/ul>\n<p>Dans certaines sp\u00e9cialit\u00e9s de bac professionnel, les lyc\u00e9ens ont acc\u00e8s \u00e0 l&rsquo;UF2S (unit\u00e9 professionnelle facultative secteur sportif). L&rsquo;objectif est de permettre l&rsquo;insertion professionnelle ou la poursuite d&rsquo;\u00e9tudes en lien avec son bac pro mais \u00e9galement en lien avec les activit\u00e9s sportives. L&rsquo;UF2S s\u2019adresse aux \u00e9l\u00e8ves qui ont une app\u00e9tence pour le sport et souhaitent exercer un m\u00e9tier dans le monde du sport. Elle est propos\u00e9e dans pr\u00e8s d&rsquo;une dizaine de sp\u00e9cialit\u00e9s de bac professionnel, \u00e0 partir de la classe de 2de ou de 1re selon les sp\u00e9cialit\u00e9s.<\/p>\n<p style=\"text-align: center;\"><a href=\"https:\/\/prezi.com\/view\/HLWvyAM7V2AmEGZDGPAV\/\" target=\"_blank\" rel=\"noopener\"><span style=\"font-size: 14pt;\"><em><strong>Pr\u00e9sentation dynamique<\/strong><\/em><\/span><\/a><\/p>\n<p style=\"text-align: center;\"><img loading=\"lazy\" decoding=\"async\" class=\"alignnone size-medium wp-image-7454\" src=\"https:\/\/www.pedagogie.ac-nice.fr\/eps\/wp-content\/uploads\/sites\/20\/2024\/09\/image-UF2S-300x169.png\" alt=\"\" width=\"300\" height=\"169\" srcset=\"https:\/\/www.pedagogie.ac-nice.fr\/eps\/wp-content\/uploads\/sites\/20\/2024\/09\/image-UF2S-300x169.png 300w, https:\/\/www.pedagogie.ac-nice.fr\/eps\/wp-content\/uploads\/sites\/20\/2024\/09\/image-UF2S-768x434.png 768w, https:\/\/www.pedagogie.ac-nice.fr\/eps\/wp-content\/uploads\/sites\/20\/2024\/09\/image-UF2S.png 885w\" sizes=\"auto, (max-width: 300px) 100vw, 300px\" \/><\/p>\n","protected":false},"excerpt":{"rendered":"<p>Note de service du 9 juillet 2021- Cr\u00e9ation d&rsquo;une unit\u00e9 professionnelle facultative secteur sportif pour six sp\u00e9cialit\u00e9s Guide d&rsquo;accompagnement Dans certaines sp\u00e9cialit\u00e9s de bac professionnel, les lyc\u00e9ens ont acc\u00e8s \u00e0 l&rsquo;UF2S (unit\u00e9 professionnelle facultative secteur sportif). L&rsquo;objectif est de permettre l&rsquo;insertion professionnelle ou la poursuite d&rsquo;\u00e9tudes en lien avec son bac pro mais \u00e9galement en &hellip; <a href=\"https:\/\/www.pedagogie.ac-nice.fr\/eps\/institutionnel\/lycee-professionnel-2\/programmes-unite-facultative-secteur-sportive-uf2s\/\" class=\"more-link\">Continuer la lecture de <span class=\"screen-reader-text\">Programmes Unit\u00e9 Facultative Secteur Sportive UF2S<\/span> <span class=\"meta-nav\">&rarr;<\/span><\/a><\/p>\n","protected":false},"author":133,"featured_media":0,"parent":5739,"menu_order":0,"comment_status":"closed","ping_status":"closed","template":"","meta":{"footnotes":""},"class_list":["post-5729","page","type-page","status-publish","hentry"],"rttpg_featured_image_url":null,"rttpg_author":{"display_name":"Karine Logeart","author_link":"https:\/\/www.pedagogie.ac-nice.fr\/eps\/author\/k-logeart\/"},"rttpg_comment":0,"rttpg_category":null,"rttpg_excerpt":"Note de service du 9 juillet 2021- Cr\u00e9ation d&rsquo;une unit\u00e9 professionnelle facultative secteur sportif pour six sp\u00e9cialit\u00e9s Guide d&rsquo;accompagnement Dans certaines sp\u00e9cialit\u00e9s de bac professionnel, les lyc\u00e9ens ont acc\u00e8s \u00e0 l&rsquo;UF2S (unit\u00e9 professionnelle facultative secteur sportif). L&rsquo;objectif est de permettre l&rsquo;insertion professionnelle ou la poursuite d&rsquo;\u00e9tudes en lien avec son bac pro mais \u00e9galement en\u2026","post_mailing_queue_ids":[],"_links":{"self":[{"href":"https:\/\/www.pedagogie.ac-nice.fr\/eps\/wp-json\/wp\/v2\/pages\/5729","targetHints":{"allow":["GET"]}}],"collection":[{"href":"https:\/\/www.pedagogie.ac-nice.fr\/eps\/wp-json\/wp\/v2\/pages"}],"about":[{"href":"https:\/\/www.pedagogie.ac-nice.fr\/eps\/wp-json\/wp\/v2\/types\/page"}],"author":[{"embeddable":true,"href":"https:\/\/www.pedagogie.ac-nice.fr\/eps\/wp-json\/wp\/v2\/users\/133"}],"replies":[{"embeddable":true,"href":"https:\/\/www.pedagogie.ac-nice.fr\/eps\/wp-json\/wp\/v2\/comments?post=5729"}],"version-history":[{"count":5,"href":"https:\/\/www.pedagogie.ac-nice.fr\/eps\/wp-json\/wp\/v2\/pages\/5729\/revisions"}],"predecessor-version":[{"id":7455,"href":"https:\/\/www.pedagogie.ac-nice.fr\/eps\/wp-json\/wp\/v2\/pages\/5729\/revisions\/7455"}],"up":[{"embeddable":true,"href":"https:\/\/www.pedagogie.ac-nice.fr\/eps\/wp-json\/wp\/v2\/pages\/5739"}],"wp:attachment":[{"href":"https:\/\/www.pedagogie.ac-nice.fr\/eps\/wp-json\/wp\/v2\/media?parent=5729"}],"curies":[{"name":"wp","href":"https:\/\/api.w.org\/{rel}","templated":true}]}}

Programmes Unité Facultative Secteur Sportive UF2S

<h2><a href="https://www.pedagogie.ac-nice.fr/eps/wp-content/uploads/sites/20/2021/11/unite-facultative_note-de-service_9-7-21_creation-unite-professionnelle-facultative-secteur-sportif.pdf" target="_blank" rel="noopener">Note de service du 9 juillet 2021- Création d&rsquo;une unité professionnelle facultative secteur sportif pour six spécialités</a></h2>
<ul style="list-style-type: disc;">
<li><a href="https://www.pedagogie.ac-nice.fr/eps/wp-content/uploads/sites/20/2021/11/guide-UF2S-10-05-2021-1.pdf" target="_blank" rel="noopener">Guide d&rsquo;accompagnement</a></li>
</ul>
<p>Dans certaines spécialités de bac professionnel, les lycéens ont accès à l&rsquo;UF2S (unité professionnelle facultative secteur sportif). L&rsquo;objectif est de permettre l&rsquo;insertion professionnelle ou la poursuite d&rsquo;études en lien avec son bac pro mais également en lien avec les activités sportives. L&rsquo;UF2S s’adresse aux élèves qui ont une appétence pour le sport et souhaitent exercer un métier dans le monde du sport. Elle est proposée dans près d&rsquo;une dizaine de spécialités de bac professionnel, à partir de la classe de 2de ou de 1re selon les spécialités.</p>
<p style="text-align: center;"><a href="https://prezi.com/view/HLWvyAM7V2AmEGZDGPAV/" target="_blank" rel="noopener"><span style="font-size: 14pt;"><em><strong>Présentation dynamique</strong></em></span></a></p>
<p style="text-align: center;"><img loading="lazy" decoding="async" class="alignnone size-medium wp-image-7454" src="https://www.pedagogie.ac-nice.fr/eps/wp-content/uploads/sites/20/2024/09/image-UF2S-300x169.png" alt="" width="300" height="169" srcset="https://www.pedagogie.ac-nice.fr/eps/wp-content/uploads/sites/20/2024/09/image-UF2S-300x169.png 300w, https://www.pedagogie.ac-nice.fr/eps/wp-content/uploads/sites/20/2024/09/image-UF2S-768x434.png 768w, https://www.pedagogie.ac-nice.fr/eps/wp-content/uploads/sites/20/2024/09/image-UF2S.png 885w" sizes="auto, (max-width: 300px) 100vw, 300px" /></p>

<p>Note de service du 9 juillet 2021- Création d&rsquo;une unité professionnelle facultative secteur sportif pour six spécialités Guide d&rsquo;accompagnement Dans certaines spécialités de bac professionnel, les lycéens ont accès à l&rsquo;UF2S (unité professionnelle facultative secteur sportif). L&rsquo;objectif est de permettre l&rsquo;insertion professionnelle ou la poursuite d&rsquo;études en lien avec son bac pro mais également en &hellip; <a href="https://www.pedagogie.ac-nice.fr/eps/institutionnel/lycee-professionnel-2/programmes-unite-facultative-secteur-sportive-uf2s/" class="more-link">Continuer la lecture de <span class="screen-reader-text">Programmes Unité Facultative Secteur Sportive UF2S</span> <span class="meta-nav">&rarr;</span></a></p>

Note de service du 9 juillet 2021- Création d&rsquo;une unité professionnelle facultative secteur sportif pour six spécialités Guide d&rsquo;accompagnement Dans certaines spécialités de bac professionnel, les lycéens ont accès à l&rsquo;UF2S (unité professionnelle facultative secteur sportif). L&rsquo;objectif est de permettre l&rsquo;insertion professionnelle ou la poursuite d&rsquo;études en lien avec son bac pro mais également en…
