{"id":5732,"date":"2021-09-27T16:15:38","date_gmt":"2021-09-27T14:15:38","guid":{"rendered":"https:\/\/www.pedagogie.ac-nice.fr\/eps\/?page_id=5732"},"modified":"2024-09-20T16:06:11","modified_gmt":"2024-09-20T14:06:11","slug":"programmes-mention-complementaire-mcag2s","status":"publish","type":"page","link":"https:\/\/www.pedagogie.ac-nice.fr\/eps\/institutionnel\/lycee-professionnel-2\/programmes-mention-complementaire-mcag2s\/","title":{"rendered":"Programmes Mention Compl\u00e9mentaire"},"content":{"rendered":"<h2>\u00a0Mention compl\u00e9mentaire Encadrement Secteur Sportif : MCE2S<\/h2>\n<ul style=\"list-style-type: disc;\">\n<li><a href=\"https:\/\/www.pedagogie.ac-nice.fr\/eps\/wp-content\/uploads\/sites\/20\/2022\/04\/Mention-complementaire-E2S-arrete-JO-14-01-22.pdf\" target=\"_blank\" rel=\"noopener\">Arr\u00eat\u00e9 du 14 janvier 2022 et son annexe.<\/a><\/li>\n<\/ul>\n<p>&nbsp;<\/p>\n<p style=\"text-align: center;\"><a href=\"https:\/\/prezi.com\/view\/fEfC1Z9KeGXxj7r82dfX\/\" target=\"_blank\" rel=\"noopener\"><span style=\"font-size: 14pt;\"><em><strong>Pr\u00e9sentation dynamique<\/strong><\/em><\/span><\/a><\/p>\n<p><img loading=\"lazy\" decoding=\"async\" class=\"size-medium wp-image-7451 aligncenter\" src=\"https:\/\/www.pedagogie.ac-nice.fr\/eps\/wp-content\/uploads\/sites\/20\/2024\/09\/image-MC-AGS-300x169.png\" alt=\"\" width=\"300\" height=\"169\" srcset=\"https:\/\/www.pedagogie.ac-nice.fr\/eps\/wp-content\/uploads\/sites\/20\/2024\/09\/image-MC-AGS-300x169.png 300w, https:\/\/www.pedagogie.ac-nice.fr\/eps\/wp-content\/uploads\/sites\/20\/2024\/09\/image-MC-AGS-768x433.png 768w, https:\/\/www.pedagogie.ac-nice.fr\/eps\/wp-content\/uploads\/sites\/20\/2024\/09\/image-MC-AGS.png 878w\" sizes=\"auto, (max-width: 300px) 100vw, 300px\" \/><\/p>\n<p>&nbsp;<\/p>\n<h2>Mention Compl\u00e9mentaire Animation-Gestion de Projets dans le Secteur Sportif: MCAG2S<\/h2>\n<ul style=\"list-style-type: disc;\">\n<li><a href=\"https:\/\/www.pedagogie.ac-nice.fr\/eps\/wp-content\/uploads\/sites\/20\/2021\/11\/Mention-complementaire-AG2S_arrete_13-04-2018-et-annexes_creation-modalite-de-delivrance.pdf\" target=\"_blank\" rel=\"noopener\">Arr\u00eat\u00e9 du 13 avril 2018 et son annexe<\/a><\/li>\n<li><a href=\"https:\/\/www.pedagogie.ac-nice.fr\/eps\/wp-content\/uploads\/sites\/20\/2021\/11\/Guide-accompagnement-Mention-complementaire-AG2S.pdf\" target=\"_blank\" rel=\"noopener\">Guide d&rsquo;accompagnement<\/a><\/li>\n<\/ul>\n<p>A la rentr\u00e9e 2024, les \u00ab\u00a0mentions compl\u00e9mentaires\u00a0\u00bb (MC) deviennent \u00ab\u00a0certificat de sp\u00e9cialisation\u00a0\u00bb (CS).<\/p>\n<p>L&rsquo;obtention du Certificat de Sp\u00e9cialisation Animation-gestion de projets dans le secteur sportif vaut \u00e9quivalence avec les unit\u00e9s capitalisables 1 et 2 des BPJEPS sp\u00e9cialit\u00e9s \u00e9ducateur sportif mention activit\u00e9s aquatiques de la natation (AAN) ou mention activit\u00e9s physiques pour tous (APT).<\/p>\n<p>Il permet \u00e9galement la poursuite d&rsquo;\u00e9tude dans le CS Encadrement secteur sportif qui compte 4 options :<\/p>\n<ul>\n<li>APT \u00ab Activit\u00e9s physiques pour tous \u00bb<\/li>\n<li>AAN \u00ab Activit\u00e9s aquatiques et de la natation \u00bb<\/li>\n<li>AF \u00ab Activit\u00e9s de la forme\u00a0\u00bb Cours collectifs<\/li>\n<li>AF \u00ab Activit\u00e9s de la forme \u00bb Halt\u00e9rophilie-musculation\u00a0\u00bb<\/li>\n<\/ul>\n<p style=\"text-align: center;\"><a href=\"https:\/\/prezi.com\/view\/fEfC1Z9KeGXxj7r82dfX\/\" target=\"_blank\" rel=\"noopener\"><span style=\"font-size: 14pt;\"><em><strong>Pr\u00e9sentation dynamique<\/strong><\/em><\/span><\/a><\/p>\n<p><a href=\"https:\/\/prezi.com\/view\/fEfC1Z9KeGXxj7r82dfX\/\" target=\"_blank\" rel=\"noopener\"><img loading=\"lazy\" decoding=\"async\" class=\"size-medium wp-image-7450 aligncenter\" src=\"https:\/\/www.pedagogie.ac-nice.fr\/eps\/wp-content\/uploads\/sites\/20\/2024\/09\/image-MC-E2S-300x168.png\" alt=\"\" width=\"300\" height=\"168\" srcset=\"https:\/\/www.pedagogie.ac-nice.fr\/eps\/wp-content\/uploads\/sites\/20\/2024\/09\/image-MC-E2S-300x168.png 300w, https:\/\/www.pedagogie.ac-nice.fr\/eps\/wp-content\/uploads\/sites\/20\/2024\/09\/image-MC-E2S-768x430.png 768w, https:\/\/www.pedagogie.ac-nice.fr\/eps\/wp-content\/uploads\/sites\/20\/2024\/09\/image-MC-E2S.png 890w\" sizes=\"auto, (max-width: 300px) 100vw, 300px\" \/><\/a><\/p>\n","protected":false},"excerpt":{"rendered":"<p>\u00a0Mention compl\u00e9mentaire Encadrement Secteur Sportif : MCE2S Arr\u00eat\u00e9 du 14 janvier 2022 et son annexe. &nbsp; Pr\u00e9sentation dynamique &nbsp; Mention Compl\u00e9mentaire Animation-Gestion de Projets dans le Secteur Sportif: MCAG2S Arr\u00eat\u00e9 du 13 avril 2018 et son annexe Guide d&rsquo;accompagnement A la rentr\u00e9e 2024, les \u00ab\u00a0mentions compl\u00e9mentaires\u00a0\u00bb (MC) deviennent \u00ab\u00a0certificat de sp\u00e9cialisation\u00a0\u00bb (CS). L&rsquo;obtention du Certificat &hellip; <a href=\"https:\/\/www.pedagogie.ac-nice.fr\/eps\/institutionnel\/lycee-professionnel-2\/programmes-mention-complementaire-mcag2s\/\" class=\"more-link\">Continuer la lecture de <span class=\"screen-reader-text\">Programmes Mention Compl\u00e9mentaire<\/span> <span class=\"meta-nav\">&rarr;<\/span><\/a><\/p>\n","protected":false},"author":133,"featured_media":0,"parent":5739,"menu_order":0,"comment_status":"closed","ping_status":"closed","template":"","meta":{"footnotes":""},"class_list":["post-5732","page","type-page","status-publish","hentry"],"rttpg_featured_image_url":null,"rttpg_author":{"display_name":"Karine Logeart","author_link":"https:\/\/www.pedagogie.ac-nice.fr\/eps\/author\/k-logeart\/"},"rttpg_comment":0,"rttpg_category":null,"rttpg_excerpt":"\u00a0Mention compl\u00e9mentaire Encadrement Secteur Sportif : MCE2S Arr\u00eat\u00e9 du 14 janvier 2022 et son annexe. &nbsp; Pr\u00e9sentation dynamique &nbsp; Mention Compl\u00e9mentaire Animation-Gestion de Projets dans le Secteur Sportif: MCAG2S Arr\u00eat\u00e9 du 13 avril 2018 et son annexe Guide d&rsquo;accompagnement A la rentr\u00e9e 2024, les \u00ab\u00a0mentions compl\u00e9mentaires\u00a0\u00bb (MC) deviennent \u00ab\u00a0certificat de sp\u00e9cialisation\u00a0\u00bb (CS). L&rsquo;obtention du Certificat\u2026","post_mailing_queue_ids":[],"_links":{"self":[{"href":"https:\/\/www.pedagogie.ac-nice.fr\/eps\/wp-json\/wp\/v2\/pages\/5732","targetHints":{"allow":["GET"]}}],"collection":[{"href":"https:\/\/www.pedagogie.ac-nice.fr\/eps\/wp-json\/wp\/v2\/pages"}],"about":[{"href":"https:\/\/www.pedagogie.ac-nice.fr\/eps\/wp-json\/wp\/v2\/types\/page"}],"author":[{"embeddable":true,"href":"https:\/\/www.pedagogie.ac-nice.fr\/eps\/wp-json\/wp\/v2\/users\/133"}],"replies":[{"embeddable":true,"href":"https:\/\/www.pedagogie.ac-nice.fr\/eps\/wp-json\/wp\/v2\/comments?post=5732"}],"version-history":[{"count":9,"href":"https:\/\/www.pedagogie.ac-nice.fr\/eps\/wp-json\/wp\/v2\/pages\/5732\/revisions"}],"predecessor-version":[{"id":7456,"href":"https:\/\/www.pedagogie.ac-nice.fr\/eps\/wp-json\/wp\/v2\/pages\/5732\/revisions\/7456"}],"up":[{"embeddable":true,"href":"https:\/\/www.pedagogie.ac-nice.fr\/eps\/wp-json\/wp\/v2\/pages\/5739"}],"wp:attachment":[{"href":"https:\/\/www.pedagogie.ac-nice.fr\/eps\/wp-json\/wp\/v2\/media?parent=5732"}],"curies":[{"name":"wp","href":"https:\/\/api.w.org\/{rel}","templated":true}]}}

Programmes Mention Complémentaire

<h2> Mention complémentaire Encadrement Secteur Sportif : MCE2S</h2>
<ul style="list-style-type: disc;">
<li><a href="https://www.pedagogie.ac-nice.fr/eps/wp-content/uploads/sites/20/2022/04/Mention-complementaire-E2S-arrete-JO-14-01-22.pdf" target="_blank" rel="noopener">Arrêté du 14 janvier 2022 et son annexe.</a></li>
</ul>
<p>&nbsp;</p>
<p style="text-align: center;"><a href="https://prezi.com/view/fEfC1Z9KeGXxj7r82dfX/" target="_blank" rel="noopener"><span style="font-size: 14pt;"><em><strong>Présentation dynamique</strong></em></span></a></p>
<p><img loading="lazy" decoding="async" class="size-medium wp-image-7451 aligncenter" src="https://www.pedagogie.ac-nice.fr/eps/wp-content/uploads/sites/20/2024/09/image-MC-AGS-300x169.png" alt="" width="300" height="169" srcset="https://www.pedagogie.ac-nice.fr/eps/wp-content/uploads/sites/20/2024/09/image-MC-AGS-300x169.png 300w, https://www.pedagogie.ac-nice.fr/eps/wp-content/uploads/sites/20/2024/09/image-MC-AGS-768x433.png 768w, https://www.pedagogie.ac-nice.fr/eps/wp-content/uploads/sites/20/2024/09/image-MC-AGS.png 878w" sizes="auto, (max-width: 300px) 100vw, 300px" /></p>
<p>&nbsp;</p>
<h2>Mention Complémentaire Animation-Gestion de Projets dans le Secteur Sportif: MCAG2S</h2>
<ul style="list-style-type: disc;">
<li><a href="https://www.pedagogie.ac-nice.fr/eps/wp-content/uploads/sites/20/2021/11/Mention-complementaire-AG2S_arrete_13-04-2018-et-annexes_creation-modalite-de-delivrance.pdf" target="_blank" rel="noopener">Arrêté du 13 avril 2018 et son annexe</a></li>
<li><a href="https://www.pedagogie.ac-nice.fr/eps/wp-content/uploads/sites/20/2021/11/Guide-accompagnement-Mention-complementaire-AG2S.pdf" target="_blank" rel="noopener">Guide d&rsquo;accompagnement</a></li>
</ul>
<p>A la rentrée 2024, les « mentions complémentaires » (MC) deviennent « certificat de spécialisation » (CS).</p>
<p>L&rsquo;obtention du Certificat de Spécialisation Animation-gestion de projets dans le secteur sportif vaut équivalence avec les unités capitalisables 1 et 2 des BPJEPS spécialités éducateur sportif mention activités aquatiques de la natation (AAN) ou mention activités physiques pour tous (APT).</p>
<p>Il permet également la poursuite d&rsquo;étude dans le CS Encadrement secteur sportif qui compte 4 options :</p>
<ul>
<li>APT « Activités physiques pour tous »</li>
<li>AAN « Activités aquatiques et de la natation »</li>
<li>AF « Activités de la forme » Cours collectifs</li>
<li>AF « Activités de la forme » Haltérophilie-musculation »</li>
</ul>
<p style="text-align: center;"><a href="https://prezi.com/view/fEfC1Z9KeGXxj7r82dfX/" target="_blank" rel="noopener"><span style="font-size: 14pt;"><em><strong>Présentation dynamique</strong></em></span></a></p>
<p><a href="https://prezi.com/view/fEfC1Z9KeGXxj7r82dfX/" target="_blank" rel="noopener"><img loading="lazy" decoding="async" class="size-medium wp-image-7450 aligncenter" src="https://www.pedagogie.ac-nice.fr/eps/wp-content/uploads/sites/20/2024/09/image-MC-E2S-300x168.png" alt="" width="300" height="168" srcset="https://www.pedagogie.ac-nice.fr/eps/wp-content/uploads/sites/20/2024/09/image-MC-E2S-300x168.png 300w, https://www.pedagogie.ac-nice.fr/eps/wp-content/uploads/sites/20/2024/09/image-MC-E2S-768x430.png 768w, https://www.pedagogie.ac-nice.fr/eps/wp-content/uploads/sites/20/2024/09/image-MC-E2S.png 890w" sizes="auto, (max-width: 300px) 100vw, 300px" /></a></p>

<p> Mention complémentaire Encadrement Secteur Sportif : MCE2S Arrêté du 14 janvier 2022 et son annexe. &nbsp; Présentation dynamique &nbsp; Mention Complémentaire Animation-Gestion de Projets dans le Secteur Sportif: MCAG2S Arrêté du 13 avril 2018 et son annexe Guide d&rsquo;accompagnement A la rentrée 2024, les « mentions complémentaires » (MC) deviennent « certificat de spécialisation » (CS). L&rsquo;obtention du Certificat &hellip; <a href="https://www.pedagogie.ac-nice.fr/eps/institutionnel/lycee-professionnel-2/programmes-mention-complementaire-mcag2s/" class="more-link">Continuer la lecture de <span class="screen-reader-text">Programmes Mention Complémentaire</span> <span class="meta-nav">&rarr;</span></a></p>

Mention complémentaire Encadrement Secteur Sportif : MCE2S Arrêté du 14 janvier 2022 et son annexe. &nbsp; Présentation dynamique &nbsp; Mention Complémentaire Animation-Gestion de Projets dans le Secteur Sportif: MCAG2S Arrêté du 13 avril 2018 et son annexe Guide d&rsquo;accompagnement A la rentrée 2024, les « mentions complémentaires » (MC) deviennent « certificat de spécialisation » (CS). L&rsquo;obtention du Certificat…
