{"id":1115,"date":"2021-11-15T17:08:49","date_gmt":"2021-11-15T16:08:49","guid":{"rendered":"https:\/\/www.pedagogie.ac-nice.fr\/espagnol\/?page_id=1115"},"modified":"2025-09-18T14:12:36","modified_gmt":"2025-09-18T12:12:36","slug":"la-journee-europeenne-des-langues","status":"publish","type":"page","link":"https:\/\/www.pedagogie.ac-nice.fr\/espagnol\/inter-langues\/la-journee-europeenne-des-langues\/","title":{"rendered":"La Journ\u00e9e Europ\u00e9enne des Langues"},"content":{"rendered":"<p><img loading=\"lazy\" decoding=\"async\" class=\"alignnone wp-image-2223 size-full\" src=\"https:\/\/www.pedagogie.ac-nice.fr\/espagnol\/wp-content\/uploads\/sites\/43\/2025\/02\/Copie-de-Ensenar-deleitando-15.png\" alt=\"\" width=\"15840\" height=\"4752\" srcset=\"https:\/\/www.pedagogie.ac-nice.fr\/espagnol\/wp-content\/uploads\/sites\/43\/2025\/02\/Copie-de-Ensenar-deleitando-15.png 15840w, https:\/\/www.pedagogie.ac-nice.fr\/espagnol\/wp-content\/uploads\/sites\/43\/2025\/02\/Copie-de-Ensenar-deleitando-15-300x90.png 300w, https:\/\/www.pedagogie.ac-nice.fr\/espagnol\/wp-content\/uploads\/sites\/43\/2025\/02\/Copie-de-Ensenar-deleitando-15-1024x307.png 1024w, https:\/\/www.pedagogie.ac-nice.fr\/espagnol\/wp-content\/uploads\/sites\/43\/2025\/02\/Copie-de-Ensenar-deleitando-15-768x230.png 768w, https:\/\/www.pedagogie.ac-nice.fr\/espagnol\/wp-content\/uploads\/sites\/43\/2025\/02\/Copie-de-Ensenar-deleitando-15-1536x461.png 1536w, https:\/\/www.pedagogie.ac-nice.fr\/espagnol\/wp-content\/uploads\/sites\/43\/2025\/02\/Copie-de-Ensenar-deleitando-15-2048x614.png 2048w\" sizes=\"auto, (max-width: 15840px) 100vw, 15840px\" \/><\/p>\n<ul>\n<li><strong><span style=\"font-family: verdana, geneva, sans-serif;\">Le 26 septembre, c\u00e9l\u00e9brez les Langues Vivantes et l&rsquo;Europe !<\/span><\/strong><br \/>\n<span style=\"font-family: verdana, geneva, sans-serif;\"><span style=\"font-family: verdana, geneva, sans-serif;\"><span style=\"font-family: verdana, geneva, sans-serif;\">(Re)d\u00e9couvrez le <strong><a href=\"https:\/\/view.genially.com\/612f7232bc79820ddce207ff\/interactive-content-kit-journee-europeenne-des-lv-2023\">kit d&rsquo;animation<\/a><\/strong> sur la Journ\u00e9e Europ\u00e9enne des Langues, \u00e9labor\u00e9 par les enseignants de LVE du Groupe Num\u00e9rique Inter-langues de l&rsquo;acad\u00e9mie de Nice.<\/span><\/span><\/span><\/li>\n<\/ul>\n<p style=\"padding-left: 40px;\"><a href=\"https:\/\/view.genially.com\/612f7232bc79820ddce207ff\/interactive-content-kit-journee-europeenne-des-lv-2023\"><img loading=\"lazy\" decoding=\"async\" class=\"alignnone wp-image-2681 size-full\" src=\"https:\/\/www.pedagogie.ac-nice.fr\/espagnol\/wp-content\/uploads\/sites\/43\/2025\/09\/Capture-decran-2025-09-18-a-13.59.07.png\" alt=\"\" width=\"2378\" height=\"1400\" srcset=\"https:\/\/www.pedagogie.ac-nice.fr\/espagnol\/wp-content\/uploads\/sites\/43\/2025\/09\/Capture-decran-2025-09-18-a-13.59.07.png 2378w, https:\/\/www.pedagogie.ac-nice.fr\/espagnol\/wp-content\/uploads\/sites\/43\/2025\/09\/Capture-decran-2025-09-18-a-13.59.07-300x177.png 300w, https:\/\/www.pedagogie.ac-nice.fr\/espagnol\/wp-content\/uploads\/sites\/43\/2025\/09\/Capture-decran-2025-09-18-a-13.59.07-1024x603.png 1024w, https:\/\/www.pedagogie.ac-nice.fr\/espagnol\/wp-content\/uploads\/sites\/43\/2025\/09\/Capture-decran-2025-09-18-a-13.59.07-768x452.png 768w, https:\/\/www.pedagogie.ac-nice.fr\/espagnol\/wp-content\/uploads\/sites\/43\/2025\/09\/Capture-decran-2025-09-18-a-13.59.07-1536x904.png 1536w, https:\/\/www.pedagogie.ac-nice.fr\/espagnol\/wp-content\/uploads\/sites\/43\/2025\/09\/Capture-decran-2025-09-18-a-13.59.07-2048x1206.png 2048w\" sizes=\"auto, (max-width: 2378px) 100vw, 2378px\" \/><\/a><\/p>\n<p><img loading=\"lazy\" decoding=\"async\" class=\"aligncenter wp-image-1017 size-full\" src=\"https:\/\/www.pedagogie.ac-nice.fr\/espagnol\/wp-content\/uploads\/sites\/43\/2021\/09\/JELV3.jpg\" sizes=\"auto, (max-width: 739px) 100vw, 739px\" srcset=\"https:\/\/www.pedagogie.ac-nice.fr\/espagnol\/wp-content\/uploads\/sites\/43\/2021\/09\/JELV3-300x123.jpg 300w, https:\/\/www.pedagogie.ac-nice.fr\/espagnol\/wp-content\/uploads\/sites\/43\/2021\/09\/JELV3.jpg 642w\" alt=\"\" width=\"642\" height=\"264\"><\/p>\n<p style=\"padding-left: 40px;\"><span style=\"font-family: verdana, geneva, sans-serif;\">La&nbsp;<strong>Journ\u00e9e Europ\u00e9enne des Langues Vivantes<\/strong> remporte chaque ann\u00e9e un tr\u00e8s grand succ\u00e8s au sein de l\u2019acad\u00e9mie de Nice ! Tous cycles confondus, <strong>les langues europ\u00e9ennes sont c\u00e9l\u00e9br\u00e9es : chants, danses, po\u00e8mes, jeux, quiz, r\u00e9alisation de panneaux collaboratifs, d\u00e9gustation de sp\u00e9cialit\u00e9s culinaires, etc.<\/strong> &nbsp;<\/span><br \/>\n<span style=\"font-family: verdana, geneva, sans-serif;\"><strong>La familiarisation avec les langues vivantes d\u00e8s le plus jeune \u00e2ge<\/strong> est une des cl\u00e9s pour les ma\u00eetriser davantage, et garantit une poursuite d\u2019\u00e9tudes ainsi qu\u2019une meilleure insertion professionnelle.<strong><br \/>\n<\/strong><strong>Merci \u00e0 tous les professeurs, personnels de direction, \u00e0 l\u2019ensemble de la communaut\u00e9 \u00e9ducative, \u00e0 nos partenaires\u2026 \u00e0 tous ceux qui permettent ce bel \u00e9lan festif autour des langues vivantes et de leur enseignement !<br \/>\n<\/strong><strong>Vive les langues vivantes ! Vive l\u2019Europe !<\/strong><\/span><\/p>\n<p>&nbsp;<\/p>\n<p style=\"padding-left: 40px;\"><img loading=\"lazy\" decoding=\"async\" class=\"alignnone wp-image-2682 size-full\" src=\"https:\/\/www.pedagogie.ac-nice.fr\/espagnol\/wp-content\/uploads\/sites\/43\/2025\/09\/top-banner-2140-fr-FR-1.jpg\" alt=\"\" width=\"1140\" height=\"261\" srcset=\"https:\/\/www.pedagogie.ac-nice.fr\/espagnol\/wp-content\/uploads\/sites\/43\/2025\/09\/top-banner-2140-fr-FR-1.jpg 1140w, https:\/\/www.pedagogie.ac-nice.fr\/espagnol\/wp-content\/uploads\/sites\/43\/2025\/09\/top-banner-2140-fr-FR-1-300x69.jpg 300w, https:\/\/www.pedagogie.ac-nice.fr\/espagnol\/wp-content\/uploads\/sites\/43\/2025\/09\/top-banner-2140-fr-FR-1-1024x234.jpg 1024w, https:\/\/www.pedagogie.ac-nice.fr\/espagnol\/wp-content\/uploads\/sites\/43\/2025\/09\/top-banner-2140-fr-FR-1-768x176.jpg 768w\" sizes=\"auto, (max-width: 1140px) 100vw, 1140px\" \/><\/p>\n","protected":false},"excerpt":{"rendered":"<p>Le 26 septembre, c\u00e9l\u00e9brez les Langues Vivantes et l&rsquo;Europe ! (Re)d\u00e9couvrez le kit d&rsquo;animation sur la Journ\u00e9e Europ\u00e9enne des Langues,<\/p>\n","protected":false},"author":278,"featured_media":0,"parent":692,"menu_order":0,"comment_status":"closed","ping_status":"closed","template":"","meta":{"colormag_page_container_layout":"default_layout","colormag_page_sidebar_layout":"default_layout","ngg_post_thumbnail":0,"footnotes":""},"class_list":["post-1115","page","type-page","status-publish","hentry"],"rttpg_featured_image_url":null,"rttpg_author":{"display_name":"jeromebesse","author_link":"https:\/\/www.pedagogie.ac-nice.fr\/espagnol\/author\/jeromebesse\/"},"rttpg_comment":0,"rttpg_category":null,"rttpg_excerpt":"Le 26 septembre, c\u00e9l\u00e9brez les Langues Vivantes et l&rsquo;Europe ! (Re)d\u00e9couvrez le kit d&rsquo;animation sur la Journ\u00e9e Europ\u00e9enne des Langues,","post_mailing_queue_ids":[],"_links":{"self":[{"href":"https:\/\/www.pedagogie.ac-nice.fr\/espagnol\/wp-json\/wp\/v2\/pages\/1115","targetHints":{"allow":["GET"]}}],"collection":[{"href":"https:\/\/www.pedagogie.ac-nice.fr\/espagnol\/wp-json\/wp\/v2\/pages"}],"about":[{"href":"https:\/\/www.pedagogie.ac-nice.fr\/espagnol\/wp-json\/wp\/v2\/types\/page"}],"author":[{"embeddable":true,"href":"https:\/\/www.pedagogie.ac-nice.fr\/espagnol\/wp-json\/wp\/v2\/users\/278"}],"replies":[{"embeddable":true,"href":"https:\/\/www.pedagogie.ac-nice.fr\/espagnol\/wp-json\/wp\/v2\/comments?post=1115"}],"version-history":[{"count":12,"href":"https:\/\/www.pedagogie.ac-nice.fr\/espagnol\/wp-json\/wp\/v2\/pages\/1115\/revisions"}],"predecessor-version":[{"id":2693,"href":"https:\/\/www.pedagogie.ac-nice.fr\/espagnol\/wp-json\/wp\/v2\/pages\/1115\/revisions\/2693"}],"up":[{"embeddable":true,"href":"https:\/\/www.pedagogie.ac-nice.fr\/espagnol\/wp-json\/wp\/v2\/pages\/692"}],"wp:attachment":[{"href":"https:\/\/www.pedagogie.ac-nice.fr\/espagnol\/wp-json\/wp\/v2\/media?parent=1115"}],"curies":[{"name":"wp","href":"https:\/\/api.w.org\/{rel}","templated":true}]}}