{"id":1135,"date":"2021-11-19T11:16:38","date_gmt":"2021-11-19T10:16:38","guid":{"rendered":"https:\/\/www.pedagogie.ac-nice.fr\/espagnol\/?page_id=1135"},"modified":"2025-02-03T18:26:50","modified_gmt":"2025-02-03T17:26:50","slug":"formation-des-non-titulaires","status":"publish","type":"page","link":"https:\/\/www.pedagogie.ac-nice.fr\/espagnol\/carriere-et-formation\/formation-des-non-titulaires\/","title":{"rendered":"Formation des non-titulaires"},"content":{"rendered":"<p><span style=\"font-size: small; font-family: verdana, geneva, sans-serif;\"><img loading=\"lazy\" decoding=\"async\" class=\"alignnone wp-image-2193 size-full\" src=\"https:\/\/www.pedagogie.ac-nice.fr\/espagnol\/wp-content\/uploads\/sites\/43\/2025\/02\/Copie-de-Ensenar-deleitando-7.png\" alt=\"\" width=\"15840\" height=\"4752\" srcset=\"https:\/\/www.pedagogie.ac-nice.fr\/espagnol\/wp-content\/uploads\/sites\/43\/2025\/02\/Copie-de-Ensenar-deleitando-7.png 15840w, https:\/\/www.pedagogie.ac-nice.fr\/espagnol\/wp-content\/uploads\/sites\/43\/2025\/02\/Copie-de-Ensenar-deleitando-7-300x90.png 300w, https:\/\/www.pedagogie.ac-nice.fr\/espagnol\/wp-content\/uploads\/sites\/43\/2025\/02\/Copie-de-Ensenar-deleitando-7-1024x307.png 1024w, https:\/\/www.pedagogie.ac-nice.fr\/espagnol\/wp-content\/uploads\/sites\/43\/2025\/02\/Copie-de-Ensenar-deleitando-7-768x230.png 768w, https:\/\/www.pedagogie.ac-nice.fr\/espagnol\/wp-content\/uploads\/sites\/43\/2025\/02\/Copie-de-Ensenar-deleitando-7-1536x461.png 1536w, https:\/\/www.pedagogie.ac-nice.fr\/espagnol\/wp-content\/uploads\/sites\/43\/2025\/02\/Copie-de-Ensenar-deleitando-7-2048x614.png 2048w\" sizes=\"auto, (max-width: 15840px) 100vw, 15840px\" \/><br \/>\nL&rsquo;\u00e9puisement du vivier de personnels titulaires sur zone de remplacement peut conduire au recrutement d&rsquo;un agent contractuel sur le fondement de l&rsquo;article 4-2\u00b0 de la loi du 11 janvier 1984. L&rsquo;autorit\u00e9 de recrutement des personnels contractuels est le recteur ou l&rsquo;inspecteur d&rsquo;acad\u00e9mie-directeur acad\u00e9mique des services de l&rsquo;\u00e9ducation nationale (IA-Dasen) agissant par d\u00e9l\u00e9gation du recteur.<\/span><\/p>\n<p class=\"v1MsoNormal\"><span style=\"font-size: small; font-family: verdana, geneva, sans-serif;\">Le recrutement de droit commun des agents contractuels correspond au niveau de qualification exig\u00e9 pour se pr\u00e9senter aux concours internes des diff\u00e9rents corps d&rsquo;enseignants.<\/span><\/p>\n<p class=\"v1MsoNormal\"><span style=\"font-size: small; font-family: verdana, geneva, sans-serif;\">Ils b\u00e9n\u00e9ficient d&rsquo;un contrat \u00e0 dur\u00e9e d\u00e9termin\u00e9e pour assurer des remplacements, compl\u00e9ments de services, vacances d&#8217;emploi pour une dur\u00e9e annuelle.<\/span><\/p>\n<p class=\"v1MsoNormal\"><span style=\"font-size: small; font-family: verdana, geneva, sans-serif;\">Pour plus d&rsquo;informations&nbsp;: <a href=\"https:\/\/www.education.gouv.fr\/bo\/17\/Hebdo12\/MENH1704526C.htm\" target=\"_blank\" rel=\"noopener noreferrer\">https:\/\/www.education.gouv.fr\/bo\/17\/Hebdo12\/MENH1704526C.htm<\/a><\/span><\/p>\n<ul>\n<li class=\"v1MsoNormal\"><span style=\"font-size: small; font-family: verdana, geneva, sans-serif;\"><b>Leur formation dans l&rsquo;Acad\u00e9mie de Nice<\/b><\/span><\/li>\n<\/ul>\n<p class=\"v1MsoNormal\"><span style=\"font-size: small; font-family: verdana, geneva, sans-serif;\">Une formation de plusieurs journ\u00e9es leur est d\u00e9di\u00e9e et un parcours Magist\u00e8re, mis \u00e0 jour r\u00e9guli\u00e8rement, les accompagne. Ils prennent en compte leur situation et s&rsquo;adaptent \u00e0 leurs besoins&nbsp;: formation initiale et\/ou formation continue.<\/span><\/p>\n<p class=\"v1MsoNormal\"><span style=\"font-size: small; font-family: verdana, geneva, sans-serif;\">La volont\u00e9 \u00e9tant d&rsquo;harmoniser les pratiques p\u00e9dagogiques, d&rsquo;ouvrir des champs de r\u00e9flexion innovants et de les \u00e9pauler au mieux dans leur d\u00e9marche quotidienne.<\/span><\/p>\n<ul>\n<li><strong><span style=\"font-size: small; font-family: verdana, geneva, sans-serif;\">Le parcours Magist\u00e8re : Espagnol : Formation p\u00e9dagogique pour les contractuel(le)s<\/span><\/strong><\/li>\n<\/ul>\n<p class=\"v1MsoNormal\"><span style=\"font-size: small; font-family: verdana, geneva, sans-serif;\">Une formation hybride consultable \u00e0 tout moment, contenant une auto-\u00e9valuation, des ressources et des informations qui r\u00e9pondront au mieux aux attentes des personnels non titulaires.<\/span><\/p>\n<p class=\"v1MsoNormal\"><span style=\"font-size: small; font-family: verdana, geneva, sans-serif;\"><a href=\"https:\/\/magistere.education.fr\/ac-nice\/course\/view.php?id=6376&amp;section=1\" target=\"_blank\" rel=\"noopener noreferrer\">https:\/\/magistere.education.fr\/ac-nice\/course\/view.php?id=6376&amp;section=1<\/a><\/span><\/p>\n<p class=\"v1MsoNormal\"><span style=\"font-size: small; font-family: verdana, geneva, sans-serif;\">&nbsp;<\/span><\/p>\n<p class=\"v1MsoNormal\"><span style=\"font-size: small; font-family: verdana, geneva, sans-serif;\">S&rsquo;il n&rsquo;est pas accessible, signalez-le \u00e0 <a href=\"mailto:Marie-Louise.Gonzalez@ac-nice.fr\" rel=\"noreferrer\">Marie-Louise.Gonzalez@ac-nice.fr<\/a> <\/span><\/p>\n","protected":false},"excerpt":{"rendered":"<p>L&rsquo;\u00e9puisement du vivier de personnels titulaires sur zone de remplacement peut conduire au recrutement d&rsquo;un agent contractuel sur le fondement<\/p>\n","protected":false},"author":278,"featured_media":0,"parent":265,"menu_order":0,"comment_status":"closed","ping_status":"closed","template":"","meta":{"colormag_page_container_layout":"default_layout","colormag_page_sidebar_layout":"default_layout","ngg_post_thumbnail":0,"footnotes":""},"class_list":["post-1135","page","type-page","status-publish","hentry"],"rttpg_featured_image_url":null,"rttpg_author":{"display_name":"jeromebesse","author_link":"https:\/\/www.pedagogie.ac-nice.fr\/espagnol\/author\/jeromebesse\/"},"rttpg_comment":0,"rttpg_category":null,"rttpg_excerpt":"L&rsquo;\u00e9puisement du vivier de personnels titulaires sur zone de remplacement peut conduire au recrutement d&rsquo;un agent contractuel sur le fondement","post_mailing_queue_ids":[],"_links":{"self":[{"href":"https:\/\/www.pedagogie.ac-nice.fr\/espagnol\/wp-json\/wp\/v2\/pages\/1135","targetHints":{"allow":["GET"]}}],"collection":[{"href":"https:\/\/www.pedagogie.ac-nice.fr\/espagnol\/wp-json\/wp\/v2\/pages"}],"about":[{"href":"https:\/\/www.pedagogie.ac-nice.fr\/espagnol\/wp-json\/wp\/v2\/types\/page"}],"author":[{"embeddable":true,"href":"https:\/\/www.pedagogie.ac-nice.fr\/espagnol\/wp-json\/wp\/v2\/users\/278"}],"replies":[{"embeddable":true,"href":"https:\/\/www.pedagogie.ac-nice.fr\/espagnol\/wp-json\/wp\/v2\/comments?post=1135"}],"version-history":[{"count":3,"href":"https:\/\/www.pedagogie.ac-nice.fr\/espagnol\/wp-json\/wp\/v2\/pages\/1135\/revisions"}],"predecessor-version":[{"id":2194,"href":"https:\/\/www.pedagogie.ac-nice.fr\/espagnol\/wp-json\/wp\/v2\/pages\/1135\/revisions\/2194"}],"up":[{"embeddable":true,"href":"https:\/\/www.pedagogie.ac-nice.fr\/espagnol\/wp-json\/wp\/v2\/pages\/265"}],"wp:attachment":[{"href":"https:\/\/www.pedagogie.ac-nice.fr\/espagnol\/wp-json\/wp\/v2\/media?parent=1135"}],"curies":[{"name":"wp","href":"https:\/\/api.w.org\/{rel}","templated":true}]}}

<p><span style="font-size: small; font-family: verdana, geneva, sans-serif;"><img loading="lazy" decoding="async" class="alignnone wp-image-2193 size-full" src="https://www.pedagogie.ac-nice.fr/espagnol/wp-content/uploads/sites/43/2025/02/Copie-de-Ensenar-deleitando-7.png" alt="" width="15840" height="4752" srcset="https://www.pedagogie.ac-nice.fr/espagnol/wp-content/uploads/sites/43/2025/02/Copie-de-Ensenar-deleitando-7.png 15840w, https://www.pedagogie.ac-nice.fr/espagnol/wp-content/uploads/sites/43/2025/02/Copie-de-Ensenar-deleitando-7-300x90.png 300w, https://www.pedagogie.ac-nice.fr/espagnol/wp-content/uploads/sites/43/2025/02/Copie-de-Ensenar-deleitando-7-1024x307.png 1024w, https://www.pedagogie.ac-nice.fr/espagnol/wp-content/uploads/sites/43/2025/02/Copie-de-Ensenar-deleitando-7-768x230.png 768w, https://www.pedagogie.ac-nice.fr/espagnol/wp-content/uploads/sites/43/2025/02/Copie-de-Ensenar-deleitando-7-1536x461.png 1536w, https://www.pedagogie.ac-nice.fr/espagnol/wp-content/uploads/sites/43/2025/02/Copie-de-Ensenar-deleitando-7-2048x614.png 2048w" sizes="auto, (max-width: 15840px) 100vw, 15840px" /><br />
L&rsquo;épuisement du vivier de personnels titulaires sur zone de remplacement peut conduire au recrutement d&rsquo;un agent contractuel sur le fondement de l&rsquo;article 4-2° de la loi du 11 janvier 1984. L&rsquo;autorité de recrutement des personnels contractuels est le recteur ou l&rsquo;inspecteur d&rsquo;académie-directeur académique des services de l&rsquo;éducation nationale (IA-Dasen) agissant par délégation du recteur.</span></p>
<p class="v1MsoNormal"><span style="font-size: small; font-family: verdana, geneva, sans-serif;">Le recrutement de droit commun des agents contractuels correspond au niveau de qualification exigé pour se présenter aux concours internes des différents corps d&rsquo;enseignants.</span></p>
<p class="v1MsoNormal"><span style="font-size: small; font-family: verdana, geneva, sans-serif;">Ils bénéficient d&rsquo;un contrat à durée déterminée pour assurer des remplacements, compléments de services, vacances d&#8217;emploi pour une durée annuelle.</span></p>
<p class="v1MsoNormal"><span style="font-size: small; font-family: verdana, geneva, sans-serif;">Pour plus d&rsquo;informations&nbsp;: <a href="https://www.education.gouv.fr/bo/17/Hebdo12/MENH1704526C.htm" target="_blank" rel="noopener noreferrer">https://www.education.gouv.fr/bo/17/Hebdo12/MENH1704526C.htm</a></span></p>
<ul>
<li class="v1MsoNormal"><span style="font-size: small; font-family: verdana, geneva, sans-serif;"><b>Leur formation dans l&rsquo;Académie de Nice</b></span></li>
</ul>
<p class="v1MsoNormal"><span style="font-size: small; font-family: verdana, geneva, sans-serif;">Une formation de plusieurs journées leur est dédiée et un parcours Magistère, mis à jour régulièrement, les accompagne. Ils prennent en compte leur situation et s&rsquo;adaptent à leurs besoins&nbsp;: formation initiale et/ou formation continue.</span></p>
<p class="v1MsoNormal"><span style="font-size: small; font-family: verdana, geneva, sans-serif;">La volonté étant d&rsquo;harmoniser les pratiques pédagogiques, d&rsquo;ouvrir des champs de réflexion innovants et de les épauler au mieux dans leur démarche quotidienne.</span></p>
<ul>
<li><strong><span style="font-size: small; font-family: verdana, geneva, sans-serif;">Le parcours Magistère : Espagnol : Formation pédagogique pour les contractuel(le)s</span></strong></li>
</ul>
<p class="v1MsoNormal"><span style="font-size: small; font-family: verdana, geneva, sans-serif;">Une formation hybride consultable à tout moment, contenant une auto-évaluation, des ressources et des informations qui répondront au mieux aux attentes des personnels non titulaires.</span></p>
<p class="v1MsoNormal"><span style="font-size: small; font-family: verdana, geneva, sans-serif;"><a href="https://magistere.education.fr/ac-nice/course/view.php?id=6376&amp;section=1" target="_blank" rel="noopener noreferrer">https://magistere.education.fr/ac-nice/course/view.php?id=6376&amp;section=1</a></span></p>
<p class="v1MsoNormal"><span style="font-size: small; font-family: verdana, geneva, sans-serif;">&nbsp;</span></p>
<p class="v1MsoNormal"><span style="font-size: small; font-family: verdana, geneva, sans-serif;">S&rsquo;il n&rsquo;est pas accessible, signalez-le à <a href="mailto:Marie-Louise.Gonzalez@ac-nice.fr" rel="noreferrer">Marie-Louise.Gonzalez@ac-nice.fr</a> </span></p>

<p>L&rsquo;épuisement du vivier de personnels titulaires sur zone de remplacement peut conduire au recrutement d&rsquo;un agent contractuel sur le fondement</p>

L&rsquo;épuisement du vivier de personnels titulaires sur zone de remplacement peut conduire au recrutement d&rsquo;un agent contractuel sur le fondement
