{"id":2,"date":"2020-09-22T15:18:14","date_gmt":"2020-09-22T13:18:14","guid":{"rendered":"https:\/\/www.pedagogie.ac-nice.fr\/espagnol\/?page_id=2"},"modified":"2026-04-01T18:33:44","modified_gmt":"2026-04-01T16:33:44","slug":"page-d-exemple","status":"publish","type":"page","link":"https:\/\/www.pedagogie.ac-nice.fr\/espagnol\/","title":{"rendered":"\u00c0 la une"},"content":{"rendered":"<h3><span style=\"font-size: 14pt;\"><strong><span style=\"font-family: verdana, geneva, sans-serif;\">Semaine des Langues 2026<\/span><\/strong><\/span><\/h3>\r\n<h3><img loading=\"lazy\" decoding=\"async\" class=\"alignnone size-large wp-image-2819\" src=\"https:\/\/www.pedagogie.ac-nice.fr\/espagnol\/wp-content\/uploads\/sites\/43\/2026\/03\/Header_Eduscol_Semainedeslangues_1680x360-1024x220.png\" alt=\"\" width=\"800\" height=\"172\" srcset=\"https:\/\/www.pedagogie.ac-nice.fr\/espagnol\/wp-content\/uploads\/sites\/43\/2026\/03\/Header_Eduscol_Semainedeslangues_1680x360-1024x220.png 1024w, https:\/\/www.pedagogie.ac-nice.fr\/espagnol\/wp-content\/uploads\/sites\/43\/2026\/03\/Header_Eduscol_Semainedeslangues_1680x360-300x64.png 300w, https:\/\/www.pedagogie.ac-nice.fr\/espagnol\/wp-content\/uploads\/sites\/43\/2026\/03\/Header_Eduscol_Semainedeslangues_1680x360-768x165.png 768w, https:\/\/www.pedagogie.ac-nice.fr\/espagnol\/wp-content\/uploads\/sites\/43\/2026\/03\/Header_Eduscol_Semainedeslangues_1680x360-1536x330.png 1536w, https:\/\/www.pedagogie.ac-nice.fr\/espagnol\/wp-content\/uploads\/sites\/43\/2026\/03\/Header_Eduscol_Semainedeslangues_1680x360-2048x439.png 2048w\" sizes=\"auto, (max-width: 800px) 100vw, 800px\" \/><\/h3>\r\n<span style=\"color: #000000; font-family: verdana, geneva, sans-serif; font-size: 12pt;\"><strong data-start=\"95\" data-end=\"235\">Chaque ann\u00e9e, la Semaine des langues met \u00e0 l\u2019honneur le plurilinguisme et la diversit\u00e9 culturelle dans les \u00e9coles et les \u00e9tablissements.<\/strong><\/span>\r\n\r\n<span style=\"color: #000000; font-family: verdana, geneva, sans-serif;\">Cet \u00e9v\u00e9nement encourage la pratique des langues, valorise les projets d\u2019\u00e9l\u00e8ves et favorise l\u2019ouverture internationale dans l\u2019acad\u00e9mie de Nice.<\/span>\r\n\r\n<span style=\"color: #000000; font-family: verdana, geneva, sans-serif;\"><strong>Le palmar\u00e8s du concours inter-langues \u00ab\u00a0Histoires communes\u00a0\u00bb a \u00e9t\u00e9 r\u00e9v\u00e9l\u00e9 lundi 23 mars<\/strong>, \u00e0 l&rsquo;occasion du <strong>lancement officiel de la Semaine des Langues 2026<\/strong> !<\/span>\r\n\r\n<span style=\"font-family: verdana, geneva, sans-serif;\"><a href=\"https:\/\/www.pedagogie.ac-nice.fr\/espagnol\/inter-langues\/semaine-des-langues-vivantes\/\">En savoir plus<\/a><\/span>\r\n\r\n&nbsp;\r\n<h3>&nbsp;<\/h3>\r\n<h3>&nbsp;<\/h3>\r\n<h3><a href=\"https:\/\/www.pedagogie.ac-nice.fr\/espagnol\/les-nouveaux-programmes-de-langues-vivantes-decouvrez-les-emissions-regards-sur-sur-eduscol\/\"><img loading=\"lazy\" decoding=\"async\" class=\"alignnone wp-image-2843 size-full\" src=\"https:\/\/www.pedagogie.ac-nice.fr\/espagnol\/wp-content\/uploads\/sites\/43\/2026\/03\/Copie-de-Ensen\u0303ar-deleitando-2026-03-25T171348.063-scaled.png\" alt=\"\" width=\"2560\" height=\"768\" srcset=\"https:\/\/www.pedagogie.ac-nice.fr\/espagnol\/wp-content\/uploads\/sites\/43\/2026\/03\/Copie-de-Ensen\u0303ar-deleitando-2026-03-25T171348.063-scaled.png 2560w, https:\/\/www.pedagogie.ac-nice.fr\/espagnol\/wp-content\/uploads\/sites\/43\/2026\/03\/Copie-de-Ensen\u0303ar-deleitando-2026-03-25T171348.063-300x90.png 300w, https:\/\/www.pedagogie.ac-nice.fr\/espagnol\/wp-content\/uploads\/sites\/43\/2026\/03\/Copie-de-Ensen\u0303ar-deleitando-2026-03-25T171348.063-1024x307.png 1024w, https:\/\/www.pedagogie.ac-nice.fr\/espagnol\/wp-content\/uploads\/sites\/43\/2026\/03\/Copie-de-Ensen\u0303ar-deleitando-2026-03-25T171348.063-768x230.png 768w, https:\/\/www.pedagogie.ac-nice.fr\/espagnol\/wp-content\/uploads\/sites\/43\/2026\/03\/Copie-de-Ensen\u0303ar-deleitando-2026-03-25T171348.063-1536x461.png 1536w, https:\/\/www.pedagogie.ac-nice.fr\/espagnol\/wp-content\/uploads\/sites\/43\/2026\/03\/Copie-de-Ensen\u0303ar-deleitando-2026-03-25T171348.063-2048x614.png 2048w\" sizes=\"auto, (max-width: 2560px) 100vw, 2560px\" \/><\/a><\/h3>\r\n<h3><span style=\"font-size: 14pt;\"><strong><span style=\"font-family: verdana, geneva, sans-serif;\">Nouveaux programmes<\/span><\/strong><\/span><\/h3>\r\n<span style=\"font-family: verdana, geneva, sans-serif;\">Le site <span class=\"hover:entity-accent entity-underline inline cursor-pointer align-baseline\"><span class=\"whitespace-normal\">\u00c9duscol<\/span><\/span> propose une s\u00e9rie d\u2019\u00e9missions intitul\u00e9e <strong data-start=\"86\" data-end=\"105\">\u00ab Regards sur \u00bb<\/strong>, consacr\u00e9e aux <strong>nouveaux programmes<\/strong> de <strong>Langues Vivantes<\/strong> pour le <strong>coll\u00e8ge<\/strong> et le <strong>lyc\u00e9e<\/strong>. Ces vid\u00e9os donnent la parole \u00e0 des enseignants et \u00e0 des experts pour \u00e9clairer les objectifs des programmes 2025 et accompagner leur mise en \u0153uvre en classe.<\/span>\r\n<span style=\"font-family: verdana, geneva, sans-serif;\"><a href=\"https:\/\/www.pedagogie.ac-nice.fr\/espagnol\/les-nouveaux-programmes-de-langues-vivantes-decouvrez-les-emissions-regards-sur-sur-eduscol\/\">En savoir plus<\/a><\/span>\r\n<div>&nbsp;<\/div>\r\n<h3>&nbsp;<\/h3>\r\n<h3>&nbsp;<\/h3>\r\n<h3><img loading=\"lazy\" decoding=\"async\" class=\"alignnone wp-image-2800 size-full\" src=\"https:\/\/www.pedagogie.ac-nice.fr\/espagnol\/wp-content\/uploads\/sites\/43\/2026\/03\/Copie-de-Cellule-Academique-Recherche-Developpement-Innovation-Experimentation-1.png\" alt=\"\" width=\"2560\" height=\"1000\" srcset=\"https:\/\/www.pedagogie.ac-nice.fr\/espagnol\/wp-content\/uploads\/sites\/43\/2026\/03\/Copie-de-Cellule-Academique-Recherche-Developpement-Innovation-Experimentation-1.png 2560w, https:\/\/www.pedagogie.ac-nice.fr\/espagnol\/wp-content\/uploads\/sites\/43\/2026\/03\/Copie-de-Cellule-Academique-Recherche-Developpement-Innovation-Experimentation-1-300x117.png 300w, https:\/\/www.pedagogie.ac-nice.fr\/espagnol\/wp-content\/uploads\/sites\/43\/2026\/03\/Copie-de-Cellule-Academique-Recherche-Developpement-Innovation-Experimentation-1-1024x400.png 1024w, https:\/\/www.pedagogie.ac-nice.fr\/espagnol\/wp-content\/uploads\/sites\/43\/2026\/03\/Copie-de-Cellule-Academique-Recherche-Developpement-Innovation-Experimentation-1-768x300.png 768w, https:\/\/www.pedagogie.ac-nice.fr\/espagnol\/wp-content\/uploads\/sites\/43\/2026\/03\/Copie-de-Cellule-Academique-Recherche-Developpement-Innovation-Experimentation-1-1536x600.png 1536w, https:\/\/www.pedagogie.ac-nice.fr\/espagnol\/wp-content\/uploads\/sites\/43\/2026\/03\/Copie-de-Cellule-Academique-Recherche-Developpement-Innovation-Experimentation-1-2048x800.png 2048w\" sizes=\"auto, (max-width: 2560px) 100vw, 2560px\" \/><\/h3>\r\n<h3><span style=\"font-size: 14pt;\"><strong><span style=\"font-family: verdana, geneva, sans-serif;\">Les femmes sont \u00e0 l&rsquo;honneur toute l&rsquo;ann\u00e9e sur Hisp@Nice !<\/span><\/strong><\/span><\/h3>\r\n<div><span style=\"font-family: verdana, geneva, sans-serif;\">Retrouvez par exemple dans la rubrique \u00ab\u00a0Espace de mutualisation\u00a0\u00bb les nombreux documents du projet du GND d&rsquo;espagnol (\u00d1iza) :&nbsp;<a href=\"https:\/\/www.pedagogie.ac-nice.fr\/espagnol\/les-femmes-espagnoles-et-la-restauration-de-la-memoire-historique\/\">Las mujeres espa\u00f1olas y la recuperaci\u00f3n de la memoria hist\u00f3rica<\/a>, ou encore les documents du projet autour de <strong>l<\/strong>a figure de la Malinche : <a href=\"https:\/\/www.pedagogie.ac-nice.fr\/espagnol\/soy-la-malinche-la-que-habla\/\">Soy la Malinche, la que habla<\/a>.<\/span><\/div>\r\n<div class=\"container-wrapper-genially\" style=\"position: relative; min-height: 400px; max-width: 100%;\">\r\n<div id=\"698c8edad07343dbfcefa3c3\" class=\"genially-embed\" style=\"margin: 0px auto; position: relative; height: auto; width: 100%;\">\r\n\r\n&nbsp;\r\n\r\n&nbsp;\r\n<h3><img loading=\"lazy\" decoding=\"async\" class=\"alignnone wp-image-2383 size-full\" style=\"font-family: verdana, geneva, sans-serif;\" src=\"https:\/\/www.pedagogie.ac-nice.fr\/espagnol\/wp-content\/uploads\/sites\/43\/2025\/02\/Copie-de-Ensenar-deleitando-64.png\" alt=\"\" width=\"5760\" height=\"1728\" srcset=\"https:\/\/www.pedagogie.ac-nice.fr\/espagnol\/wp-content\/uploads\/sites\/43\/2025\/02\/Copie-de-Ensenar-deleitando-64.png 5760w, https:\/\/www.pedagogie.ac-nice.fr\/espagnol\/wp-content\/uploads\/sites\/43\/2025\/02\/Copie-de-Ensenar-deleitando-64-300x90.png 300w, https:\/\/www.pedagogie.ac-nice.fr\/espagnol\/wp-content\/uploads\/sites\/43\/2025\/02\/Copie-de-Ensenar-deleitando-64-1024x307.png 1024w, https:\/\/www.pedagogie.ac-nice.fr\/espagnol\/wp-content\/uploads\/sites\/43\/2025\/02\/Copie-de-Ensenar-deleitando-64-768x230.png 768w, https:\/\/www.pedagogie.ac-nice.fr\/espagnol\/wp-content\/uploads\/sites\/43\/2025\/02\/Copie-de-Ensenar-deleitando-64-1536x461.png 1536w, https:\/\/www.pedagogie.ac-nice.fr\/espagnol\/wp-content\/uploads\/sites\/43\/2025\/02\/Copie-de-Ensenar-deleitando-64-2048x614.png 2048w\" sizes=\"auto, (max-width: 5760px) 100vw, 5760px\" \/><\/h3>\r\n<h3><strong><span style=\"font-family: verdana, geneva, sans-serif;\"><span style=\"font-size: 14pt;\">Billet de rentr\u00e9e de l&rsquo;Inspection p\u00e9dagogique d&rsquo;espagnol<\/span>\r\n<\/span><\/strong><\/h3>\r\n<span style=\"font-family: verdana, geneva, sans-serif;\">Lisez le <a href=\"https:\/\/www.pedagogie.ac-nice.fr\/espagnol\/wp-content\/uploads\/sites\/43\/2025\/09\/Billet-rentree-2025-ESPAGNOL.pdf\">billet de rentr\u00e9e 2025<\/a> de nos inspectrices, B\u00e9atrice Mecqinion et Mich\u00e8le-Ruth Wendling Turrillo.\r\n<\/span><span style=\"font-family: verdana, geneva, sans-serif;\">Retrouvez \u00e9galement la <\/span><strong style=\"font-family: verdana, geneva, sans-serif;\">lettre de rentr\u00e9e des inspecteurs et inspectrices de LVE<\/strong><span style=\"font-family: verdana, geneva, sans-serif;\"> de l&rsquo;acad\u00e9mie<\/span><span style=\"font-family: verdana, geneva, sans-serif;\">.<\/span>\r\n\r\n&nbsp;\r\n<h3><img loading=\"lazy\" decoding=\"async\" class=\"alignnone wp-image-2476 size-full\" style=\"font-family: verdana, geneva, sans-serif;\" src=\"https:\/\/www.pedagogie.ac-nice.fr\/espagnol\/wp-content\/uploads\/sites\/43\/2025\/04\/Copie-de-Ensenar-deleitando-86.png\" alt=\"\" width=\"5760\" height=\"1728\" srcset=\"https:\/\/www.pedagogie.ac-nice.fr\/espagnol\/wp-content\/uploads\/sites\/43\/2025\/04\/Copie-de-Ensenar-deleitando-86.png 5760w, https:\/\/www.pedagogie.ac-nice.fr\/espagnol\/wp-content\/uploads\/sites\/43\/2025\/04\/Copie-de-Ensenar-deleitando-86-300x90.png 300w, https:\/\/www.pedagogie.ac-nice.fr\/espagnol\/wp-content\/uploads\/sites\/43\/2025\/04\/Copie-de-Ensenar-deleitando-86-1024x307.png 1024w, https:\/\/www.pedagogie.ac-nice.fr\/espagnol\/wp-content\/uploads\/sites\/43\/2025\/04\/Copie-de-Ensenar-deleitando-86-768x230.png 768w, https:\/\/www.pedagogie.ac-nice.fr\/espagnol\/wp-content\/uploads\/sites\/43\/2025\/04\/Copie-de-Ensenar-deleitando-86-1536x461.png 1536w, https:\/\/www.pedagogie.ac-nice.fr\/espagnol\/wp-content\/uploads\/sites\/43\/2025\/04\/Copie-de-Ensenar-deleitando-86-2048x614.png 2048w\" sizes=\"auto, (max-width: 5760px) 100vw, 5760px\" \/><\/h3>\r\n<\/div>\r\n<\/div>\r\n<h3><span style=\"font-size: 14pt;\"><strong><span style=\"font-family: verdana, geneva, sans-serif;\">Erasmus + : L&rsquo;Europe se construit \u00e0 l&rsquo;\u00e9cole !<\/span><\/strong><\/span><\/h3>\r\n<span style=\"font-family: verdana, geneva, sans-serif;\"><span style=\"font-family: verdana, geneva, sans-serif;\">Les \u00e9changes scolaires entre \u00e9tablissements espagnols et azur\u00e9ens battent leur plein !\r\nD\u00e9couvrez par exemple les projets du <strong>coll\u00e8ge Matisse de Nice<\/strong>, du <strong>lyc\u00e9e Bonaparte de Toulon<\/strong>&nbsp;et du <strong>lyc\u00e9e Costebelle de Hy\u00e8res<\/strong>.\r\n<a href=\"https:\/\/www.pedagogie.ac-nice.fr\/espagnol\/erasmus-leurope-se-construit-a-lecole\/\">En savoir plus<\/a><\/span><\/span>\r\n\r\n&nbsp;\r\n\r\n<figure id=\"attachment_2484\" aria-describedby=\"caption-attachment-2484\" style=\"width: 1600px\" class=\"wp-caption alignnone\"><img loading=\"lazy\" decoding=\"async\" class=\"wp-image-2484 size-full\" src=\"https:\/\/www.pedagogie.ac-nice.fr\/espagnol\/wp-content\/uploads\/sites\/43\/2025\/04\/25-01-Erasmus.jpg\" alt=\"\" width=\"1600\" height=\"1200\" srcset=\"https:\/\/www.pedagogie.ac-nice.fr\/espagnol\/wp-content\/uploads\/sites\/43\/2025\/04\/25-01-Erasmus.jpg 1600w, https:\/\/www.pedagogie.ac-nice.fr\/espagnol\/wp-content\/uploads\/sites\/43\/2025\/04\/25-01-Erasmus-300x225.jpg 300w, https:\/\/www.pedagogie.ac-nice.fr\/espagnol\/wp-content\/uploads\/sites\/43\/2025\/04\/25-01-Erasmus-1024x768.jpg 1024w, https:\/\/www.pedagogie.ac-nice.fr\/espagnol\/wp-content\/uploads\/sites\/43\/2025\/04\/25-01-Erasmus-768x576.jpg 768w, https:\/\/www.pedagogie.ac-nice.fr\/espagnol\/wp-content\/uploads\/sites\/43\/2025\/04\/25-01-Erasmus-1536x1152.jpg 1536w\" sizes=\"auto, (max-width: 1600px) 100vw, 1600px\" \/><figcaption id=\"caption-attachment-2484\" class=\"wp-caption-text\"><span style=\"font-family: verdana, geneva, sans-serif; font-size: 10pt;\">\u00c9l\u00e8ves et professeurs du lyc\u00e9e Costebelle de Hy\u00e8res lors de leur mobilit\u00e9 \u00e0 San Javier (Murcia).<\/span><\/figcaption><\/figure>\r\n\r\n&nbsp;\r\n\r\n&nbsp;\r\n\r\n&nbsp;\r\n\r\n&nbsp;\r\n<h3>&nbsp;<\/h3>\r\n<h3><span style=\"font-family: verdana, geneva, sans-serif;\"><img loading=\"lazy\" decoding=\"async\" class=\"alignnone wp-image-1468 size-full\" src=\"https:\/\/www.pedagogie.ac-nice.fr\/espagnol\/wp-content\/uploads\/sites\/43\/2022\/11\/banniere-eduscol-1680x360-233-international-jpg-1966.jpeg\" alt=\"\" width=\"1680\" height=\"360\" srcset=\"https:\/\/www.pedagogie.ac-nice.fr\/espagnol\/wp-content\/uploads\/sites\/43\/2022\/11\/banniere-eduscol-1680x360-233-international-jpg-1966.jpeg 1680w, https:\/\/www.pedagogie.ac-nice.fr\/espagnol\/wp-content\/uploads\/sites\/43\/2022\/11\/banniere-eduscol-1680x360-233-international-jpg-1966-300x64.jpeg 300w, https:\/\/www.pedagogie.ac-nice.fr\/espagnol\/wp-content\/uploads\/sites\/43\/2022\/11\/banniere-eduscol-1680x360-233-international-jpg-1966-1024x219.jpeg 1024w, https:\/\/www.pedagogie.ac-nice.fr\/espagnol\/wp-content\/uploads\/sites\/43\/2022\/11\/banniere-eduscol-1680x360-233-international-jpg-1966-768x165.jpeg 768w, https:\/\/www.pedagogie.ac-nice.fr\/espagnol\/wp-content\/uploads\/sites\/43\/2022\/11\/banniere-eduscol-1680x360-233-international-jpg-1966-1536x329.jpeg 1536w\" sizes=\"auto, (max-width: 1680px) 100vw, 1680px\" \/>\r\n<\/span><\/h3>\r\n<h3><span style=\"font-size: 14pt;\"><strong><span style=\"font-family: verdana, geneva, sans-serif;\">Demandes de partenariats et \u00e9changes<\/span><\/strong><\/span><\/h3>\r\n<span style=\"font-family: verdana, geneva, sans-serif;\">Retrouvez les <a href=\"https:\/\/www.pedagogie.ac-nice.fr\/espagnol\/mobilites-et-echanges-de-poste\/\">propositions de partenariats<\/a> (<strong>mise \u00e0 jour : novembre 2025<\/strong>).<\/span>\r\n\r\n&nbsp;\r\n\r\n&nbsp;\r\n<blockquote>\r\n<p class=\"cvGsUA direction-ltr align-justify para-style-body\" style=\"padding-left: 40px;\"><span class=\"OYPEnA font-feature-liga-off font-feature-clig-off font-feature-calt-off text-decoration-none text-strikethrough-none\" style=\"color: #000000; font-family: verdana, geneva, sans-serif;\">Hisp@Nice, le site d&rsquo;espagnol de l&rsquo;acad\u00e9mie de Nice, c&rsquo;est votre site ! N&rsquo;h\u00e9sitez pas \u00e0 proposer vos ressources en partage (jerome.besse@ac-nice.fr).\r\n<\/span><span style=\"color: #000000; font-family: verdana, geneva, sans-serif;\"><span class=\"OYPEnA font-feature-liga-off font-feature-clig-off font-feature-calt-off text-decoration-none text-strikethrough-none\">Retrouvez plus de 50 s\u00e9quences dans la <\/span><a class=\"OYPEnA font-feature-liga-off font-feature-clig-off font-feature-calt-off text-decoration-underline text-strikethrough-none\" style=\"color: #000000;\" draggable=\"false\" href=\"https:\/\/www.pedagogie.ac-nice.fr\/espagnol\/enseignement-hybride-et-a-distance\/\" target=\"_blank\" rel=\"noopener\">rubrique \u00ab\u00a0Espace de mutualisation\u00a0\u00bb<\/a><span class=\"OYPEnA font-feature-liga-off font-feature-clig-off font-feature-calt-off text-decoration-none text-strikethrough-none\"> !\r\n<\/span><\/span><span style=\"color: #000000; font-family: verdana, geneva, sans-serif;\"><span class=\"OYPEnA font-feature-liga-off font-feature-clig-off font-feature-calt-off text-decoration-none text-strikethrough-none\">On \u00e9change, on mutualise, on s&rsquo;inspire (mais on n&rsquo;oublie pas de citer le travail des coll\u00e8gues lorsqu&rsquo;on r\u00e9utilise&#8230;).<\/span><\/span><\/p>\r\n<\/blockquote>\r\n<p style=\"padding-left: 40px;\">&nbsp;<\/p>\r\n&nbsp;\r\n\r\n&nbsp;\r\n\r\n<!-- \/wp:post-content -->","protected":false},"excerpt":{"rendered":"<p>Semaine des Langues 2026 Chaque ann\u00e9e, la Semaine des langues met \u00e0 l\u2019honneur le plurilinguisme et la diversit\u00e9 culturelle dans<\/p>\n","protected":false},"author":1,"featured_media":0,"parent":0,"menu_order":0,"comment_status":"closed","ping_status":"closed","template":"","meta":{"colormag_page_container_layout":"default_layout","colormag_page_sidebar_layout":"default_layout","ngg_post_thumbnail":0,"footnotes":""},"class_list":["post-2","page","type-page","status-publish","hentry"],"rttpg_featured_image_url":null,"rttpg_author":{"display_name":"norco","author_link":"https:\/\/www.pedagogie.ac-nice.fr\/espagnol\/author\/norco\/"},"rttpg_comment":0,"rttpg_category":null,"rttpg_excerpt":"Semaine des Langues 2026 Chaque ann\u00e9e, la Semaine des langues met \u00e0 l\u2019honneur le plurilinguisme et la diversit\u00e9 culturelle dans","post_mailing_queue_ids":[],"_links":{"self":[{"href":"https:\/\/www.pedagogie.ac-nice.fr\/espagnol\/wp-json\/wp\/v2\/pages\/2","targetHints":{"allow":["GET"]}}],"collection":[{"href":"https:\/\/www.pedagogie.ac-nice.fr\/espagnol\/wp-json\/wp\/v2\/pages"}],"about":[{"href":"https:\/\/www.pedagogie.ac-nice.fr\/espagnol\/wp-json\/wp\/v2\/types\/page"}],"author":[{"embeddable":true,"href":"https:\/\/www.pedagogie.ac-nice.fr\/espagnol\/wp-json\/wp\/v2\/users\/1"}],"replies":[{"embeddable":true,"href":"https:\/\/www.pedagogie.ac-nice.fr\/espagnol\/wp-json\/wp\/v2\/comments?post=2"}],"version-history":[{"count":439,"href":"https:\/\/www.pedagogie.ac-nice.fr\/espagnol\/wp-json\/wp\/v2\/pages\/2\/revisions"}],"predecessor-version":[{"id":2714,"href":"https:\/\/www.pedagogie.ac-nice.fr\/espagnol\/wp-json\/wp\/v2\/pages\/2\/revisions\/2714"}],"wp:attachment":[{"href":"https:\/\/www.pedagogie.ac-nice.fr\/espagnol\/wp-json\/wp\/v2\/media?parent=2"}],"curies":[{"name":"wp","href":"https:\/\/api.w.org\/{rel}","templated":true}]}}