{"id":296,"date":"2020-12-28T12:58:22","date_gmt":"2020-12-28T11:58:22","guid":{"rendered":"https:\/\/www.pedagogie.ac-nice.fr\/espagnol\/?page_id=296"},"modified":"2025-11-12T16:36:11","modified_gmt":"2025-11-12T15:36:11","slug":"mobilites-et-echanges-de-poste","status":"publish","type":"page","link":"https:\/\/www.pedagogie.ac-nice.fr\/espagnol\/mobilites-et-echanges-de-poste\/","title":{"rendered":"Mobilit\u00e9s, \u00e9changes de postes et appariements"},"content":{"rendered":"<p><img loading=\"lazy\" decoding=\"async\" class=\"alignnone wp-image-2281 size-full\" src=\"https:\/\/www.pedagogie.ac-nice.fr\/espagnol\/wp-content\/uploads\/sites\/43\/2025\/02\/Copie-de-Ensenar-deleitando-35.png\" alt=\"\" width=\"15840\" height=\"4752\" srcset=\"https:\/\/www.pedagogie.ac-nice.fr\/espagnol\/wp-content\/uploads\/sites\/43\/2025\/02\/Copie-de-Ensenar-deleitando-35.png 15840w, https:\/\/www.pedagogie.ac-nice.fr\/espagnol\/wp-content\/uploads\/sites\/43\/2025\/02\/Copie-de-Ensenar-deleitando-35-300x90.png 300w, https:\/\/www.pedagogie.ac-nice.fr\/espagnol\/wp-content\/uploads\/sites\/43\/2025\/02\/Copie-de-Ensenar-deleitando-35-1024x307.png 1024w, https:\/\/www.pedagogie.ac-nice.fr\/espagnol\/wp-content\/uploads\/sites\/43\/2025\/02\/Copie-de-Ensenar-deleitando-35-768x230.png 768w, https:\/\/www.pedagogie.ac-nice.fr\/espagnol\/wp-content\/uploads\/sites\/43\/2025\/02\/Copie-de-Ensenar-deleitando-35-1536x461.png 1536w, https:\/\/www.pedagogie.ac-nice.fr\/espagnol\/wp-content\/uploads\/sites\/43\/2025\/02\/Copie-de-Ensenar-deleitando-35-2048x614.png 2048w\" sizes=\"auto, (max-width: 15840px) 100vw, 15840px\" \/><\/p>\n<ul>\n<li><span style=\"font-family: verdana, geneva, sans-serif; font-size: 12pt;\"><strong><span class=\"contenu_titre_non_image\">Mobilit\u00e9 des enseignants et \u00e9changes de postes<\/span><\/strong><\/span><\/li>\n<\/ul>\n<p style=\"padding-left: 40px;\"><span style=\"font-family: verdana, geneva, sans-serif; font-size: 10pt;\"><strong><img loading=\"lazy\" decoding=\"async\" class=\"alignnone wp-image-1467\" src=\"https:\/\/www.pedagogie.ac-nice.fr\/espagnol\/wp-content\/uploads\/sites\/43\/2022\/11\/FEI-logo-Couleurs-Quadri-grand-300x169.jpeg\" alt=\"\" width=\"145\" height=\"82\" srcset=\"https:\/\/www.pedagogie.ac-nice.fr\/espagnol\/wp-content\/uploads\/sites\/43\/2022\/11\/FEI-logo-Couleurs-Quadri-grand-300x169.jpeg 300w, https:\/\/www.pedagogie.ac-nice.fr\/espagnol\/wp-content\/uploads\/sites\/43\/2022\/11\/FEI-logo-Couleurs-Quadri-grand-1024x575.jpeg 1024w, https:\/\/www.pedagogie.ac-nice.fr\/espagnol\/wp-content\/uploads\/sites\/43\/2022\/11\/FEI-logo-Couleurs-Quadri-grand-768x431.jpeg 768w, https:\/\/www.pedagogie.ac-nice.fr\/espagnol\/wp-content\/uploads\/sites\/43\/2022\/11\/FEI-logo-Couleurs-Quadri-grand-800x445.jpeg 800w, https:\/\/www.pedagogie.ac-nice.fr\/espagnol\/wp-content\/uploads\/sites\/43\/2022\/11\/FEI-logo-Couleurs-Quadri-grand.jpeg 1200w\" sizes=\"auto, (max-width: 145px) 100vw, 145px\" \/><br \/>\nStages, \u00e9changes poste pour poste, s\u00e9jours, s\u00e9minaires, formations<\/strong>,&#8230; D\u00e9couvrez toutes les mobilit\u00e9s pour les enseignants du 1er et 2nd degr\u00e9 et les personnels administratifs.&nbsp;Les mobilit\u00e9s sont pour les personnels l&rsquo;occasion de comparer, de se former, de vivre des exp\u00e9riences riches et de faire \u00e9voluer les pratiques au service des apprentissages des \u00e9l\u00e8ves.&nbsp;<strong>N&rsquo;attendez plus : lancez-vous !<br \/>\n<\/strong><\/span><\/p>\n<p style=\"padding-left: 40px;\"><span style=\"font-family: verdana, geneva, sans-serif; font-size: 10pt;\">Pour toute information compl\u00e9mentaire,<\/span> <span style=\"font-family: verdana, geneva, sans-serif; font-size: 10pt;\"><strong><a href=\"https:\/\/www.ac-nice.fr\/les-missions-de-la-direction-regionale-academique-des-relations-europeennes-internationales-et-de-la-123115\">Consultez le site de la DRAREIC<\/a><\/strong><\/span><\/p>\n<p>&nbsp;<\/p>\n<ul>\n<li><strong><span style=\"font-family: verdana, geneva, sans-serif;\">Propositions d&rsquo;appariements \/ recherches de partenariat<br \/>\n<\/span><\/strong><span style=\"font-family: verdana, geneva, sans-serif; font-size: 10pt;\">[Cette liste est r\u00e9guli\u00e8rement mise \u00e0 jour. Derni\u00e8re mise \u00e0 jour : 12\/11\/2025.]<\/span><\/li>\n<\/ul>\n<p style=\"padding-left: 40px;\"><span style=\"font-family: verdana, geneva, sans-serif; font-size: 10pt;\"><img loading=\"lazy\" decoding=\"async\" class=\"alignnone wp-image-1468 size-full\" src=\"https:\/\/www.pedagogie.ac-nice.fr\/espagnol\/wp-content\/uploads\/sites\/43\/2022\/11\/banniere-eduscol-1680x360-233-international-jpg-1966.jpeg\" alt=\"\" width=\"1680\" height=\"360\" srcset=\"https:\/\/www.pedagogie.ac-nice.fr\/espagnol\/wp-content\/uploads\/sites\/43\/2022\/11\/banniere-eduscol-1680x360-233-international-jpg-1966.jpeg 1680w, https:\/\/www.pedagogie.ac-nice.fr\/espagnol\/wp-content\/uploads\/sites\/43\/2022\/11\/banniere-eduscol-1680x360-233-international-jpg-1966-300x64.jpeg 300w, https:\/\/www.pedagogie.ac-nice.fr\/espagnol\/wp-content\/uploads\/sites\/43\/2022\/11\/banniere-eduscol-1680x360-233-international-jpg-1966-1024x219.jpeg 1024w, https:\/\/www.pedagogie.ac-nice.fr\/espagnol\/wp-content\/uploads\/sites\/43\/2022\/11\/banniere-eduscol-1680x360-233-international-jpg-1966-768x165.jpeg 768w, https:\/\/www.pedagogie.ac-nice.fr\/espagnol\/wp-content\/uploads\/sites\/43\/2022\/11\/banniere-eduscol-1680x360-233-international-jpg-1966-1536x329.jpeg 1536w\" sizes=\"auto, (max-width: 1680px) 100vw, 1680px\" \/><\/span><\/p>\n<p style=\"padding-left: 40px;\"><span style=\"font-family: verdana, geneva, sans-serif; font-size: 10pt;\">&#8211; <\/span><a style=\"font-family: verdana, geneva, sans-serif; font-size: 10pt;\" href=\"https:\/\/www.pedagogie.ac-nice.fr\/espagnol\/wp-content\/uploads\/sites\/43\/2022\/11\/ET_Formulaire-recherche-de-partenaire_IES-El-Batan-1.odt\">IES El Bat\u00e1n, Las Palmas de Grand Canaria<\/a><span style=\"font-family: verdana, geneva, sans-serif; font-size: 10pt;\">&nbsp;<br \/>\n<\/span><span style=\"font-family: verdana, geneva, sans-serif; font-size: 10pt;\">&#8211; <a href=\"https:\/\/www.pedagogie.ac-nice.fr\/espagnol\/wp-content\/uploads\/sites\/43\/2022\/11\/dde-partenariat-sin-pref-2.pdf\">Colegio Villa de Gri\u00f1\u00f3n, Gri\u00f1\u00f3n (Madrid)<\/a><\/span><br \/>\n<span style=\"font-family: verdana, geneva, sans-serif; font-size: 10pt;\">&#8211; <a href=\"https:\/\/www.pedagogie.ac-nice.fr\/espagnol\/wp-content\/uploads\/sites\/43\/2022\/11\/Instituto-publico-de-Beasain_PaisVasco.docx\">Instituto P\u00fablico de Beasain, Pa\u00eds Vasco\/Euskadi<\/a><\/span><br \/>\n<span style=\"font-family: verdana, geneva, sans-serif; font-size: 10pt;\"><span style=\"font-family: verdana, geneva, sans-serif; font-size: 10pt;\">&#8211; <a href=\"https:\/\/www.pedagogie.ac-nice.fr\/espagnol\/wp-content\/uploads\/sites\/43\/2022\/11\/ET_Formulaire-recherche-de-partenaire_completeEscolaLondresBarcelona.docx\">Institut Escola Londres, Barcelona<\/a><\/span><\/span>&nbsp;&nbsp;<br \/>\n<span style=\"font-family: verdana, geneva, sans-serif; font-size: 10pt;\">&#8211; <a href=\"https:\/\/www.pedagogie.ac-nice.fr\/espagnol\/wp-content\/uploads\/sites\/43\/2024\/09\/Giner-de-Los-Rios.pdf\">Instituto Giner de los R\u00edos, Lisboa<\/a>&nbsp; <span style=\"color: #ff0000;\"><strong>\u00a1Nuevo!<br \/>\n<\/strong><span style=\"color: #000000;\">&#8211; <a href=\"https:\/\/www.pedagogie.ac-nice.fr\/espagnol\/wp-content\/uploads\/sites\/43\/2024\/10\/CEIP-FELIX-RODRIGUEZ-DE-LA-FUENTE_MURCIA.pdf\">CEIP F\u00e9lix Rodr\u00edguez de la Fuente, Cartagena<\/a>&nbsp; <span style=\"color: #ff0000;\"><strong>\u00a1Nuevo!<br \/>\n<\/strong><span style=\"color: #000000;\">&#8211; <a href=\"https:\/\/www.pedagogie.ac-nice.fr\/espagnol\/wp-content\/uploads\/sites\/43\/2024\/11\/IES-Beatriz-Galindo_Madrid.pdf\">IES Beatriz Galindo, Madrid<\/a>&nbsp; <span style=\"color: #ff0000;\"><strong>\u00a1Nuevo!<br \/>\n<\/strong><span style=\"color: #000000;\">&#8211; <a href=\"https:\/\/www.pedagogie.ac-nice.fr\/espagnol\/wp-content\/uploads\/sites\/43\/2025\/06\/LYC-Los-Olmos_CLG.pdf\">Colegio Los Olmos, Albacete<\/a> (Castilla La Mancha)&nbsp; <span style=\"color: #ff0000;\"><strong>\u00a1Nuevo!<br \/>\n<\/strong><span style=\"color: #000000;\">&#8211; <a href=\"https:\/\/www.pedagogie.ac-nice.fr\/espagnol\/wp-content\/uploads\/sites\/43\/2025\/06\/LYC-Los-Olmos_LYC.pdf\">Instituto Los Olmos, Albacete<\/a> (Castilla La Mancha)&nbsp; <strong><span style=\"color: #ff0000;\">\u00a1Nuevo!<br \/>\n<\/span><\/strong>&#8211; <a href=\"https:\/\/www.pedagogie.ac-nice.fr\/espagnol\/wp-content\/uploads\/sites\/43\/2025\/09\/INSTITUTO-DE-ENSENANZA-SECUNDARIA-SALVADOR-SANDOVAL_Murcia.pdf\">Instituto secundaria Salvador Sandoval, Murcia<\/a> (Murcia)&nbsp; <span style=\"color: #ff0000;\"><strong>\u00a1Nuevo!<br \/>\n<\/strong><span style=\"color: #000000;\">&#8211; <a href=\"https:\/\/www.pedagogie.ac-nice.fr\/espagnol\/wp-content\/uploads\/sites\/43\/2025\/11\/IES-NARCIS-MONTURIOL.pdf\">IES NARC\u00cdS MONTURIOL<\/a>, Parla (Comunidad de Madrid) <strong><span style=\"color: #ff0000;\">\u00a1Nuevo!<\/span><\/strong><\/span><\/span><\/span><\/span><\/span><\/span><\/span><\/span><\/span><\/span><\/span><\/p>\n<p>&nbsp;<\/p>\n","protected":false},"excerpt":{"rendered":"<p>Mobilit\u00e9 des enseignants et \u00e9changes de postes Stages, \u00e9changes poste pour poste, s\u00e9jours, s\u00e9minaires, formations,&#8230; D\u00e9couvrez toutes les mobilit\u00e9s pour<\/p>\n","protected":false},"author":278,"featured_media":0,"parent":0,"menu_order":0,"comment_status":"closed","ping_status":"closed","template":"","meta":{"colormag_page_container_layout":"default_layout","colormag_page_sidebar_layout":"default_layout","ngg_post_thumbnail":0,"footnotes":""},"class_list":["post-296","page","type-page","status-publish","hentry"],"rttpg_featured_image_url":null,"rttpg_author":{"display_name":"jeromebesse","author_link":"https:\/\/www.pedagogie.ac-nice.fr\/espagnol\/author\/jeromebesse\/"},"rttpg_comment":0,"rttpg_category":null,"rttpg_excerpt":"Mobilit\u00e9 des enseignants et \u00e9changes de postes Stages, \u00e9changes poste pour poste, s\u00e9jours, s\u00e9minaires, formations,&#8230; D\u00e9couvrez toutes les mobilit\u00e9s pour","post_mailing_queue_ids":[],"_links":{"self":[{"href":"https:\/\/www.pedagogie.ac-nice.fr\/espagnol\/wp-json\/wp\/v2\/pages\/296","targetHints":{"allow":["GET"]}}],"collection":[{"href":"https:\/\/www.pedagogie.ac-nice.fr\/espagnol\/wp-json\/wp\/v2\/pages"}],"about":[{"href":"https:\/\/www.pedagogie.ac-nice.fr\/espagnol\/wp-json\/wp\/v2\/types\/page"}],"author":[{"embeddable":true,"href":"https:\/\/www.pedagogie.ac-nice.fr\/espagnol\/wp-json\/wp\/v2\/users\/278"}],"replies":[{"embeddable":true,"href":"https:\/\/www.pedagogie.ac-nice.fr\/espagnol\/wp-json\/wp\/v2\/comments?post=296"}],"version-history":[{"count":24,"href":"https:\/\/www.pedagogie.ac-nice.fr\/espagnol\/wp-json\/wp\/v2\/pages\/296\/revisions"}],"predecessor-version":[{"id":2727,"href":"https:\/\/www.pedagogie.ac-nice.fr\/espagnol\/wp-json\/wp\/v2\/pages\/296\/revisions\/2727"}],"wp:attachment":[{"href":"https:\/\/www.pedagogie.ac-nice.fr\/espagnol\/wp-json\/wp\/v2\/media?parent=296"}],"curies":[{"name":"wp","href":"https:\/\/api.w.org\/{rel}","templated":true}]}}

Mobilités, échanges de postes et appariements

<p><img loading="lazy" decoding="async" class="alignnone wp-image-2281 size-full" src="https://www.pedagogie.ac-nice.fr/espagnol/wp-content/uploads/sites/43/2025/02/Copie-de-Ensenar-deleitando-35.png" alt="" width="15840" height="4752" srcset="https://www.pedagogie.ac-nice.fr/espagnol/wp-content/uploads/sites/43/2025/02/Copie-de-Ensenar-deleitando-35.png 15840w, https://www.pedagogie.ac-nice.fr/espagnol/wp-content/uploads/sites/43/2025/02/Copie-de-Ensenar-deleitando-35-300x90.png 300w, https://www.pedagogie.ac-nice.fr/espagnol/wp-content/uploads/sites/43/2025/02/Copie-de-Ensenar-deleitando-35-1024x307.png 1024w, https://www.pedagogie.ac-nice.fr/espagnol/wp-content/uploads/sites/43/2025/02/Copie-de-Ensenar-deleitando-35-768x230.png 768w, https://www.pedagogie.ac-nice.fr/espagnol/wp-content/uploads/sites/43/2025/02/Copie-de-Ensenar-deleitando-35-1536x461.png 1536w, https://www.pedagogie.ac-nice.fr/espagnol/wp-content/uploads/sites/43/2025/02/Copie-de-Ensenar-deleitando-35-2048x614.png 2048w" sizes="auto, (max-width: 15840px) 100vw, 15840px" /></p>
<ul>
<li><span style="font-family: verdana, geneva, sans-serif; font-size: 12pt;"><strong><span class="contenu_titre_non_image">Mobilité des enseignants et échanges de postes</span></strong></span></li>
</ul>
<p style="padding-left: 40px;"><span style="font-family: verdana, geneva, sans-serif; font-size: 10pt;"><strong><img loading="lazy" decoding="async" class="alignnone wp-image-1467" src="https://www.pedagogie.ac-nice.fr/espagnol/wp-content/uploads/sites/43/2022/11/FEI-logo-Couleurs-Quadri-grand-300x169.jpeg" alt="" width="145" height="82" srcset="https://www.pedagogie.ac-nice.fr/espagnol/wp-content/uploads/sites/43/2022/11/FEI-logo-Couleurs-Quadri-grand-300x169.jpeg 300w, https://www.pedagogie.ac-nice.fr/espagnol/wp-content/uploads/sites/43/2022/11/FEI-logo-Couleurs-Quadri-grand-1024x575.jpeg 1024w, https://www.pedagogie.ac-nice.fr/espagnol/wp-content/uploads/sites/43/2022/11/FEI-logo-Couleurs-Quadri-grand-768x431.jpeg 768w, https://www.pedagogie.ac-nice.fr/espagnol/wp-content/uploads/sites/43/2022/11/FEI-logo-Couleurs-Quadri-grand-800x445.jpeg 800w, https://www.pedagogie.ac-nice.fr/espagnol/wp-content/uploads/sites/43/2022/11/FEI-logo-Couleurs-Quadri-grand.jpeg 1200w" sizes="auto, (max-width: 145px) 100vw, 145px" /><br />
Stages, échanges poste pour poste, séjours, séminaires, formations</strong>,&#8230; Découvrez toutes les mobilités pour les enseignants du 1er et 2nd degré et les personnels administratifs.&nbsp;Les mobilités sont pour les personnels l&rsquo;occasion de comparer, de se former, de vivre des expériences riches et de faire évoluer les pratiques au service des apprentissages des élèves.&nbsp;<strong>N&rsquo;attendez plus : lancez-vous !<br />
</strong></span></p>
<p style="padding-left: 40px;"><span style="font-family: verdana, geneva, sans-serif; font-size: 10pt;">Pour toute information complémentaire,</span> <span style="font-family: verdana, geneva, sans-serif; font-size: 10pt;"><strong><a href="https://www.ac-nice.fr/les-missions-de-la-direction-regionale-academique-des-relations-europeennes-internationales-et-de-la-123115">Consultez le site de la DRAREIC</a></strong></span></p>
<p>&nbsp;</p>
<ul>
<li><strong><span style="font-family: verdana, geneva, sans-serif;">Propositions d&rsquo;appariements / recherches de partenariat<br />
</span></strong><span style="font-family: verdana, geneva, sans-serif; font-size: 10pt;">[Cette liste est régulièrement mise à jour. Dernière mise à jour : 12/11/2025.]</span></li>
</ul>
<p style="padding-left: 40px;"><span style="font-family: verdana, geneva, sans-serif; font-size: 10pt;"><img loading="lazy" decoding="async" class="alignnone wp-image-1468 size-full" src="https://www.pedagogie.ac-nice.fr/espagnol/wp-content/uploads/sites/43/2022/11/banniere-eduscol-1680x360-233-international-jpg-1966.jpeg" alt="" width="1680" height="360" srcset="https://www.pedagogie.ac-nice.fr/espagnol/wp-content/uploads/sites/43/2022/11/banniere-eduscol-1680x360-233-international-jpg-1966.jpeg 1680w, https://www.pedagogie.ac-nice.fr/espagnol/wp-content/uploads/sites/43/2022/11/banniere-eduscol-1680x360-233-international-jpg-1966-300x64.jpeg 300w, https://www.pedagogie.ac-nice.fr/espagnol/wp-content/uploads/sites/43/2022/11/banniere-eduscol-1680x360-233-international-jpg-1966-1024x219.jpeg 1024w, https://www.pedagogie.ac-nice.fr/espagnol/wp-content/uploads/sites/43/2022/11/banniere-eduscol-1680x360-233-international-jpg-1966-768x165.jpeg 768w, https://www.pedagogie.ac-nice.fr/espagnol/wp-content/uploads/sites/43/2022/11/banniere-eduscol-1680x360-233-international-jpg-1966-1536x329.jpeg 1536w" sizes="auto, (max-width: 1680px) 100vw, 1680px" /></span></p>
<p style="padding-left: 40px;"><span style="font-family: verdana, geneva, sans-serif; font-size: 10pt;">&#8211; </span><a style="font-family: verdana, geneva, sans-serif; font-size: 10pt;" href="https://www.pedagogie.ac-nice.fr/espagnol/wp-content/uploads/sites/43/2022/11/ET_Formulaire-recherche-de-partenaire_IES-El-Batan-1.odt">IES El Batán, Las Palmas de Grand Canaria</a><span style="font-family: verdana, geneva, sans-serif; font-size: 10pt;">&nbsp;<br />
</span><span style="font-family: verdana, geneva, sans-serif; font-size: 10pt;">&#8211; <a href="https://www.pedagogie.ac-nice.fr/espagnol/wp-content/uploads/sites/43/2022/11/dde-partenariat-sin-pref-2.pdf">Colegio Villa de Griñón, Griñón (Madrid)</a></span><br />
<span style="font-family: verdana, geneva, sans-serif; font-size: 10pt;">&#8211; <a href="https://www.pedagogie.ac-nice.fr/espagnol/wp-content/uploads/sites/43/2022/11/Instituto-publico-de-Beasain_PaisVasco.docx">Instituto Público de Beasain, País Vasco/Euskadi</a></span><br />
<span style="font-family: verdana, geneva, sans-serif; font-size: 10pt;"><span style="font-family: verdana, geneva, sans-serif; font-size: 10pt;">&#8211; <a href="https://www.pedagogie.ac-nice.fr/espagnol/wp-content/uploads/sites/43/2022/11/ET_Formulaire-recherche-de-partenaire_completeEscolaLondresBarcelona.docx">Institut Escola Londres, Barcelona</a></span></span>&nbsp;&nbsp;<br />
<span style="font-family: verdana, geneva, sans-serif; font-size: 10pt;">&#8211; <a href="https://www.pedagogie.ac-nice.fr/espagnol/wp-content/uploads/sites/43/2024/09/Giner-de-Los-Rios.pdf">Instituto Giner de los Ríos, Lisboa</a>&nbsp; <span style="color: #ff0000;"><strong>¡Nuevo!<br />
</strong><span style="color: #000000;">&#8211; <a href="https://www.pedagogie.ac-nice.fr/espagnol/wp-content/uploads/sites/43/2024/10/CEIP-FELIX-RODRIGUEZ-DE-LA-FUENTE_MURCIA.pdf">CEIP Félix Rodríguez de la Fuente, Cartagena</a>&nbsp; <span style="color: #ff0000;"><strong>¡Nuevo!<br />
</strong><span style="color: #000000;">&#8211; <a href="https://www.pedagogie.ac-nice.fr/espagnol/wp-content/uploads/sites/43/2024/11/IES-Beatriz-Galindo_Madrid.pdf">IES Beatriz Galindo, Madrid</a>&nbsp; <span style="color: #ff0000;"><strong>¡Nuevo!<br />
</strong><span style="color: #000000;">&#8211; <a href="https://www.pedagogie.ac-nice.fr/espagnol/wp-content/uploads/sites/43/2025/06/LYC-Los-Olmos_CLG.pdf">Colegio Los Olmos, Albacete</a> (Castilla La Mancha)&nbsp; <span style="color: #ff0000;"><strong>¡Nuevo!<br />
</strong><span style="color: #000000;">&#8211; <a href="https://www.pedagogie.ac-nice.fr/espagnol/wp-content/uploads/sites/43/2025/06/LYC-Los-Olmos_LYC.pdf">Instituto Los Olmos, Albacete</a> (Castilla La Mancha)&nbsp; <strong><span style="color: #ff0000;">¡Nuevo!<br />
</span></strong>&#8211; <a href="https://www.pedagogie.ac-nice.fr/espagnol/wp-content/uploads/sites/43/2025/09/INSTITUTO-DE-ENSENANZA-SECUNDARIA-SALVADOR-SANDOVAL_Murcia.pdf">Instituto secundaria Salvador Sandoval, Murcia</a> (Murcia)&nbsp; <span style="color: #ff0000;"><strong>¡Nuevo!<br />
</strong><span style="color: #000000;">&#8211; <a href="https://www.pedagogie.ac-nice.fr/espagnol/wp-content/uploads/sites/43/2025/11/IES-NARCIS-MONTURIOL.pdf">IES NARCÍS MONTURIOL</a>, Parla (Comunidad de Madrid) <strong><span style="color: #ff0000;">¡Nuevo!</span></strong></span></span></span></span></span></span></span></span></span></span></span></p>
<p>&nbsp;</p>

<p>Mobilité des enseignants et échanges de postes Stages, échanges poste pour poste, séjours, séminaires, formations,&#8230; Découvrez toutes les mobilités pour</p>

Mobilité des enseignants et échanges de postes Stages, échanges poste pour poste, séjours, séminaires, formations,&#8230; Découvrez toutes les mobilités pour
