{"id":326,"date":"2020-12-30T12:11:51","date_gmt":"2020-12-30T11:11:51","guid":{"rendered":"https:\/\/www.pedagogie.ac-nice.fr\/espagnol\/?page_id=326"},"modified":"2025-02-04T15:57:16","modified_gmt":"2025-02-04T14:57:16","slug":"cecrl","status":"publish","type":"page","link":"https:\/\/www.pedagogie.ac-nice.fr\/espagnol\/textes-et-rapports-officiels\/cecrl\/","title":{"rendered":"CECRL"},"content":{"rendered":"<p><span style=\"font-family: verdana, geneva, sans-serif; font-size: 12pt;\"><strong><img loading=\"lazy\" decoding=\"async\" class=\"alignnone wp-image-2303 size-full\" src=\"https:\/\/www.pedagogie.ac-nice.fr\/espagnol\/wp-content\/uploads\/sites\/43\/2025\/02\/Copie-de-Ensenar-deleitando-44.png\" alt=\"\" width=\"15840\" height=\"4752\" srcset=\"https:\/\/www.pedagogie.ac-nice.fr\/espagnol\/wp-content\/uploads\/sites\/43\/2025\/02\/Copie-de-Ensenar-deleitando-44.png 15840w, https:\/\/www.pedagogie.ac-nice.fr\/espagnol\/wp-content\/uploads\/sites\/43\/2025\/02\/Copie-de-Ensenar-deleitando-44-300x90.png 300w, https:\/\/www.pedagogie.ac-nice.fr\/espagnol\/wp-content\/uploads\/sites\/43\/2025\/02\/Copie-de-Ensenar-deleitando-44-1024x307.png 1024w, https:\/\/www.pedagogie.ac-nice.fr\/espagnol\/wp-content\/uploads\/sites\/43\/2025\/02\/Copie-de-Ensenar-deleitando-44-768x230.png 768w, https:\/\/www.pedagogie.ac-nice.fr\/espagnol\/wp-content\/uploads\/sites\/43\/2025\/02\/Copie-de-Ensenar-deleitando-44-1536x461.png 1536w, https:\/\/www.pedagogie.ac-nice.fr\/espagnol\/wp-content\/uploads\/sites\/43\/2025\/02\/Copie-de-Ensenar-deleitando-44-2048x614.png 2048w\" sizes=\"auto, (max-width: 15840px) 100vw, 15840px\" \/><br \/>\nLe CECRL<\/strong>&nbsp;<strong>:<\/strong> une base europ\u00e9enne pour l&rsquo;enseignement des langues<br \/>\n<\/span><br \/>\n<span style=\"font-family: verdana, geneva, sans-serif; font-size: 10pt;\">Le Cadre europ\u00e9en commun de r\u00e9f\u00e9rence pour les langues (CECRL) est le fruit de plusieurs ann\u00e9es de recherche linguistique men\u00e9e par des experts des Etats membres du Conseil de l&rsquo;Europe. Publi\u00e9 en&nbsp;<strong>2001<\/strong>, il constitue&nbsp;<strong>une approche totalement nouvelle qui a pour but de repenser les objectifs et les m\u00e9thodes d&rsquo;enseignement des langues<\/strong>&nbsp;et, surtout,&nbsp;<strong>il fournit une base commune pour la conception de programmes, de dipl\u00f4mes et de certificats<\/strong>. En ce sens, il est susceptible de&nbsp;<strong>favoriser la mobilit\u00e9 \u00e9ducative et professionnelle<\/strong>.<\/span><br \/>\n<span style=\"font-family: verdana, geneva, sans-serif;\"><span style=\"font-family: verdana, geneva, sans-serif;\"><span style=\"font-size: 10pt;\"><strong><a href=\"https:\/\/www.pedagogie.ac-nice.fr\/espagnol\/cecrl\/\">Consultez le CECRL<\/a><\/strong>&nbsp;<\/span><\/span><\/span>&nbsp;<span style=\"font-family: verdana, geneva, sans-serif;\"><span style=\"font-size: 10pt;\">En&nbsp;<strong>2018<\/strong>, un&nbsp;<strong>volume compl\u00e9mentaire<\/strong>&nbsp;avec de&nbsp;<strong>nouveaux descripteurs<\/strong> a \u00e9t\u00e9 publi\u00e9.<\/span><\/span><br \/>\n<span style=\"font-family: verdana, geneva, sans-serif;\"><span style=\"font-size: 10pt;\"><strong><a href=\"https:\/\/www.pedagogie.ac-nice.fr\/espagnol\/wp-content\/uploads\/sites\/43\/2020\/12\/CECR-VOLUME_COMPLEMENTAIRE-NOUVEAUX-DESCRIPTEURS.pdf\">Consultez le volume compl\u00e9mentaire<\/a><\/strong><\/span>&nbsp;<\/span><\/p>\n","protected":false},"excerpt":{"rendered":"<p>Le CECRL&nbsp;: une base europ\u00e9enne pour l&rsquo;enseignement des langues Le Cadre europ\u00e9en commun de r\u00e9f\u00e9rence pour les langues (CECRL) est<\/p>\n","protected":false},"author":278,"featured_media":0,"parent":209,"menu_order":0,"comment_status":"closed","ping_status":"closed","template":"","meta":{"colormag_page_container_layout":"default_layout","colormag_page_sidebar_layout":"default_layout","ngg_post_thumbnail":0,"footnotes":""},"class_list":["post-326","page","type-page","status-publish","hentry"],"rttpg_featured_image_url":null,"rttpg_author":{"display_name":"jeromebesse","author_link":"https:\/\/www.pedagogie.ac-nice.fr\/espagnol\/author\/jeromebesse\/"},"rttpg_comment":0,"rttpg_category":null,"rttpg_excerpt":"Le CECRL&nbsp;: une base europ\u00e9enne pour l&rsquo;enseignement des langues Le Cadre europ\u00e9en commun de r\u00e9f\u00e9rence pour les langues (CECRL) est","post_mailing_queue_ids":[],"_links":{"self":[{"href":"https:\/\/www.pedagogie.ac-nice.fr\/espagnol\/wp-json\/wp\/v2\/pages\/326","targetHints":{"allow":["GET"]}}],"collection":[{"href":"https:\/\/www.pedagogie.ac-nice.fr\/espagnol\/wp-json\/wp\/v2\/pages"}],"about":[{"href":"https:\/\/www.pedagogie.ac-nice.fr\/espagnol\/wp-json\/wp\/v2\/types\/page"}],"author":[{"embeddable":true,"href":"https:\/\/www.pedagogie.ac-nice.fr\/espagnol\/wp-json\/wp\/v2\/users\/278"}],"replies":[{"embeddable":true,"href":"https:\/\/www.pedagogie.ac-nice.fr\/espagnol\/wp-json\/wp\/v2\/comments?post=326"}],"version-history":[{"count":8,"href":"https:\/\/www.pedagogie.ac-nice.fr\/espagnol\/wp-json\/wp\/v2\/pages\/326\/revisions"}],"predecessor-version":[{"id":2305,"href":"https:\/\/www.pedagogie.ac-nice.fr\/espagnol\/wp-json\/wp\/v2\/pages\/326\/revisions\/2305"}],"up":[{"embeddable":true,"href":"https:\/\/www.pedagogie.ac-nice.fr\/espagnol\/wp-json\/wp\/v2\/pages\/209"}],"wp:attachment":[{"href":"https:\/\/www.pedagogie.ac-nice.fr\/espagnol\/wp-json\/wp\/v2\/media?parent=326"}],"curies":[{"name":"wp","href":"https:\/\/api.w.org\/{rel}","templated":true}]}}

<p><span style="font-family: verdana, geneva, sans-serif; font-size: 12pt;"><strong><img loading="lazy" decoding="async" class="alignnone wp-image-2303 size-full" src="https://www.pedagogie.ac-nice.fr/espagnol/wp-content/uploads/sites/43/2025/02/Copie-de-Ensenar-deleitando-44.png" alt="" width="15840" height="4752" srcset="https://www.pedagogie.ac-nice.fr/espagnol/wp-content/uploads/sites/43/2025/02/Copie-de-Ensenar-deleitando-44.png 15840w, https://www.pedagogie.ac-nice.fr/espagnol/wp-content/uploads/sites/43/2025/02/Copie-de-Ensenar-deleitando-44-300x90.png 300w, https://www.pedagogie.ac-nice.fr/espagnol/wp-content/uploads/sites/43/2025/02/Copie-de-Ensenar-deleitando-44-1024x307.png 1024w, https://www.pedagogie.ac-nice.fr/espagnol/wp-content/uploads/sites/43/2025/02/Copie-de-Ensenar-deleitando-44-768x230.png 768w, https://www.pedagogie.ac-nice.fr/espagnol/wp-content/uploads/sites/43/2025/02/Copie-de-Ensenar-deleitando-44-1536x461.png 1536w, https://www.pedagogie.ac-nice.fr/espagnol/wp-content/uploads/sites/43/2025/02/Copie-de-Ensenar-deleitando-44-2048x614.png 2048w" sizes="auto, (max-width: 15840px) 100vw, 15840px" /><br />
Le CECRL</strong>&nbsp;<strong>:</strong> une base européenne pour l&rsquo;enseignement des langues<br />
</span><br />
<span style="font-family: verdana, geneva, sans-serif; font-size: 10pt;">Le Cadre européen commun de référence pour les langues (CECRL) est le fruit de plusieurs années de recherche linguistique menée par des experts des Etats membres du Conseil de l&rsquo;Europe. Publié en&nbsp;<strong>2001</strong>, il constitue&nbsp;<strong>une approche totalement nouvelle qui a pour but de repenser les objectifs et les méthodes d&rsquo;enseignement des langues</strong>&nbsp;et, surtout,&nbsp;<strong>il fournit une base commune pour la conception de programmes, de diplômes et de certificats</strong>. En ce sens, il est susceptible de&nbsp;<strong>favoriser la mobilité éducative et professionnelle</strong>.</span><br />
<span style="font-family: verdana, geneva, sans-serif;"><span style="font-family: verdana, geneva, sans-serif;"><span style="font-size: 10pt;"><strong><a href="https://www.pedagogie.ac-nice.fr/espagnol/cecrl/">Consultez le CECRL</a></strong>&nbsp;</span></span></span>&nbsp;<span style="font-family: verdana, geneva, sans-serif;"><span style="font-size: 10pt;">En&nbsp;<strong>2018</strong>, un&nbsp;<strong>volume complémentaire</strong>&nbsp;avec de&nbsp;<strong>nouveaux descripteurs</strong> a été publié.</span></span><br />
<span style="font-family: verdana, geneva, sans-serif;"><span style="font-size: 10pt;"><strong><a href="https://www.pedagogie.ac-nice.fr/espagnol/wp-content/uploads/sites/43/2020/12/CECR-VOLUME_COMPLEMENTAIRE-NOUVEAUX-DESCRIPTEURS.pdf">Consultez le volume complémentaire</a></strong></span>&nbsp;</span></p>

<p>Le CECRL&nbsp;: une base européenne pour l&rsquo;enseignement des langues Le Cadre européen commun de référence pour les langues (CECRL) est</p>

Le CECRL&nbsp;: une base européenne pour l&rsquo;enseignement des langues Le Cadre européen commun de référence pour les langues (CECRL) est
