{"id":516,"date":"2020-12-31T11:00:37","date_gmt":"2020-12-31T10:00:37","guid":{"rendered":"https:\/\/www.pedagogie.ac-nice.fr\/espagnol\/?page_id=516"},"modified":"2025-02-04T15:49:42","modified_gmt":"2025-02-04T14:49:42","slug":"ressources-pour-le-cinema","status":"publish","type":"page","link":"https:\/\/www.pedagogie.ac-nice.fr\/espagnol\/ressources-pedagogiques\/ressources-pour-le-cinema\/","title":{"rendered":"Ressources pour le cin\u00e9ma"},"content":{"rendered":"<p><img loading=\"lazy\" decoding=\"async\" class=\"alignnone wp-image-2295 size-full\" src=\"https:\/\/www.pedagogie.ac-nice.fr\/espagnol\/wp-content\/uploads\/sites\/43\/2025\/02\/Copie-de-Ensenar-deleitando-40.png\" alt=\"\" width=\"15840\" height=\"4752\" srcset=\"https:\/\/www.pedagogie.ac-nice.fr\/espagnol\/wp-content\/uploads\/sites\/43\/2025\/02\/Copie-de-Ensenar-deleitando-40.png 15840w, https:\/\/www.pedagogie.ac-nice.fr\/espagnol\/wp-content\/uploads\/sites\/43\/2025\/02\/Copie-de-Ensenar-deleitando-40-300x90.png 300w, https:\/\/www.pedagogie.ac-nice.fr\/espagnol\/wp-content\/uploads\/sites\/43\/2025\/02\/Copie-de-Ensenar-deleitando-40-1024x307.png 1024w, https:\/\/www.pedagogie.ac-nice.fr\/espagnol\/wp-content\/uploads\/sites\/43\/2025\/02\/Copie-de-Ensenar-deleitando-40-768x230.png 768w, https:\/\/www.pedagogie.ac-nice.fr\/espagnol\/wp-content\/uploads\/sites\/43\/2025\/02\/Copie-de-Ensenar-deleitando-40-1536x461.png 1536w, https:\/\/www.pedagogie.ac-nice.fr\/espagnol\/wp-content\/uploads\/sites\/43\/2025\/02\/Copie-de-Ensenar-deleitando-40-2048x614.png 2048w\" sizes=\"auto, (max-width: 15840px) 100vw, 15840px\" \/><\/p>\n<ul>\n<li><strong><span style=\"font-family: verdana, geneva, sans-serif;\">El g\u00e9nero fant\u00e1stico : El \u00ab\u00a0Pinocchio\u00a0\u00bb de Guillermo del Toro&nbsp; <span class=\"s1\"><b><span style=\"color: #ff6600;\"><span style=\"color: #ff0000;\">\u00a1nuevo!<\/span><br \/>\n<\/span><\/b><\/span><\/span><\/strong><br \/>\n<a href=\"https:\/\/view.genial.ly\/642954a05e6b190011e49efc\"><img loading=\"lazy\" decoding=\"async\" class=\"alignnone wp-image-1599 size-large\" src=\"https:\/\/www.pedagogie.ac-nice.fr\/espagnol\/wp-content\/uploads\/sites\/43\/2023\/07\/Capture-decran-2023-07-11-a-10.21.44-1024x559.png\" alt=\"\" width=\"800\" height=\"437\" srcset=\"https:\/\/www.pedagogie.ac-nice.fr\/espagnol\/wp-content\/uploads\/sites\/43\/2023\/07\/Capture-decran-2023-07-11-a-10.21.44-1024x559.png 1024w, https:\/\/www.pedagogie.ac-nice.fr\/espagnol\/wp-content\/uploads\/sites\/43\/2023\/07\/Capture-decran-2023-07-11-a-10.21.44-300x164.png 300w, https:\/\/www.pedagogie.ac-nice.fr\/espagnol\/wp-content\/uploads\/sites\/43\/2023\/07\/Capture-decran-2023-07-11-a-10.21.44-768x419.png 768w, https:\/\/www.pedagogie.ac-nice.fr\/espagnol\/wp-content\/uploads\/sites\/43\/2023\/07\/Capture-decran-2023-07-11-a-10.21.44-1536x838.png 1536w, https:\/\/www.pedagogie.ac-nice.fr\/espagnol\/wp-content\/uploads\/sites\/43\/2023\/07\/Capture-decran-2023-07-11-a-10.21.44-2048x1117.png 2048w\" sizes=\"auto, (max-width: 800px) 100vw, 800px\" \/><\/a><br \/>\n<span style=\"font-family: verdana, geneva, sans-serif;\">Retrouvez cette nouvelle contribution de notre coll\u00e8gue Mait\u00e9 Gordon en <a href=\"https:\/\/view.genial.ly\/642954a05e6b190011e49efc\"><strong>cliquant ici<\/strong><\/a>.<\/p>\n<p><\/span><\/li>\n<li><strong><span style=\"font-family: verdana, geneva, sans-serif;\">\u00ab\u00a0Los Lobos\u00a0\u00bb \/ \u00ab\u00a0Los Silencios\u00a0\u00bb : analyses et activit\u00e9s p\u00e9dagogiques<\/span><\/strong><a href=\"https:\/\/view.genial.ly\/646e210188329b00116ed0ca\"><img loading=\"lazy\" decoding=\"async\" class=\"alignnone wp-image-1600 size-large\" src=\"https:\/\/www.pedagogie.ac-nice.fr\/espagnol\/wp-content\/uploads\/sites\/43\/2023\/07\/Capture-decran-2023-07-11-a-10.24.45-1024x559.png\" alt=\"\" width=\"800\" height=\"437\" srcset=\"https:\/\/www.pedagogie.ac-nice.fr\/espagnol\/wp-content\/uploads\/sites\/43\/2023\/07\/Capture-decran-2023-07-11-a-10.24.45-1024x559.png 1024w, https:\/\/www.pedagogie.ac-nice.fr\/espagnol\/wp-content\/uploads\/sites\/43\/2023\/07\/Capture-decran-2023-07-11-a-10.24.45-300x164.png 300w, https:\/\/www.pedagogie.ac-nice.fr\/espagnol\/wp-content\/uploads\/sites\/43\/2023\/07\/Capture-decran-2023-07-11-a-10.24.45-768x419.png 768w, https:\/\/www.pedagogie.ac-nice.fr\/espagnol\/wp-content\/uploads\/sites\/43\/2023\/07\/Capture-decran-2023-07-11-a-10.24.45-1536x838.png 1536w, https:\/\/www.pedagogie.ac-nice.fr\/espagnol\/wp-content\/uploads\/sites\/43\/2023\/07\/Capture-decran-2023-07-11-a-10.24.45-2048x1117.png 2048w\" sizes=\"auto, (max-width: 800px) 100vw, 800px\" \/><\/a><span style=\"font-family: verdana, geneva, sans-serif;\"><br \/>\nPour retrouver une mine d&rsquo;activit\u00e9s, dont des ateliers d&rsquo;\u00e9criture cr\u00e9ative, <strong><a href=\"https:\/\/view.genial.ly\/646e210188329b00116ed0ca\">cliquez ici<\/a><\/strong> !<\/p>\n<p><\/span><\/li>\n<li class=\"p1\"><span style=\"font-family: verdana, geneva, sans-serif;\"><span class=\"s1\"><b>\u201cLa adolescencia: Infierno o Para\u00edso\u201d&nbsp; &nbsp;<span style=\"color: #ff6600;\">\u00a1nuevo!<\/span><\/b><\/span><\/span><\/li>\n<\/ul>\n<p class=\"p1\" style=\"padding-left: 40px;\"><span style=\"font-family: verdana, geneva, sans-serif;\"><a href=\"https:\/\/tinyurl.com\/Infierno-o-paraiso\"><span class=\"s1\"><b><img loading=\"lazy\" decoding=\"async\" class=\"alignnone wp-image-1551 size-large\" src=\"https:\/\/www.pedagogie.ac-nice.fr\/espagnol\/wp-content\/uploads\/sites\/43\/2023\/05\/Capture-decran-2023-05-11-a-11.17.40-1024x570.png\" alt=\"\" width=\"800\" height=\"445\" srcset=\"https:\/\/www.pedagogie.ac-nice.fr\/espagnol\/wp-content\/uploads\/sites\/43\/2023\/05\/Capture-decran-2023-05-11-a-11.17.40-1024x570.png 1024w, https:\/\/www.pedagogie.ac-nice.fr\/espagnol\/wp-content\/uploads\/sites\/43\/2023\/05\/Capture-decran-2023-05-11-a-11.17.40-300x167.png 300w, https:\/\/www.pedagogie.ac-nice.fr\/espagnol\/wp-content\/uploads\/sites\/43\/2023\/05\/Capture-decran-2023-05-11-a-11.17.40-768x428.png 768w, https:\/\/www.pedagogie.ac-nice.fr\/espagnol\/wp-content\/uploads\/sites\/43\/2023\/05\/Capture-decran-2023-05-11-a-11.17.40-1536x855.png 1536w, https:\/\/www.pedagogie.ac-nice.fr\/espagnol\/wp-content\/uploads\/sites\/43\/2023\/05\/Capture-decran-2023-05-11-a-11.17.40-2048x1140.png 2048w, https:\/\/www.pedagogie.ac-nice.fr\/espagnol\/wp-content\/uploads\/sites\/43\/2023\/05\/Capture-decran-2023-05-11-a-11.17.40-800x445.png 800w\" sizes=\"auto, (max-width: 800px) 100vw, 800px\" \/><\/b><\/span><\/a><span class=\"s2\"><br \/>\n<\/span><span class=\"s1\">Retrouvez le support de la formation sur&nbsp;<b>l\u2019analyse filmique en cours d\u2019espagnol<\/b>, assur\u00e9e par nos coll\u00e8gues Maite Gordon et Eric Iglesias, dans le cadre de l&rsquo;EAFC.<\/span><\/span><\/p>\n<p class=\"p2\" style=\"padding-left: 40px;\"><strong><a href=\"https:\/\/tinyurl.com\/Infierno-o-paraiso\"><span style=\"font-family: verdana, geneva, sans-serif;\">Cliquez ici<\/span><\/a><\/strong><\/p>\n<ul>\n<li class=\"p1\"><span style=\"font-family: verdana, geneva, sans-serif;\"><span class=\"s1\"><b>\u201cEl empoderamiento de la Mujer\u201d&nbsp; &nbsp; <span style=\"color: #ff6600;\">\u00a1nuevo!<\/span><\/b><\/span><span class=\"s2\"><br \/>\n<\/span><\/span><span style=\"font-family: verdana, geneva, sans-serif;\"><span class=\"s1\"><br \/>\n<a href=\"https:\/\/tinyurl.com\/EL-EMPODERAMIENTO-DE-LA-MUJER\"><img loading=\"lazy\" decoding=\"async\" class=\"alignnone wp-image-1552 size-large\" src=\"https:\/\/www.pedagogie.ac-nice.fr\/espagnol\/wp-content\/uploads\/sites\/43\/2023\/05\/Capture-decran-2023-05-11-a-11.23.43-1024x570.png\" alt=\"\" width=\"800\" height=\"445\" srcset=\"https:\/\/www.pedagogie.ac-nice.fr\/espagnol\/wp-content\/uploads\/sites\/43\/2023\/05\/Capture-decran-2023-05-11-a-11.23.43-1024x570.png 1024w, https:\/\/www.pedagogie.ac-nice.fr\/espagnol\/wp-content\/uploads\/sites\/43\/2023\/05\/Capture-decran-2023-05-11-a-11.23.43-300x167.png 300w, https:\/\/www.pedagogie.ac-nice.fr\/espagnol\/wp-content\/uploads\/sites\/43\/2023\/05\/Capture-decran-2023-05-11-a-11.23.43-768x428.png 768w, https:\/\/www.pedagogie.ac-nice.fr\/espagnol\/wp-content\/uploads\/sites\/43\/2023\/05\/Capture-decran-2023-05-11-a-11.23.43-1536x855.png 1536w, https:\/\/www.pedagogie.ac-nice.fr\/espagnol\/wp-content\/uploads\/sites\/43\/2023\/05\/Capture-decran-2023-05-11-a-11.23.43-2048x1140.png 2048w, https:\/\/www.pedagogie.ac-nice.fr\/espagnol\/wp-content\/uploads\/sites\/43\/2023\/05\/Capture-decran-2023-05-11-a-11.23.43-800x445.png 800w\" sizes=\"auto, (max-width: 800px) 100vw, 800px\" \/><\/a><br \/>\nRetrouvez le support de la formation sur&nbsp;<b>l\u2019analyse filmique en cours d\u2019espagnol <\/b><\/span><span class=\"s4\"><b>en Lyc\u00e9e<\/b>,<\/span><span class=\"s1\"> assur\u00e9e par notre coll\u00e8gue Maite Gord\u00f3n, dans le cadre de l&rsquo;EAFC.<span class=\"Apple-converted-space\">&nbsp;<\/span><\/span><\/span><\/li>\n<\/ul>\n<p class=\"p2\" style=\"padding-left: 40px;\"><strong><a href=\"https:\/\/tinyurl.com\/EL-EMPODERAMIENTO-DE-LA-MUJER\"><span class=\"s3\" style=\"font-family: verdana, geneva, sans-serif;\">Cliquez ici<\/span><\/a><\/strong><\/p>\n<p><strong>&nbsp;<\/strong><\/p>\n<ul>\n<li class=\"p1\"><span style=\"font-family: verdana, geneva, sans-serif;\"><span class=\"s1\"><b>\u201cCine para peques\u201d&nbsp; <span style=\"color: #ff6600;\">\u00a1nuevo!<\/span><\/b><\/span><span class=\"s2\"><br \/>\n<\/span><\/span><\/li>\n<\/ul>\n<p style=\"padding-left: 40px;\"><a href=\"https:\/\/tinyurl.com\/CINE-PARA-PEQUES\"><img loading=\"lazy\" decoding=\"async\" class=\"alignnone wp-image-1553 size-large\" src=\"https:\/\/www.pedagogie.ac-nice.fr\/espagnol\/wp-content\/uploads\/sites\/43\/2023\/05\/Capture-decran-2023-05-11-a-11.27.54-1024x570.png\" alt=\"\" width=\"800\" height=\"445\" srcset=\"https:\/\/www.pedagogie.ac-nice.fr\/espagnol\/wp-content\/uploads\/sites\/43\/2023\/05\/Capture-decran-2023-05-11-a-11.27.54-1024x570.png 1024w, https:\/\/www.pedagogie.ac-nice.fr\/espagnol\/wp-content\/uploads\/sites\/43\/2023\/05\/Capture-decran-2023-05-11-a-11.27.54-300x167.png 300w, https:\/\/www.pedagogie.ac-nice.fr\/espagnol\/wp-content\/uploads\/sites\/43\/2023\/05\/Capture-decran-2023-05-11-a-11.27.54-768x428.png 768w, https:\/\/www.pedagogie.ac-nice.fr\/espagnol\/wp-content\/uploads\/sites\/43\/2023\/05\/Capture-decran-2023-05-11-a-11.27.54-1536x855.png 1536w, https:\/\/www.pedagogie.ac-nice.fr\/espagnol\/wp-content\/uploads\/sites\/43\/2023\/05\/Capture-decran-2023-05-11-a-11.27.54-2048x1140.png 2048w, https:\/\/www.pedagogie.ac-nice.fr\/espagnol\/wp-content\/uploads\/sites\/43\/2023\/05\/Capture-decran-2023-05-11-a-11.27.54-800x445.png 800w\" sizes=\"auto, (max-width: 800px) 100vw, 800px\" \/><\/a><\/p>\n<p style=\"padding-left: 40px;\"><span style=\"font-family: verdana, geneva, sans-serif;\"><span class=\"s1\">Retrouvez le support de la formation sur&nbsp;<b>l\u2019analyse filmique en cours d\u2019espagnol <\/b><\/span><span class=\"s4\"><b>en Coll\u00e8ge<\/b><\/span><span class=\"s1\">, assur\u00e9e par notre coll\u00e8gue Maite Gord\u00f3n, dans le cadre de l&rsquo;EAFC.<span class=\"Apple-converted-space\">&nbsp;<\/span><\/span><\/span><\/p>\n<p class=\"p2\" style=\"padding-left: 40px;\"><a href=\"https:\/\/tinyurl.com\/CINE-PARA-PEQUES\"><strong><span class=\"s3\" style=\"font-family: verdana, geneva, sans-serif;\">Cliquez ici<\/span><\/strong><\/a><\/p>\n<ul style=\"list-style-type: disc;\">\n<li><strong><span style=\"font-family: verdana, geneva, sans-serif; color: #000000;\">\u00ab\u00a0Lo maravilloso y lo fant\u00e1stico en el cine\u00a0\u00bb<\/span><\/strong><br \/>\n<span style=\"font-family: verdana, geneva, sans-serif; color: #000000;\">Retrouvez le support de la formation sur <strong>l&rsquo;analyse filmique en cours d&rsquo;espagnol<\/strong>, assur\u00e9e par nos coll\u00e8gues Marie-Claire Castillo-Iglesias et Eric Iglesias, dans le cadre de l&rsquo;EAFC.<br \/>\n<\/span><span style=\"font-family: verdana, geneva, sans-serif;\"><span style=\"color: #000000;\">\u00ab\u00a0Dos maneras de enfocar la realidad hist\u00f3rica a trav\u00e9s del estudio de 2 pel\u00edculas :<\/span> <em>La Llorona<\/em> y <em>El Laberinto del Fauno<\/em>.\u00a0\u00bb<\/span><br \/>\n<a href=\"https:\/\/view.genial.ly\/628f8b2ae6a9db0018e37c24\/presentation-analyse-filmique-stage-juin-2022\"><strong><span style=\"font-family: verdana, geneva, sans-serif; color: #000000;\">Cliquez ici<\/span><\/strong><\/a><br \/>\n<a href=\"https:\/\/view.genial.ly\/628f8b2ae6a9db0018e37c24\/presentation-analyse-filmique-stage-juin-2022\"><img loading=\"lazy\" decoding=\"async\" class=\"alignnone wp-image-1367 size-full\" src=\"https:\/\/www.pedagogie.ac-nice.fr\/espagnol\/wp-content\/uploads\/sites\/43\/2022\/06\/cine-fantastico.png\" alt=\"\" width=\"948\" height=\"547\" srcset=\"https:\/\/www.pedagogie.ac-nice.fr\/espagnol\/wp-content\/uploads\/sites\/43\/2022\/06\/cine-fantastico.png 948w, https:\/\/www.pedagogie.ac-nice.fr\/espagnol\/wp-content\/uploads\/sites\/43\/2022\/06\/cine-fantastico-300x173.png 300w, https:\/\/www.pedagogie.ac-nice.fr\/espagnol\/wp-content\/uploads\/sites\/43\/2022\/06\/cine-fantastico-768x443.png 768w\" sizes=\"auto, (max-width: 948px) 100vw, 948px\" \/><\/a><\/li>\n<li><strong><span style=\"font-family: verdana, geneva, sans-serif;\">\u00ab\u00a0El camino\u00a0\u00bb, le tr\u00e9sor oubli\u00e9&#8230;<\/span><\/strong><br \/>\n<span style=\"font-family: verdana, geneva, sans-serif;\">D\u00e9couvrez de dossier de presse de ce film oubli\u00e9 d&rsquo;une cin\u00e9aste espagnole.<\/span><br \/>\n<span style=\"font-family: verdana, geneva, sans-serif;\">Cliquez ici !<\/span><br \/>\n<a href=\"https:\/\/www.pedagogie.ac-nice.fr\/espagnol\/wp-content\/uploads\/sites\/43\/2022\/02\/Dossier-de-presse-El-Camino.pdf\" class=\"pdfemb-viewer\" style=\"\" data-width=\"max\" data-height=\"max\" data-toolbar=\"bottom\" data-toolbar-fixed=\"off\">Dossier de presse El Camino<\/a><\/li>\n<li><strong><span style=\"font-family: verdana, geneva, sans-serif;\">\u00ab\u00a0Los lobos\u00a0\u00bb de Samuel Kishi Leopo :<\/span><\/strong><br \/>\n<span style=\"font-family: verdana, geneva, sans-serif;\">Retrouvez le dossier p\u00e9dagogique sur <strong><a href=\"https:\/\/www.zerodeconduite.net\/film\/los-lobos\">Zerodeconduite.net<\/a><\/strong> (analyse filmique + fiches \u00e9l\u00e8ves en espagnol).<br \/>\n<\/span><br \/>\n<a href=\"https:\/\/www.zerodeconduite.net\/film\/los-lobos\"><img loading=\"lazy\" decoding=\"async\" class=\"alignnone wp-image-1256 size-full\" src=\"https:\/\/www.pedagogie.ac-nice.fr\/espagnol\/wp-content\/uploads\/sites\/43\/2022\/02\/LOS-LOBOS-2-290x387-1.jpg\" alt=\"\" width=\"290\" height=\"387\" srcset=\"https:\/\/www.pedagogie.ac-nice.fr\/espagnol\/wp-content\/uploads\/sites\/43\/2022\/02\/LOS-LOBOS-2-290x387-1.jpg 290w, https:\/\/www.pedagogie.ac-nice.fr\/espagnol\/wp-content\/uploads\/sites\/43\/2022\/02\/LOS-LOBOS-2-290x387-1-225x300.jpg 225w\" sizes=\"auto, (max-width: 290px) 100vw, 290px\" \/><\/a><\/li>\n<\/ul>\n<p>&nbsp;<\/p>\n<ul>\n<li><span style=\"font-family: verdana, geneva, sans-serif;\"><span style=\"font-family: verdana, geneva, sans-serif;\"><b>S\u00e9quence \u00ab\u00a0trousse \u00e0 outils\u00a0\u00bb pour l&rsquo;\u00e9tude du cin\u00e9ma en classe<\/b><\/span><\/span>&nbsp;<span style=\"font-family: verdana, geneva, sans-serif;\"><b><\/b>D\u00e9couvrez le travail de notre coll\u00e8gue Maite Gordon (Coll\u00e8ge du CIV de Valbonne) permettant l&rsquo;acquisition du vocabulaire et des techniques d&rsquo;analyse filmique. D\u00e9couvrez aussi des s\u00e9quences sur les femmes dans le cin\u00e9ma hispanophone !<\/span><\/li>\n<\/ul>\n<p style=\"padding-left: 40px;\"><span style=\"font-family: verdana, geneva, sans-serif; font-size: 12pt;\"><strong><a href=\"https:\/\/tinyurl.com\/y8grkp2u\">De cine, \u00a1el empoderamiento de la mujer!<\/a>&nbsp;<\/strong>&nbsp;<\/span><\/p>\n<p style=\"padding-left: 40px;\">&nbsp;<\/p>\n","protected":false},"excerpt":{"rendered":"<p>El g\u00e9nero fant\u00e1stico : El \u00ab\u00a0Pinocchio\u00a0\u00bb de Guillermo del Toro&nbsp; \u00a1nuevo! Retrouvez cette nouvelle contribution de notre coll\u00e8gue Mait\u00e9 Gordon<\/p>\n","protected":false},"author":278,"featured_media":0,"parent":228,"menu_order":0,"comment_status":"closed","ping_status":"closed","template":"","meta":{"colormag_page_container_layout":"default_layout","colormag_page_sidebar_layout":"default_layout","ngg_post_thumbnail":0,"footnotes":""},"class_list":["post-516","page","type-page","status-publish","hentry"],"rttpg_featured_image_url":null,"rttpg_author":{"display_name":"jeromebesse","author_link":"https:\/\/www.pedagogie.ac-nice.fr\/espagnol\/author\/jeromebesse\/"},"rttpg_comment":0,"rttpg_category":null,"rttpg_excerpt":"El g\u00e9nero fant\u00e1stico : El \u00ab\u00a0Pinocchio\u00a0\u00bb de Guillermo del Toro&nbsp; \u00a1nuevo! Retrouvez cette nouvelle contribution de notre coll\u00e8gue Mait\u00e9 Gordon","post_mailing_queue_ids":[],"_links":{"self":[{"href":"https:\/\/www.pedagogie.ac-nice.fr\/espagnol\/wp-json\/wp\/v2\/pages\/516","targetHints":{"allow":["GET"]}}],"collection":[{"href":"https:\/\/www.pedagogie.ac-nice.fr\/espagnol\/wp-json\/wp\/v2\/pages"}],"about":[{"href":"https:\/\/www.pedagogie.ac-nice.fr\/espagnol\/wp-json\/wp\/v2\/types\/page"}],"author":[{"embeddable":true,"href":"https:\/\/www.pedagogie.ac-nice.fr\/espagnol\/wp-json\/wp\/v2\/users\/278"}],"replies":[{"embeddable":true,"href":"https:\/\/www.pedagogie.ac-nice.fr\/espagnol\/wp-json\/wp\/v2\/comments?post=516"}],"version-history":[{"count":10,"href":"https:\/\/www.pedagogie.ac-nice.fr\/espagnol\/wp-json\/wp\/v2\/pages\/516\/revisions"}],"predecessor-version":[{"id":2296,"href":"https:\/\/www.pedagogie.ac-nice.fr\/espagnol\/wp-json\/wp\/v2\/pages\/516\/revisions\/2296"}],"up":[{"embeddable":true,"href":"https:\/\/www.pedagogie.ac-nice.fr\/espagnol\/wp-json\/wp\/v2\/pages\/228"}],"wp:attachment":[{"href":"https:\/\/www.pedagogie.ac-nice.fr\/espagnol\/wp-json\/wp\/v2\/media?parent=516"}],"curies":[{"name":"wp","href":"https:\/\/api.w.org\/{rel}","templated":true}]}}