{"id":42,"date":"2019-04-23T17:53:11","date_gmt":"2019-04-23T15:53:11","guid":{"rendered":"https:\/\/www.pedagogie.ac-nice.fr\/fanfictionalecole\/?page_id=42"},"modified":"2019-05-24T12:56:50","modified_gmt":"2019-05-24T10:56:50","slug":"accompagnement-pedagogique","status":"publish","type":"page","link":"https:\/\/www.pedagogie.ac-nice.fr\/fanfictionalecole\/accompagnement-pedagogique\/","title":{"rendered":"Accompagnement p\u00e9dagogique"},"content":{"rendered":"<p>[et_pb_section fb_built=\u00a0\u00bb1&Prime; _builder_version=\u00a0\u00bb3.17.2&Prime; custom_padding=\u00a0\u00bb0|0px|0|0px|false|false\u00a0\u00bb][et_pb_row custom_padding=\u00a0\u00bb0|0px|0|0px|false|false\u00a0\u00bb _builder_version=\u00a0\u00bb3.17.2&Prime;][et_pb_column type=\u00a0\u00bb4_4&Prime; _builder_version=\u00a0\u00bb3.17.2&Prime; parallax=\u00a0\u00bboff\u00a0\u00bb parallax_method=\u00a0\u00bbon\u00a0\u00bb][et_pb_image src=\u00a0\u00bbhttps:\/\/www.pedagogie.ac-nice.fr\/fanfictionalecole\/wp-content\/uploads\/sites\/27\/2019\/05\/Untitled-design-1.jpg\u00a0\u00bb align=\u00a0\u00bbcenter\u00a0\u00bb _builder_version=\u00a0\u00bb3.17.2&Prime; animation_style=\u00a0\u00bbslide\u00a0\u00bb animation_duration=\u00a0\u00bb1900ms\u00a0\u00bb animation_delay=\u00a0\u00bb200ms\u00a0\u00bb animation_intensity_slide=\u00a0\u00bb97%\u00a0\u00bb][\/et_pb_image][\/et_pb_column][\/et_pb_row][\/et_pb_section][et_pb_section fb_built=\u00a0\u00bb1&Prime; _builder_version=\u00a0\u00bb3.17.2&Prime; background_color=\u00a0\u00bb#0c71c3&Prime; custom_padding=\u00a0\u00bb0|0px|0|0px|false|false\u00a0\u00bb][et_pb_row _builder_version=\u00a0\u00bb3.17.2&Prime;][et_pb_column type=\u00a0\u00bb1_4&Prime; _builder_version=\u00a0\u00bb3.17.2&Prime; parallax=\u00a0\u00bboff\u00a0\u00bb parallax_method=\u00a0\u00bbon\u00a0\u00bb][et_pb_button button_url=\u00a0\u00bbhttps:\/\/www.pedagogie.ac-nice.fr\/fanfictionalecole\/accompagnement-pedagogique\/du-cote-de-lenseignant\/\u00a0\u00bb url_new_window=\u00a0\u00bbon\u00a0\u00bb button_text=\u00a0\u00bbDu c\u00f4t\u00e9 de l&rsquo;enseignant\u00a0\u00bb button_alignment=\u00a0\u00bbcenter\u00a0\u00bb _builder_version=\u00a0\u00bb3.17.2&Prime; custom_button=\u00a0\u00bbon\u00a0\u00bb button_text_size=\u00a0\u00bb25px\u00a0\u00bb button_border_radius=\u00a0\u00bb45px\u00a0\u00bb button_font=\u00a0\u00bb||||||||\u00a0\u00bb background_layout=\u00a0\u00bbdark\u00a0\u00bb box_shadow_style=\u00a0\u00bbpreset2&Prime;][\/et_pb_button][\/et_pb_column][et_pb_column type=\u00a0\u00bb1_4&Prime; _builder_version=\u00a0\u00bb3.17.2&Prime; parallax=\u00a0\u00bboff\u00a0\u00bb parallax_method=\u00a0\u00bbon\u00a0\u00bb][et_pb_button button_url=\u00a0\u00bbhttps:\/\/www.pedagogie.ac-nice.fr\/fanfictionalecole\/accompagnement-pedagogique\/du-cote-de-leleve\/\u00a0\u00bb url_new_window=\u00a0\u00bbon\u00a0\u00bb button_text=\u00a0\u00bbDu c\u00f4t\u00e9 de l&rsquo;\u00e9l\u00e8ve\u00a0\u00bb button_alignment=\u00a0\u00bbcenter\u00a0\u00bb _builder_version=\u00a0\u00bb3.17.2&Prime; custom_button=\u00a0\u00bbon\u00a0\u00bb button_text_size=\u00a0\u00bb25px\u00a0\u00bb button_border_radius=\u00a0\u00bb45px\u00a0\u00bb button_font=\u00a0\u00bb||||||||\u00a0\u00bb background_layout=\u00a0\u00bbdark\u00a0\u00bb box_shadow_style=\u00a0\u00bbpreset2&Prime;][\/et_pb_button][\/et_pb_column][et_pb_column type=\u00a0\u00bb1_4&Prime; _builder_version=\u00a0\u00bb3.17.2&Prime; parallax=\u00a0\u00bboff\u00a0\u00bb parallax_method=\u00a0\u00bbon\u00a0\u00bb][et_pb_button button_url=\u00a0\u00bbhttps:\/\/www.pedagogie.ac-nice.fr\/fanfictionalecole\/accompagnement-pedagogique\/temoignages-denseignants\/\u00a0\u00bb url_new_window=\u00a0\u00bbon\u00a0\u00bb button_text=\u00a0\u00bbT\u00e9moignages d&rsquo;enseignants\u00a0\u00bb button_alignment=\u00a0\u00bbcenter\u00a0\u00bb _builder_version=\u00a0\u00bb3.17.2&Prime; custom_button=\u00a0\u00bbon\u00a0\u00bb button_text_size=\u00a0\u00bb25px\u00a0\u00bb button_border_radius=\u00a0\u00bb45px\u00a0\u00bb button_font=\u00a0\u00bb||||||||\u00a0\u00bb background_layout=\u00a0\u00bbdark\u00a0\u00bb box_shadow_style=\u00a0\u00bbpreset2&Prime;][\/et_pb_button][\/et_pb_column][et_pb_column type=\u00a0\u00bb1_4&Prime; _builder_version=\u00a0\u00bb3.17.2&Prime; parallax=\u00a0\u00bboff\u00a0\u00bb parallax_method=\u00a0\u00bbon\u00a0\u00bb][et_pb_button button_url=\u00a0\u00bbhttps:\/\/www.pedagogie.ac-nice.fr\/fanfictionalecole\/accompagnement-pedagogique\/temoignages-deleves\/\u00a0\u00bb button_text=\u00a0\u00bbT\u00e9moignages d&rsquo;\u00e9l\u00e8ves\u00a0\u00bb button_alignment=\u00a0\u00bbcenter\u00a0\u00bb _builder_version=\u00a0\u00bb3.17.2&Prime; custom_button=\u00a0\u00bbon\u00a0\u00bb button_text_size=\u00a0\u00bb25px\u00a0\u00bb button_border_radius=\u00a0\u00bb45px\u00a0\u00bb button_font=\u00a0\u00bb||||||||\u00a0\u00bb background_layout=\u00a0\u00bbdark\u00a0\u00bb box_shadow_style=\u00a0\u00bbpreset2&Prime;][\/et_pb_button][\/et_pb_column][\/et_pb_row][et_pb_row _builder_version=\u00a0\u00bb3.17.2&Prime;][et_pb_column type=\u00a0\u00bb1_4&Prime; _builder_version=\u00a0\u00bb3.17.2&Prime; parallax=\u00a0\u00bboff\u00a0\u00bb parallax_method=\u00a0\u00bbon\u00a0\u00bb][et_pb_text _builder_version=\u00a0\u00bb3.17.2&Prime;]<\/p>\n<ul>\n<li><span style=\"color: #ffffff;\">Impliquer les \u00e9l\u00e8ves<\/span><\/li>\n<li><span style=\"color: #ffffff;\">Donner des consignes pour agir sur la plateforme<\/span><\/li>\n<li><span style=\"color: #ffffff;\">Lancer une activit\u00e9 de d\u00e9bat interpr\u00e9tatif<\/span><\/li>\n<li><span style=\"color: #ffffff;\">Lancer une activit\u00e9 d&rsquo;\u00e9criture<\/span><\/li>\n<li><span style=\"color: #ffffff;\">Interpr\u00e9ter \u00e0 partir de fils de discussion<\/span><\/li>\n<li><span style=\"color: #ffffff;\">Mettre en place une activit\u00e9 de r\u00e9\u00e9criture \u00e0 partir de commentaires<\/span><\/li>\n<\/ul>\n<p>[\/et_pb_text][\/et_pb_column][et_pb_column type=\u00a0\u00bb1_4&Prime; _builder_version=\u00a0\u00bb3.17.2&Prime; parallax=\u00a0\u00bboff\u00a0\u00bb parallax_method=\u00a0\u00bbon\u00a0\u00bb][et_pb_text _builder_version=\u00a0\u00bb3.17.2&Prime;]<\/p>\n<ul>\n<li><span style=\"color: #ffffff;\">Collaborer entre \u00e9l\u00e8ves\u00a0<\/span><\/li>\n<li><span style=\"color: #ffffff;\">\u00c9crire avec le livre\u00a0<\/span><\/li>\n<li><span style=\"color: #ffffff;\">Cercles de lecture &#8211; Activit\u00e9s de groupe<\/span><\/li>\n<li><span style=\"color: #ffffff;\">Commenter un texte de pair<\/span><\/li>\n<\/ul>\n<p>[\/et_pb_text][\/et_pb_column][et_pb_column type=\u00a0\u00bb1_4&Prime; _builder_version=\u00a0\u00bb3.17.2&Prime; parallax=\u00a0\u00bboff\u00a0\u00bb parallax_method=\u00a0\u00bbon\u00a0\u00bb][et_pb_text _builder_version=\u00a0\u00bb3.17.2&Prime;]<\/p>\n<ul>\n<li><span style=\"color: #ffffff;\">Lire avec la fanfiction<\/span><\/li>\n<li><span style=\"color: #ffffff;\">Ecrire avec la fanfiction<\/span><\/li>\n<li><span style=\"color: #ffffff;\">Utiliser la ressource fanfiction &#8211; T\u00e9moignage<\/span><\/li>\n<li><span style=\"color: #ffffff;\">Diff\u00e9rencier dans sa classe<\/span><\/li>\n<li><span style=\"color: #ffffff;\">Adapter les pr\u00e9parations \u00e0 la fanfiction<\/span><\/li>\n<li><span style=\"color: #ffffff;\">Utiliser les potentialit\u00e9s de l&rsquo;\u00e9criture sur \u00e9cran<\/span><\/li>\n<\/ul>\n<p>[\/et_pb_text][\/et_pb_column][et_pb_column type=\u00a0\u00bb1_4&Prime; _builder_version=\u00a0\u00bb3.17.2&Prime; parallax=\u00a0\u00bboff\u00a0\u00bb parallax_method=\u00a0\u00bbon\u00a0\u00bb][et_pb_text _builder_version=\u00a0\u00bb3.17.2&Prime;]<\/p>\n<ul>\n<li><span style=\"color: #ffffff;\">T\u00e9moignages sur le forum<\/span><\/li>\n<li><span style=\"color: #ffffff;\">T\u00e9moignages sur l&rsquo;\u00e9criture de fanfiction<\/span><\/li>\n<li><span style=\"color: #ffffff;\">T\u00e9moignages sur les pratiques num\u00e9riques scolaires<\/span><\/li>\n<li><span style=\"color: #ffffff;\">Des \u00e9l\u00e8ves auteures de fanfiction<\/span><\/li>\n<\/ul>\n<p>[\/et_pb_text][\/et_pb_column][\/et_pb_row][\/et_pb_section]<\/p>\n","protected":false},"excerpt":{"rendered":"<p>Impliquer les \u00e9l\u00e8ves Donner des consignes pour agir sur la plateforme Lancer une activit\u00e9 de d\u00e9bat interpr\u00e9tatif Lancer une activit\u00e9 d&rsquo;\u00e9criture Interpr\u00e9ter \u00e0 partir de fils de discussion Mettre en place une activit\u00e9 de r\u00e9\u00e9criture \u00e0 partir de commentaires Collaborer entre \u00e9l\u00e8ves\u00a0 \u00c9crire avec le livre\u00a0 Cercles de lecture &#8211; Activit\u00e9s de groupe Commenter un [&hellip;]<\/p>\n","protected":false},"author":194,"featured_media":0,"parent":0,"menu_order":0,"comment_status":"closed","ping_status":"closed","template":"","meta":{"_et_pb_use_builder":"on","_et_pb_old_content":"","_et_gb_content_width":"","ngg_post_thumbnail":0,"footnotes":""},"class_list":["post-42","page","type-page","status-publish","hentry"],"rttpg_featured_image_url":null,"rttpg_author":{"display_name":"ianlettres","author_link":"https:\/\/www.pedagogie.ac-nice.fr\/fanfictionalecole\/author\/ianlettres\/"},"rttpg_comment":0,"rttpg_category":null,"rttpg_excerpt":"Impliquer les \u00e9l\u00e8ves Donner des consignes pour agir sur la plateforme Lancer une activit\u00e9 de d\u00e9bat interpr\u00e9tatif Lancer une activit\u00e9 d'\u00e9criture Interpr\u00e9ter \u00e0 partir de fils de discussion Mettre en place une activit\u00e9 de r\u00e9\u00e9criture \u00e0 partir de commentaires Collaborer entre \u00e9l\u00e8ves\u00a0 \u00c9crire avec le livre\u00a0 Cercles de lecture - Activit\u00e9s de groupe Commenter un\u2026","post_mailing_queue_ids":[],"_links":{"self":[{"href":"https:\/\/www.pedagogie.ac-nice.fr\/fanfictionalecole\/wp-json\/wp\/v2\/pages\/42","targetHints":{"allow":["GET"]}}],"collection":[{"href":"https:\/\/www.pedagogie.ac-nice.fr\/fanfictionalecole\/wp-json\/wp\/v2\/pages"}],"about":[{"href":"https:\/\/www.pedagogie.ac-nice.fr\/fanfictionalecole\/wp-json\/wp\/v2\/types\/page"}],"author":[{"embeddable":true,"href":"https:\/\/www.pedagogie.ac-nice.fr\/fanfictionalecole\/wp-json\/wp\/v2\/users\/194"}],"replies":[{"embeddable":true,"href":"https:\/\/www.pedagogie.ac-nice.fr\/fanfictionalecole\/wp-json\/wp\/v2\/comments?post=42"}],"version-history":[{"count":21,"href":"https:\/\/www.pedagogie.ac-nice.fr\/fanfictionalecole\/wp-json\/wp\/v2\/pages\/42\/revisions"}],"predecessor-version":[{"id":763,"href":"https:\/\/www.pedagogie.ac-nice.fr\/fanfictionalecole\/wp-json\/wp\/v2\/pages\/42\/revisions\/763"}],"wp:attachment":[{"href":"https:\/\/www.pedagogie.ac-nice.fr\/fanfictionalecole\/wp-json\/wp\/v2\/media?parent=42"}],"curies":[{"name":"wp","href":"https:\/\/api.w.org\/{rel}","templated":true}]}}