{"id":253,"date":"2020-12-11T11:02:14","date_gmt":"2020-12-11T10:02:14","guid":{"rendered":"https:\/\/www.pedagogie.ac-nice.fr\/italien\/?page_id=253"},"modified":"2021-04-08T22:27:07","modified_gmt":"2021-04-08T20:27:07","slug":"continuite-pedagogique-3","status":"publish","type":"page","link":"https:\/\/www.pedagogie.ac-nice.fr\/italien\/continuite-pedagogique-3\/","title":{"rendered":"CONTINUIT\u00c9 P\u00c9DAGOGIQUE"},"content":{"rendered":"<p style=\"text-align: justify;\">La situation sanitaire tendue que nous connaissons \u00e0 nouveau nous impose d&rsquo;adapter le rythme scolaire avec, en particulier, dans les coll\u00e8ges et les lyc\u00e9es,&nbsp; <strong>une semaine d&rsquo;enseignement distanciel entre le 6 et le 9 avril avant les vacances de printemps, et une autre semaine en distanciel du 26 au 30 avril<\/strong>. Il conviendra donc d&rsquo;adapter nos enseignements afin d&rsquo;assurer la continuit\u00e9 p\u00e9dagogique. Cette page vous propose quelques solutions et des pistes de travail afin de vous aider. Vous pouvez \u00e9galement consulter des <strong><span style=\"color: #008000;\"><a style=\"color: #008000;\" href=\"https:\/\/www.pedagogie.ac-nice.fr\/italien\/2020\/12\/20\/sequences-pedagogiques-pour-le-college\/\">s\u00e9quences cl\u00e9 en main pour le coll\u00e8ge<\/a><\/span><\/strong>&nbsp;et <a href=\"https:\/\/www.pedagogie.ac-nice.fr\/italien\/2020\/12\/20\/sequences-pedagogiques-pour-le-lycee\/\"><strong><span style=\"color: #ff0000;\">pour le lyc\u00e9e<\/span><\/strong><\/a>&nbsp;mises aimablement \u00e0 disposition par des professeurs de l&rsquo;acad\u00e9mie ; qu&rsquo;ils en soient sinc\u00e8rement remerci\u00e9s.<\/p>\n<p style=\"text-align: justify;\">Nous vous remercions pour votre investissement et votre engagement sans faille au service de nos \u00e9l\u00e8ves en cette p\u00e9riode si compliqu\u00e9e.<\/p>\n<p style=\"text-align: justify;\">Ci-dessous, <strong><span style=\"color: #008000;\"><a style=\"color: #008000;\" href=\"https:\/\/www.pedagogie.ac-nice.fr\/italien\/wp-content\/uploads\/sites\/44\/2021\/04\/Courrier_profs_avril_21.pdf\">la lettre<\/a> <\/span><\/strong>de M. Olivier Halbout, IA-IPR italien, au sujet de la continuit\u00e9 p\u00e9dagogique du mois d&rsquo;avril 2021. &nbsp;<\/p>\n<p>&nbsp;<\/p>\n<a href=\"https:\/\/www.pedagogie.ac-nice.fr\/italien\/wp-content\/uploads\/sites\/44\/2021\/04\/Courrier_profs_avril_21-1.pdf\" class=\"pdfemb-viewer\" style=\"\" data-width=\"max\" data-height=\"max\" data-toolbar=\"bottom\" data-toolbar-fixed=\"off\">Courrier_profs_avril_21<\/a>\n<p>&nbsp;<\/p>\n<p style=\"text-align: justify;\">Vous pouvez prendre connaissance de <a href=\"https:\/\/www.pedagogie.ac-nice.fr\/italien\/wp-content\/uploads\/sites\/44\/2021\/04\/1-4-21-circulaire-continuite_-avril-2021.pdf\"><strong><span style=\"color: #008000;\">la circulaire relative \u00e0 la continuit\u00e9 p\u00e9dagogique<\/span><\/strong><\/a> dans le cadre des mesures adopt\u00e9es \u00e0 compter du 6 avril 2021.<\/p>\n<p style=\"text-align: justify;\">&nbsp;<\/p>\n<p style=\"text-align: justify;\">D\u00e9couvrez ci-dessous<a href=\"https:\/\/www.pedagogie.ac-nice.fr\/italien\/wp-content\/uploads\/sites\/44\/2021\/04\/Fiche-reflexe.pdf\"><strong><span style=\"color: #008000;\"> la fiche r\u00e9flexe<\/span><\/strong><\/a> \u00e9dit\u00e9e par l&rsquo;acad\u00e9mie de Nice pour vous aider \u00e0 mettre en place la continuit\u00e9 p\u00e9dagogique.&nbsp;<\/p>\n<p style=\"text-align: justify;\"><a href=\"https:\/\/www.pedagogie.ac-nice.fr\/italien\/wp-content\/uploads\/sites\/44\/2021\/04\/Fiche-reflexe.pdf\" class=\"pdfemb-viewer\" style=\"\" data-width=\"max\" data-height=\"max\" data-toolbar=\"bottom\" data-toolbar-fixed=\"off\">Fiche reflexe<\/a><\/p>\n<p>&nbsp;<\/p>\n<p>Pour finir, vous pouvez consulter les liens ci-dessous pour vous accompagner dans la mise en place d&rsquo;un enseignement mixte ou \u00e0 distance.<\/p>\n<ul>\n<li><a href=\"https:\/\/www.pedagogie.ac-nice.fr\/italien\/2021\/01\/17\/la-continuite-pedagogique-en-lycee\/\"><em><strong>LA CONTINUIT\u00c9 P\u00c9DAGOGIQUE AU LYC\u00c9E<\/strong><\/em><\/a><\/li>\n<\/ul>\n<p>&nbsp;<\/p>\n<ul>\n<li><a href=\"https:\/\/www.pedagogie.ac-nice.fr\/italien\/2020\/12\/11\/sites-et-informations-de-leducation-nationale\/\"><strong><em>SITES ET INFORMATIONS DE L\u2019\u00c9DUCATION NATIONALE<\/em><\/strong><\/a><\/li>\n<\/ul>\n<p>&nbsp;<\/p>\n<ul>\n<li><a href=\"https:\/\/www.pedagogie.ac-nice.fr\/italien\/2020\/12\/11\/contributions-de-professeurs-de-lacademie-de-nice\/\"><em><strong>CONTRIBUTIONS DE PROFESSEURS DE L\u2019ACAD\u00c9MIE DE NICE<\/strong><\/em><\/a><\/li>\n<\/ul>\n<p>&nbsp;<\/p>\n<ul>\n<li><a href=\"https:\/\/www.pedagogie.ac-nice.fr\/italien\/2020\/12\/11\/contributions-de-professeurs-dautres-academies\/\"><strong><em>CONTRIBUTIONS DE PROFESSEURS D&rsquo;AUTRES ACAD\u00c9MIES<\/em><\/strong><\/a><\/li>\n<\/ul>\n<p>&nbsp;<\/p>\n<ul>\n<li><a href=\"https:\/\/www.pedagogie.ac-nice.fr\/italien\/2020\/12\/11\/autres-ressources-sur-des-sites-francais-ou-italiens\/\"><em><strong>AUTRES SITES FRAN\u00c7AIS OU ITALIENS<\/strong><\/em><\/a><\/li>\n<\/ul>\n<p>&nbsp;<\/p>\n","protected":false},"excerpt":{"rendered":"<p>La situation sanitaire tendue que nous connaissons \u00e0 nouveau nous impose d&rsquo;adapter le rythme scolaire avec, en particulier, dans les coll\u00e8ges et les lyc\u00e9es,&nbsp; une semaine d&rsquo;enseignement distanciel entre le 6 et le 9 avril avant les vacances de printemps, et une autre semaine en distanciel du 26 au 30 avril. Il conviendra donc d&rsquo;adapter &hellip; <\/p>\n<p><a class=\"more-link btn\" href=\"https:\/\/www.pedagogie.ac-nice.fr\/italien\/continuite-pedagogique-3\/\">Lire la suite<\/a><\/p>\n","protected":false},"author":248,"featured_media":1996,"parent":0,"menu_order":0,"comment_status":"closed","ping_status":"closed","template":"","meta":{"ngg_post_thumbnail":0,"footnotes":""},"class_list":["post-253","page","type-page","status-publish","has-post-thumbnail","hentry","nodate","item-wrap"],"rttpg_featured_image_url":{"full":["https:\/\/www.pedagogie.ac-nice.fr\/italien\/wp-content\/uploads\/sites\/44\/2021\/03\/CP.jpg",1099,489,false],"landscape":["https:\/\/www.pedagogie.ac-nice.fr\/italien\/wp-content\/uploads\/sites\/44\/2021\/03\/CP.jpg",1099,489,false],"portraits":["https:\/\/www.pedagogie.ac-nice.fr\/italien\/wp-content\/uploads\/sites\/44\/2021\/03\/CP.jpg",1099,489,false],"thumbnail":["https:\/\/www.pedagogie.ac-nice.fr\/italien\/wp-content\/uploads\/sites\/44\/2021\/03\/CP-150x150.jpg",150,150,true],"medium":["https:\/\/www.pedagogie.ac-nice.fr\/italien\/wp-content\/uploads\/sites\/44\/2021\/03\/CP-300x133.jpg",300,133,true],"large":["https:\/\/www.pedagogie.ac-nice.fr\/italien\/wp-content\/uploads\/sites\/44\/2021\/03\/CP-1024x456.jpg",555,247,true],"1536x1536":["https:\/\/www.pedagogie.ac-nice.fr\/italien\/wp-content\/uploads\/sites\/44\/2021\/03\/CP.jpg",1099,489,false],"2048x2048":["https:\/\/www.pedagogie.ac-nice.fr\/italien\/wp-content\/uploads\/sites\/44\/2021\/03\/CP.jpg",1099,489,false],"graphene_slider":["https:\/\/www.pedagogie.ac-nice.fr\/italien\/wp-content\/uploads\/sites\/44\/2021\/03\/CP-555x400.jpg",555,400,true],"graphene_featured_image":["https:\/\/www.pedagogie.ac-nice.fr\/italien\/wp-content\/uploads\/sites\/44\/2021\/03\/CP-555x247.jpg",555,247,true],"graphene-homepage-pane":["https:\/\/www.pedagogie.ac-nice.fr\/italien\/wp-content\/uploads\/sites\/44\/2021\/03\/CP-277x138.jpg",277,138,true],"post-thumbnail":["https:\/\/www.pedagogie.ac-nice.fr\/italien\/wp-content\/uploads\/sites\/44\/2021\/03\/CP-1099x250.jpg",1099,250,true],"advps-thumb-one":["https:\/\/www.pedagogie.ac-nice.fr\/italien\/wp-content\/uploads\/sites\/44\/2021\/03\/CP.jpg",494,220,false]},"rttpg_author":{"display_name":"Ari Bouaniche","author_link":"https:\/\/www.pedagogie.ac-nice.fr\/italien\/author\/portailanglais\/"},"rttpg_comment":0,"rttpg_category":null,"rttpg_excerpt":"La situation sanitaire tendue que nous connaissons \u00e0 nouveau nous impose d&rsquo;adapter le rythme scolaire avec, en particulier, dans les coll\u00e8ges et les lyc\u00e9es,&nbsp; une semaine d&rsquo;enseignement distanciel entre le 6 et le 9 avril avant les vacances de printemps, et une autre semaine en distanciel du 26 au 30 avril. Il conviendra donc d&rsquo;adapter\u2026","post_mailing_queue_ids":[],"_links":{"self":[{"href":"https:\/\/www.pedagogie.ac-nice.fr\/italien\/wp-json\/wp\/v2\/pages\/253","targetHints":{"allow":["GET"]}}],"collection":[{"href":"https:\/\/www.pedagogie.ac-nice.fr\/italien\/wp-json\/wp\/v2\/pages"}],"about":[{"href":"https:\/\/www.pedagogie.ac-nice.fr\/italien\/wp-json\/wp\/v2\/types\/page"}],"author":[{"embeddable":true,"href":"https:\/\/www.pedagogie.ac-nice.fr\/italien\/wp-json\/wp\/v2\/users\/248"}],"replies":[{"embeddable":true,"href":"https:\/\/www.pedagogie.ac-nice.fr\/italien\/wp-json\/wp\/v2\/comments?post=253"}],"version-history":[{"count":19,"href":"https:\/\/www.pedagogie.ac-nice.fr\/italien\/wp-json\/wp\/v2\/pages\/253\/revisions"}],"predecessor-version":[{"id":2022,"href":"https:\/\/www.pedagogie.ac-nice.fr\/italien\/wp-json\/wp\/v2\/pages\/253\/revisions\/2022"}],"wp:featuredmedia":[{"embeddable":true,"href":"https:\/\/www.pedagogie.ac-nice.fr\/italien\/wp-json\/wp\/v2\/media\/1996"}],"wp:attachment":[{"href":"https:\/\/www.pedagogie.ac-nice.fr\/italien\/wp-json\/wp\/v2\/media?parent=253"}],"curies":[{"name":"wp","href":"https:\/\/api.w.org\/{rel}","templated":true}]}}

CONTINUITÉ PÉDAGOGIQUE

<p style="text-align: justify;">La situation sanitaire tendue que nous connaissons à nouveau nous impose d&rsquo;adapter le rythme scolaire avec, en particulier, dans les collèges et les lycées,&nbsp; <strong>une semaine d&rsquo;enseignement distanciel entre le 6 et le 9 avril avant les vacances de printemps, et une autre semaine en distanciel du 26 au 30 avril</strong>. Il conviendra donc d&rsquo;adapter nos enseignements afin d&rsquo;assurer la continuité pédagogique. Cette page vous propose quelques solutions et des pistes de travail afin de vous aider. Vous pouvez également consulter des <strong><span style="color: #008000;"><a style="color: #008000;" href="https://www.pedagogie.ac-nice.fr/italien/2020/12/20/sequences-pedagogiques-pour-le-college/">séquences clé en main pour le collège</a></span></strong>&nbsp;et <a href="https://www.pedagogie.ac-nice.fr/italien/2020/12/20/sequences-pedagogiques-pour-le-lycee/"><strong><span style="color: #ff0000;">pour le lycée</span></strong></a>&nbsp;mises aimablement à disposition par des professeurs de l&rsquo;académie ; qu&rsquo;ils en soient sincèrement remerciés.</p>
<p style="text-align: justify;">Nous vous remercions pour votre investissement et votre engagement sans faille au service de nos élèves en cette période si compliquée.</p>
<p style="text-align: justify;">Ci-dessous, <strong><span style="color: #008000;"><a style="color: #008000;" href="https://www.pedagogie.ac-nice.fr/italien/wp-content/uploads/sites/44/2021/04/Courrier_profs_avril_21.pdf">la lettre</a> </span></strong>de M. Olivier Halbout, IA-IPR italien, au sujet de la continuité pédagogique du mois d&rsquo;avril 2021. &nbsp;</p>
<p>&nbsp;</p>
<a href="https://www.pedagogie.ac-nice.fr/italien/wp-content/uploads/sites/44/2021/04/Courrier_profs_avril_21-1.pdf" class="pdfemb-viewer" style="" data-width="max" data-height="max" data-toolbar="bottom" data-toolbar-fixed="off">Courrier_profs_avril_21</a>
<p>&nbsp;</p>
<p style="text-align: justify;">Vous pouvez prendre connaissance de <a href="https://www.pedagogie.ac-nice.fr/italien/wp-content/uploads/sites/44/2021/04/1-4-21-circulaire-continuite_-avril-2021.pdf"><strong><span style="color: #008000;">la circulaire relative à la continuité pédagogique</span></strong></a> dans le cadre des mesures adoptées à compter du 6 avril 2021.</p>
<p style="text-align: justify;">&nbsp;</p>
<p style="text-align: justify;">Découvrez ci-dessous<a href="https://www.pedagogie.ac-nice.fr/italien/wp-content/uploads/sites/44/2021/04/Fiche-reflexe.pdf"><strong><span style="color: #008000;"> la fiche réflexe</span></strong></a> éditée par l&rsquo;académie de Nice pour vous aider à mettre en place la continuité pédagogique.&nbsp;</p>
<p style="text-align: justify;"><a href="https://www.pedagogie.ac-nice.fr/italien/wp-content/uploads/sites/44/2021/04/Fiche-reflexe.pdf" class="pdfemb-viewer" style="" data-width="max" data-height="max" data-toolbar="bottom" data-toolbar-fixed="off">Fiche reflexe</a></p>
<p>&nbsp;</p>
<p>Pour finir, vous pouvez consulter les liens ci-dessous pour vous accompagner dans la mise en place d&rsquo;un enseignement mixte ou à distance.</p>
<ul>
<li><a href="https://www.pedagogie.ac-nice.fr/italien/2021/01/17/la-continuite-pedagogique-en-lycee/"><em><strong>LA CONTINUITÉ PÉDAGOGIQUE AU LYCÉE</strong></em></a></li>
</ul>
<p>&nbsp;</p>
<ul>
<li><a href="https://www.pedagogie.ac-nice.fr/italien/2020/12/11/sites-et-informations-de-leducation-nationale/"><strong><em>SITES ET INFORMATIONS DE L’ÉDUCATION NATIONALE</em></strong></a></li>
</ul>
<p>&nbsp;</p>
<ul>
<li><a href="https://www.pedagogie.ac-nice.fr/italien/2020/12/11/contributions-de-professeurs-de-lacademie-de-nice/"><em><strong>CONTRIBUTIONS DE PROFESSEURS DE L’ACADÉMIE DE NICE</strong></em></a></li>
</ul>
<p>&nbsp;</p>
<ul>
<li><a href="https://www.pedagogie.ac-nice.fr/italien/2020/12/11/contributions-de-professeurs-dautres-academies/"><strong><em>CONTRIBUTIONS DE PROFESSEURS D&rsquo;AUTRES ACADÉMIES</em></strong></a></li>
</ul>
<p>&nbsp;</p>
<ul>
<li><a href="https://www.pedagogie.ac-nice.fr/italien/2020/12/11/autres-ressources-sur-des-sites-francais-ou-italiens/"><em><strong>AUTRES SITES FRANÇAIS OU ITALIENS</strong></em></a></li>
</ul>
<p>&nbsp;</p>

<p>La situation sanitaire tendue que nous connaissons à nouveau nous impose d&rsquo;adapter le rythme scolaire avec, en particulier, dans les collèges et les lycées,&nbsp; une semaine d&rsquo;enseignement distanciel entre le 6 et le 9 avril avant les vacances de printemps, et une autre semaine en distanciel du 26 au 30 avril. Il conviendra donc d&rsquo;adapter &hellip; </p>
<p><a class="more-link btn" href="https://www.pedagogie.ac-nice.fr/italien/continuite-pedagogique-3/">Lire la suite</a></p>

La situation sanitaire tendue que nous connaissons à nouveau nous impose d&rsquo;adapter le rythme scolaire avec, en particulier, dans les collèges et les lycées,&nbsp; une semaine d&rsquo;enseignement distanciel entre le 6 et le 9 avril avant les vacances de printemps, et une autre semaine en distanciel du 26 au 30 avril. Il conviendra donc d&rsquo;adapter…
