{"id":382,"date":"2020-12-12T00:15:25","date_gmt":"2020-12-11T23:15:25","guid":{"rendered":"https:\/\/www.pedagogie.ac-nice.fr\/italien\/?page_id=382"},"modified":"2021-01-31T21:27:45","modified_gmt":"2021-01-31T20:27:45","slug":"litalien-dans-lacademie-6","status":"publish","type":"page","link":"https:\/\/www.pedagogie.ac-nice.fr\/italien\/litalien-dans-lacademie-6\/","title":{"rendered":"L&rsquo;ITALIEN DANS L\u2019ACAD\u00c9MIE"},"content":{"rendered":"<ul>\n<li><a href=\"https:\/\/www.pedagogie.ac-nice.fr\/italien\/2020\/12\/19\/carte-de-lenseignement-de-litalien-dans-lacademie-de-nice\/\">Carte de l&rsquo;enseignement de l&rsquo;italien<\/a><\/li>\n<li><a href=\"https:\/\/www.pedagogie.ac-nice.fr\/italien\/2020\/12\/20\/lactualite-des-projets-et-productions-en-italien-pour-lecole-maternelle-et-primaire\/\">L&rsquo;actualit\u00e9 de l&rsquo;enseignement de l&rsquo;italien pour l&rsquo;\u00e9cole maternelle et primaire<\/a><\/li>\n<li><a href=\"https:\/\/www.pedagogie.ac-nice.fr\/italien\/2021\/01\/31\/lactualite-de-litalien-au-college-et-au-lycee\/\">L&rsquo;actualit\u00e9 de l&rsquo;italien au coll\u00e8ge et au lyc\u00e9e<\/a><\/li>\n<li><a href=\"https:\/\/www.pedagogie.ac-nice.fr\/italien\/2020\/12\/19\/litalien-dans-le-superieur\/\">L&rsquo;italien dans le sup\u00e9rieur<\/a><\/li>\n<li><a href=\"https:\/\/www.pedagogie.ac-nice.fr\/italien\/2020\/12\/19\/liste-des-partenariats-et-appariements-dans-lacademie-de-nice\/\">Liste des partenariats et appariements dans l&rsquo;acad\u00e9mie<\/a><\/li>\n<li><a href=\"https:\/\/www.pedagogie.ac-nice.fr\/italien\/2020\/12\/19\/louverture-europeenne-et-internationale\/\">L&rsquo;ouverture europ\u00e9enne et internationale<\/a><\/li>\n<li><a href=\"https:\/\/www.pedagogie.ac-nice.fr\/italien\/2020\/12\/19\/manifestations-et-evenements\/\">Manifestations et \u00e9v\u00e9nements<\/a><\/li>\n<li><a href=\"https:\/\/www.pedagogie.ac-nice.fr\/italien\/2012\/01\/05\/adresses\/\">Adresses utiles<\/a><\/li>\n<\/ul>\n","protected":false},"excerpt":{"rendered":"<p>Carte de l&rsquo;enseignement de l&rsquo;italien L&rsquo;actualit\u00e9 de l&rsquo;enseignement de l&rsquo;italien pour l&rsquo;\u00e9cole maternelle et primaire L&rsquo;actualit\u00e9 de l&rsquo;italien au coll\u00e8ge et au lyc\u00e9e L&rsquo;italien dans le sup\u00e9rieur Liste des partenariats et appariements dans l&rsquo;acad\u00e9mie L&rsquo;ouverture europ\u00e9enne et internationale Manifestations et \u00e9v\u00e9nements Adresses utiles<\/p>\n","protected":false},"author":263,"featured_media":0,"parent":0,"menu_order":1,"comment_status":"closed","ping_status":"closed","template":"","meta":{"ngg_post_thumbnail":0,"footnotes":""},"class_list":["post-382","page","type-page","status-publish","hentry","nodate","item-wrap"],"rttpg_featured_image_url":null,"rttpg_author":{"display_name":"florentdemoulin","author_link":"https:\/\/www.pedagogie.ac-nice.fr\/italien\/author\/florentdemoulin\/"},"rttpg_comment":0,"rttpg_category":null,"rttpg_excerpt":"Carte de l&rsquo;enseignement de l&rsquo;italien L&rsquo;actualit\u00e9 de l&rsquo;enseignement de l&rsquo;italien pour l&rsquo;\u00e9cole maternelle et primaire L&rsquo;actualit\u00e9 de l&rsquo;italien au coll\u00e8ge et au lyc\u00e9e L&rsquo;italien dans le sup\u00e9rieur Liste des partenariats et appariements dans l&rsquo;acad\u00e9mie L&rsquo;ouverture europ\u00e9enne et internationale Manifestations et \u00e9v\u00e9nements Adresses utiles","post_mailing_queue_ids":[],"_links":{"self":[{"href":"https:\/\/www.pedagogie.ac-nice.fr\/italien\/wp-json\/wp\/v2\/pages\/382","targetHints":{"allow":["GET"]}}],"collection":[{"href":"https:\/\/www.pedagogie.ac-nice.fr\/italien\/wp-json\/wp\/v2\/pages"}],"about":[{"href":"https:\/\/www.pedagogie.ac-nice.fr\/italien\/wp-json\/wp\/v2\/types\/page"}],"author":[{"embeddable":true,"href":"https:\/\/www.pedagogie.ac-nice.fr\/italien\/wp-json\/wp\/v2\/users\/263"}],"replies":[{"embeddable":true,"href":"https:\/\/www.pedagogie.ac-nice.fr\/italien\/wp-json\/wp\/v2\/comments?post=382"}],"version-history":[{"count":14,"href":"https:\/\/www.pedagogie.ac-nice.fr\/italien\/wp-json\/wp\/v2\/pages\/382\/revisions"}],"predecessor-version":[{"id":1729,"href":"https:\/\/www.pedagogie.ac-nice.fr\/italien\/wp-json\/wp\/v2\/pages\/382\/revisions\/1729"}],"wp:attachment":[{"href":"https:\/\/www.pedagogie.ac-nice.fr\/italien\/wp-json\/wp\/v2\/media?parent=382"}],"curies":[{"name":"wp","href":"https:\/\/api.w.org\/{rel}","templated":true}]}}