{"id":619,"date":"2020-12-17T08:41:34","date_gmt":"2020-12-17T07:41:34","guid":{"rendered":"https:\/\/www.pedagogie.ac-nice.fr\/italien\/?page_id=619"},"modified":"2021-05-04T21:26:43","modified_gmt":"2021-05-04T19:26:43","slug":"se-former","status":"publish","type":"page","link":"https:\/\/www.pedagogie.ac-nice.fr\/italien\/se-former\/","title":{"rendered":"SE FORMER"},"content":{"rendered":"<p>Vous d\u00e9couvrirez sur cette page les opportunit\u00e9s de formation initiale et continue propos\u00e9es en italien dans l&rsquo;acad\u00e9mie de Nice.<\/p>\n<p>&#8211; <a href=\"https:\/\/www.pedagogie.ac-nice.fr\/italien\/2021\/05\/04\/les-programmes-de-concours\/\">Les programmes de concours<\/a><\/p>\n<p>&#8211; <a style=\"-webkit-text-size-adjust: 100%;\" href=\"https:\/\/www.pedagogie.ac-nice.fr\/italien\/2020\/12\/17\/le-plan-academique-de-formation-en-italien\/\">Le Plan Acad\u00e9mique de Formation en italien<\/a><\/p>\n<p>&#8211; <a href=\"https:\/\/www.pedagogie.ac-nice.fr\/italien\/2020\/12\/17\/preparation-a-lagregation-interne-ditalien\/\">Focus sur la pr\u00e9paration \u00e0 l&rsquo;agr\u00e9gation interne d&rsquo;italien<\/a><\/p>\n<p>&nbsp;<\/p>\n","protected":false},"excerpt":{"rendered":"<p>Vous d\u00e9couvrirez sur cette page les opportunit\u00e9s de formation initiale et continue propos\u00e9es en italien dans l&rsquo;acad\u00e9mie de Nice. &#8211; Les programmes de concours &#8211; Le Plan Acad\u00e9mique de Formation en italien &#8211; Focus sur la pr\u00e9paration \u00e0 l&rsquo;agr\u00e9gation interne d&rsquo;italien &nbsp;<\/p>\n","protected":false},"author":263,"featured_media":0,"parent":0,"menu_order":0,"comment_status":"closed","ping_status":"closed","template":"","meta":{"ngg_post_thumbnail":0,"footnotes":""},"class_list":["post-619","page","type-page","status-publish","hentry","nodate","item-wrap"],"rttpg_featured_image_url":null,"rttpg_author":{"display_name":"florentdemoulin","author_link":"https:\/\/www.pedagogie.ac-nice.fr\/italien\/author\/florentdemoulin\/"},"rttpg_comment":0,"rttpg_category":null,"rttpg_excerpt":"Vous d\u00e9couvrirez sur cette page les opportunit\u00e9s de formation initiale et continue propos\u00e9es en italien dans l&rsquo;acad\u00e9mie de Nice. &#8211; Les programmes de concours &#8211; Le Plan Acad\u00e9mique de Formation en italien &#8211; Focus sur la pr\u00e9paration \u00e0 l&rsquo;agr\u00e9gation interne d&rsquo;italien &nbsp;","post_mailing_queue_ids":[],"_links":{"self":[{"href":"https:\/\/www.pedagogie.ac-nice.fr\/italien\/wp-json\/wp\/v2\/pages\/619","targetHints":{"allow":["GET"]}}],"collection":[{"href":"https:\/\/www.pedagogie.ac-nice.fr\/italien\/wp-json\/wp\/v2\/pages"}],"about":[{"href":"https:\/\/www.pedagogie.ac-nice.fr\/italien\/wp-json\/wp\/v2\/types\/page"}],"author":[{"embeddable":true,"href":"https:\/\/www.pedagogie.ac-nice.fr\/italien\/wp-json\/wp\/v2\/users\/263"}],"replies":[{"embeddable":true,"href":"https:\/\/www.pedagogie.ac-nice.fr\/italien\/wp-json\/wp\/v2\/comments?post=619"}],"version-history":[{"count":6,"href":"https:\/\/www.pedagogie.ac-nice.fr\/italien\/wp-json\/wp\/v2\/pages\/619\/revisions"}],"predecessor-version":[{"id":2183,"href":"https:\/\/www.pedagogie.ac-nice.fr\/italien\/wp-json\/wp\/v2\/pages\/619\/revisions\/2183"}],"wp:attachment":[{"href":"https:\/\/www.pedagogie.ac-nice.fr\/italien\/wp-json\/wp\/v2\/media?parent=619"}],"curies":[{"name":"wp","href":"https:\/\/api.w.org\/{rel}","templated":true}]}}