{"id":1229,"date":"2019-08-30T07:25:53","date_gmt":"2019-08-30T05:25:53","guid":{"rendered":"https:\/\/www.pedagogie.ac-nice.fr\/mathematiques\/?page_id=1229"},"modified":"2020-04-28T21:46:57","modified_gmt":"2020-04-28T19:46:57","slug":"plan-villani-torossian","status":"publish","type":"page","link":"https:\/\/www.pedagogie.ac-nice.fr\/mathematiques\/plan-villani-torossian\/","title":{"rendered":"G\u00e9n\u00e9ralit\u00e9s"},"content":{"rendered":"<p><span style=\"font-size: 14pt;\"><strong>21 mesures pour l\u2019enseignement des math\u00e9matiques\u00a0 <span style=\"font-size: 8pt;\">(Source : http:\/\/www.education.gouv.fr\/)<\/span><\/strong><\/span><\/p>\n<p>Jean-Michel Blanquer a confi\u00e9 une mission sur les math\u00e9matiques \u00e0 une \u00e9quipe men\u00e9e par C\u00e9dric Villani, d\u00e9put\u00e9 de l\u2019Essonne, et Charles Torossian, inspecteur g\u00e9n\u00e9ral de l\u2019\u00e9ducation nationale. Le rapport sur l\u2019enseignement des math\u00e9matiques en France a \u00e9t\u00e9 remis au ministre de l\u2019\u00c9ducation nationale le lundi 12 f\u00e9vrier 2018. La mission \u00e9tait charg\u00e9e d\u2019\u00e9tablir un bilan des forces et des faiblesses actuelles, de pr\u00e9ciser les points de blocage et les leviers potentiels avant de formuler des propositions concr\u00e8tes en s\u2019inspirant des pratiques les plus concluantes et \u00e0 la lumi\u00e8re des \u00e9tudes internationales.<\/p>\n<p>&nbsp;<\/p>\n<p><a href=\"https:\/\/cache.media.eduscol.education.fr\/file\/Maths_-_21_mesures\/61\/3\/Rapport_Villani_Torossian_21_mesures_pour_enseignement_des_mathematiques_1203613.pdf\" target=\"_blank\" rel=\"noopener noreferrer\"><img loading=\"lazy\" decoding=\"async\" class=\"wp-image-1231 alignleft\" src=\"https:\/\/www.pedagogie.ac-nice.fr\/mathematiques\/wp-content\/uploads\/sites\/30\/2019\/08\/TG181_06_img1-212x300.jpg\" alt=\"\" width=\"239\" height=\"338\" srcset=\"https:\/\/www.pedagogie.ac-nice.fr\/mathematiques\/wp-content\/uploads\/sites\/30\/2019\/08\/TG181_06_img1-212x300.jpg 212w, https:\/\/www.pedagogie.ac-nice.fr\/mathematiques\/wp-content\/uploads\/sites\/30\/2019\/08\/TG181_06_img1-106x150.jpg 106w, https:\/\/www.pedagogie.ac-nice.fr\/mathematiques\/wp-content\/uploads\/sites\/30\/2019\/08\/TG181_06_img1.jpg 250w\" sizes=\"(max-width: 239px) 100vw, 239px\" \/><\/a>Le rapport sur l\u2019enseignement des math\u00e9matiques par C\u00e9dric Villani, d\u00e9put\u00e9 de l\u2019Essonne, et Charles Torossian, inspecteur g\u00e9n\u00e9ral de l\u2019\u00e9ducation nationale : <strong><em>21 mesures pour l\u2019enseignement des math\u00e9matiques<\/em><\/strong>, 12 f\u00e9vrier 2018.<\/p>\n<p><em><strong><br \/>\nDes liens sur la mission Villani-Torossian :<\/strong><\/em><\/p>\n<p>&nbsp;<\/p>\n<div>\n<p style=\"padding-left: 360px;\"><a href=\"https:\/\/www.education.gouv.fr\" target=\"_blank\" rel=\"noopener noreferrer\"><img loading=\"lazy\" decoding=\"async\" class=\" wp-image-2764 alignleft\" src=\"https:\/\/www.pedagogie.ac-nice.fr\/mathematiques\/wp-content\/uploads\/sites\/30\/2020\/04\/logo-minist\u00e8re.png\" alt=\"\" width=\"95\" height=\"75\" srcset=\"https:\/\/www.pedagogie.ac-nice.fr\/mathematiques\/wp-content\/uploads\/sites\/30\/2020\/04\/logo-minist\u00e8re.png 200w, https:\/\/www.pedagogie.ac-nice.fr\/mathematiques\/wp-content\/uploads\/sites\/30\/2020\/04\/logo-minist\u00e8re-150x119.png 150w\" sizes=\"(max-width: 95px) 100vw, 95px\" \/><\/a><a href=\"https:\/\/www.education.gouv.fr\/21-mesures-pour-l-enseignement-des-mathematiques-3242\" target=\"_blank\" rel=\"noopener noreferrer\">https:\/\/www.education.gouv.fr<\/a><\/p>\n<p>&nbsp;<\/p>\n<p>&nbsp;<\/p>\n<\/div>\n<div style=\"padding-left: 80px;\">\n<p style=\"padding-left: 240px;\"><a href=\"https:\/\/eduscol.education.fr\/pid39260\/21-mesures-pour-l-enseignement-des-mathematiques.html\" target=\"_blank\" rel=\"noopener noreferrer\"><img loading=\"lazy\" decoding=\"async\" class=\"wp-image-1567 alignleft\" src=\"https:\/\/www.pedagogie.ac-nice.fr\/mathematiques\/wp-content\/uploads\/sites\/30\/2019\/11\/eduscol-logo.png\" alt=\"\" width=\"150\" height=\"59\" srcset=\"https:\/\/www.pedagogie.ac-nice.fr\/mathematiques\/wp-content\/uploads\/sites\/30\/2019\/11\/eduscol-logo.png 487w, https:\/\/www.pedagogie.ac-nice.fr\/mathematiques\/wp-content\/uploads\/sites\/30\/2019\/11\/eduscol-logo-150x59.png 150w, https:\/\/www.pedagogie.ac-nice.fr\/mathematiques\/wp-content\/uploads\/sites\/30\/2019\/11\/eduscol-logo-300x118.png 300w\" sizes=\"(max-width: 150px) 100vw, 150px\" \/>https:\/\/eduscol.education.fr <\/a><\/p>\n<\/div>\n<p>&nbsp;<\/p>\n<div>\n<p>&nbsp;<\/p>\n<\/div>\n<p>&nbsp;<\/p>\n<p>&nbsp;<\/p>\n<p>&nbsp;<\/p>\n<p><a href=\"https:\/\/www.ih2ef.education.fr\/fileadmin\/user_upload\/Modules\/Ressources\/Conferences\/html\/17-18\/villani_c\/co\/villani_c_ameliorer_enseignement_mathematiques.html\" target=\"_blank\" rel=\"noopener noreferrer\"><img loading=\"lazy\" decoding=\"async\" class=\"alignleft wp-image-1233\" src=\"https:\/\/www.pedagogie.ac-nice.fr\/mathematiques\/wp-content\/uploads\/sites\/30\/2019\/08\/index2.png\" alt=\"\" width=\"217\" height=\"131\" srcset=\"https:\/\/www.pedagogie.ac-nice.fr\/mathematiques\/wp-content\/uploads\/sites\/30\/2019\/08\/index2.png 290w, https:\/\/www.pedagogie.ac-nice.fr\/mathematiques\/wp-content\/uploads\/sites\/30\/2019\/08\/index2-150x90.png 150w\" sizes=\"(max-width: 217px) 100vw, 217px\" \/><\/a><\/p>\n<p>&nbsp;<\/p>\n<p>La conf\u00e9rence de C\u00e9dric Villani, <strong><em>Am\u00e9liorer l\u2019enseignement des math\u00e9matiques<\/em><\/strong>, IH2EF, mars 2018.<\/p>\n<p>&nbsp;<\/p>\n<p>&nbsp;<\/p>\n<p><a href=\"http:\/\/centre-alain-savary.ens-lyon.fr\/CAS\/mathematiques-en-education-prioritaire\/rapport-villani-torossian-ou-en-est-on-quels-conseils-pour-poursuivre\" target=\"_blank\" rel=\"noopener noreferrer\"><img loading=\"lazy\" decoding=\"async\" class=\"alignleft wp-image-1232 \" src=\"https:\/\/www.pedagogie.ac-nice.fr\/mathematiques\/wp-content\/uploads\/sites\/30\/2019\/08\/index.png\" alt=\"\" width=\"213\" height=\"129\" srcset=\"https:\/\/www.pedagogie.ac-nice.fr\/mathematiques\/wp-content\/uploads\/sites\/30\/2019\/08\/index.png 288w, https:\/\/www.pedagogie.ac-nice.fr\/mathematiques\/wp-content\/uploads\/sites\/30\/2019\/08\/index-150x91.png 150w\" sizes=\"(max-width: 213px) 100vw, 213px\" \/><\/a><\/p>\n<p>La conf\u00e9rence de Charles Torossian, <strong><em>Rapport Villani-Torossian. O\u00f9 en est-on ? Quels conseils pour poursuivre ?<\/em><\/strong>, IFE, juin 2019.<\/p>\n<p>&nbsp;<\/p>\n<p>&nbsp;<\/p>\n<p>&nbsp;<\/p>\n<p>&nbsp;<\/p>\n","protected":false},"excerpt":{"rendered":"<p>21 mesures pour l\u2019enseignement des math\u00e9matiques\u00a0 (Source : http:\/\/www.education.gouv.fr\/) Jean-Michel Blanquer a confi\u00e9 une mission sur les math\u00e9matiques \u00e0 une \u00e9quipe men\u00e9e par C\u00e9dric Villani, d\u00e9put\u00e9 de l\u2019Essonne, et Charles Torossian, inspecteur g\u00e9n\u00e9ral de l\u2019\u00e9ducation nationale. Le rapport sur l\u2019enseignement des math\u00e9matiques en France a \u00e9t\u00e9 remis au ministre de l\u2019\u00c9ducation nationale le lundi 12 [&hellip;]<\/p>\n","protected":false},"author":202,"featured_media":0,"parent":0,"menu_order":0,"comment_status":"closed","ping_status":"closed","template":"","meta":{"_et_pb_use_builder":"","_et_pb_old_content":"","_et_gb_content_width":"","ngg_post_thumbnail":0,"footnotes":""},"class_list":["post-1229","page","type-page","status-publish","hentry"],"rttpg_featured_image_url":null,"rttpg_author":{"display_name":"admin","author_link":"https:\/\/www.pedagogie.ac-nice.fr\/mathematiques\/author\/opilorget\/"},"rttpg_comment":0,"rttpg_category":null,"rttpg_excerpt":"21 mesures pour l\u2019enseignement des math\u00e9matiques\u00a0 (Source : http:\/\/www.education.gouv.fr\/) Jean-Michel Blanquer a confi\u00e9 une mission sur les math\u00e9matiques \u00e0 une \u00e9quipe men\u00e9e par C\u00e9dric Villani, d\u00e9put\u00e9 de l\u2019Essonne, et Charles Torossian, inspecteur g\u00e9n\u00e9ral de l\u2019\u00e9ducation nationale. Le rapport sur l\u2019enseignement des math\u00e9matiques en France a \u00e9t\u00e9 remis au ministre de l\u2019\u00c9ducation nationale le lundi 12\u2026","post_mailing_queue_ids":[],"_links":{"self":[{"href":"https:\/\/www.pedagogie.ac-nice.fr\/mathematiques\/wp-json\/wp\/v2\/pages\/1229","targetHints":{"allow":["GET"]}}],"collection":[{"href":"https:\/\/www.pedagogie.ac-nice.fr\/mathematiques\/wp-json\/wp\/v2\/pages"}],"about":[{"href":"https:\/\/www.pedagogie.ac-nice.fr\/mathematiques\/wp-json\/wp\/v2\/types\/page"}],"author":[{"embeddable":true,"href":"https:\/\/www.pedagogie.ac-nice.fr\/mathematiques\/wp-json\/wp\/v2\/users\/202"}],"replies":[{"embeddable":true,"href":"https:\/\/www.pedagogie.ac-nice.fr\/mathematiques\/wp-json\/wp\/v2\/comments?post=1229"}],"version-history":[{"count":22,"href":"https:\/\/www.pedagogie.ac-nice.fr\/mathematiques\/wp-json\/wp\/v2\/pages\/1229\/revisions"}],"predecessor-version":[{"id":2778,"href":"https:\/\/www.pedagogie.ac-nice.fr\/mathematiques\/wp-json\/wp\/v2\/pages\/1229\/revisions\/2778"}],"wp:attachment":[{"href":"https:\/\/www.pedagogie.ac-nice.fr\/mathematiques\/wp-json\/wp\/v2\/media?parent=1229"}],"curies":[{"name":"wp","href":"https:\/\/api.w.org\/{rel}","templated":true}]}}

Généralités

<p><span style="font-size: 14pt;"><strong>21 mesures pour l’enseignement des mathématiques  <span style="font-size: 8pt;">(Source : http://www.education.gouv.fr/)</span></strong></span></p>
<p>Jean-Michel Blanquer a confié une mission sur les mathématiques à une équipe menée par Cédric Villani, député de l’Essonne, et Charles Torossian, inspecteur général de l’éducation nationale. Le rapport sur l’enseignement des mathématiques en France a été remis au ministre de l’Éducation nationale le lundi 12 février 2018. La mission était chargée d’établir un bilan des forces et des faiblesses actuelles, de préciser les points de blocage et les leviers potentiels avant de formuler des propositions concrètes en s’inspirant des pratiques les plus concluantes et à la lumière des études internationales.</p>
<p>&nbsp;</p>
<p><a href="https://cache.media.eduscol.education.fr/file/Maths_-_21_mesures/61/3/Rapport_Villani_Torossian_21_mesures_pour_enseignement_des_mathematiques_1203613.pdf" target="_blank" rel="noopener noreferrer"><img loading="lazy" decoding="async" class="wp-image-1231 alignleft" src="https://www.pedagogie.ac-nice.fr/mathematiques/wp-content/uploads/sites/30/2019/08/TG181_06_img1-212x300.jpg" alt="" width="239" height="338" srcset="https://www.pedagogie.ac-nice.fr/mathematiques/wp-content/uploads/sites/30/2019/08/TG181_06_img1-212x300.jpg 212w, https://www.pedagogie.ac-nice.fr/mathematiques/wp-content/uploads/sites/30/2019/08/TG181_06_img1-106x150.jpg 106w, https://www.pedagogie.ac-nice.fr/mathematiques/wp-content/uploads/sites/30/2019/08/TG181_06_img1.jpg 250w" sizes="(max-width: 239px) 100vw, 239px" /></a>Le rapport sur l’enseignement des mathématiques par Cédric Villani, député de l’Essonne, et Charles Torossian, inspecteur général de l’éducation nationale : <strong><em>21 mesures pour l’enseignement des mathématiques</em></strong>, 12 février 2018.</p>
<p><em><strong><br />
Des liens sur la mission Villani-Torossian :</strong></em></p>
<p>&nbsp;</p>
<div>
<p style="padding-left: 360px;"><a href="https://www.education.gouv.fr" target="_blank" rel="noopener noreferrer"><img loading="lazy" decoding="async" class=" wp-image-2764 alignleft" src="https://www.pedagogie.ac-nice.fr/mathematiques/wp-content/uploads/sites/30/2020/04/logo-ministère.png" alt="" width="95" height="75" srcset="https://www.pedagogie.ac-nice.fr/mathematiques/wp-content/uploads/sites/30/2020/04/logo-ministère.png 200w, https://www.pedagogie.ac-nice.fr/mathematiques/wp-content/uploads/sites/30/2020/04/logo-ministère-150x119.png 150w" sizes="(max-width: 95px) 100vw, 95px" /></a><a href="https://www.education.gouv.fr/21-mesures-pour-l-enseignement-des-mathematiques-3242" target="_blank" rel="noopener noreferrer">https://www.education.gouv.fr</a></p>
<p>&nbsp;</p>
<p>&nbsp;</p>
</div>
<div style="padding-left: 80px;">
<p style="padding-left: 240px;"><a href="https://eduscol.education.fr/pid39260/21-mesures-pour-l-enseignement-des-mathematiques.html" target="_blank" rel="noopener noreferrer"><img loading="lazy" decoding="async" class="wp-image-1567 alignleft" src="https://www.pedagogie.ac-nice.fr/mathematiques/wp-content/uploads/sites/30/2019/11/eduscol-logo.png" alt="" width="150" height="59" srcset="https://www.pedagogie.ac-nice.fr/mathematiques/wp-content/uploads/sites/30/2019/11/eduscol-logo.png 487w, https://www.pedagogie.ac-nice.fr/mathematiques/wp-content/uploads/sites/30/2019/11/eduscol-logo-150x59.png 150w, https://www.pedagogie.ac-nice.fr/mathematiques/wp-content/uploads/sites/30/2019/11/eduscol-logo-300x118.png 300w" sizes="(max-width: 150px) 100vw, 150px" />https://eduscol.education.fr </a></p>
</div>
<p>&nbsp;</p>
<div>
<p>&nbsp;</p>
</div>
<p>&nbsp;</p>
<p>&nbsp;</p>
<p>&nbsp;</p>
<p><a href="https://www.ih2ef.education.fr/fileadmin/user_upload/Modules/Ressources/Conferences/html/17-18/villani_c/co/villani_c_ameliorer_enseignement_mathematiques.html" target="_blank" rel="noopener noreferrer"><img loading="lazy" decoding="async" class="alignleft wp-image-1233" src="https://www.pedagogie.ac-nice.fr/mathematiques/wp-content/uploads/sites/30/2019/08/index2.png" alt="" width="217" height="131" srcset="https://www.pedagogie.ac-nice.fr/mathematiques/wp-content/uploads/sites/30/2019/08/index2.png 290w, https://www.pedagogie.ac-nice.fr/mathematiques/wp-content/uploads/sites/30/2019/08/index2-150x90.png 150w" sizes="(max-width: 217px) 100vw, 217px" /></a></p>
<p>&nbsp;</p>
<p>La conférence de Cédric Villani, <strong><em>Améliorer l’enseignement des mathématiques</em></strong>, IH2EF, mars 2018.</p>
<p>&nbsp;</p>
<p>&nbsp;</p>
<p><a href="http://centre-alain-savary.ens-lyon.fr/CAS/mathematiques-en-education-prioritaire/rapport-villani-torossian-ou-en-est-on-quels-conseils-pour-poursuivre" target="_blank" rel="noopener noreferrer"><img loading="lazy" decoding="async" class="alignleft wp-image-1232 " src="https://www.pedagogie.ac-nice.fr/mathematiques/wp-content/uploads/sites/30/2019/08/index.png" alt="" width="213" height="129" srcset="https://www.pedagogie.ac-nice.fr/mathematiques/wp-content/uploads/sites/30/2019/08/index.png 288w, https://www.pedagogie.ac-nice.fr/mathematiques/wp-content/uploads/sites/30/2019/08/index-150x91.png 150w" sizes="(max-width: 213px) 100vw, 213px" /></a></p>
<p>La conférence de Charles Torossian, <strong><em>Rapport Villani-Torossian. Où en est-on ? Quels conseils pour poursuivre ?</em></strong>, IFE, juin 2019.</p>
<p>&nbsp;</p>
<p>&nbsp;</p>
<p>&nbsp;</p>
<p>&nbsp;</p>

<p>21 mesures pour l’enseignement des mathématiques  (Source : http://www.education.gouv.fr/) Jean-Michel Blanquer a confié une mission sur les mathématiques à une équipe menée par Cédric Villani, député de l’Essonne, et Charles Torossian, inspecteur général de l’éducation nationale. Le rapport sur l’enseignement des mathématiques en France a été remis au ministre de l’Éducation nationale le lundi 12 [&hellip;]</p>

21 mesures pour l’enseignement des mathématiques  (Source : http://www.education.gouv.fr/) Jean-Michel Blanquer a confié une mission sur les mathématiques à une équipe menée par Cédric Villani, député de l’Essonne, et Charles Torossian, inspecteur général de l’éducation nationale. Le rapport sur l’enseignement des mathématiques en France a été remis au ministre de l’Éducation nationale le lundi 12…
