{"id":12788,"date":"2025-08-28T15:55:21","date_gmt":"2025-08-28T13:55:21","guid":{"rendered":"https:\/\/www.pedagogie.ac-nice.fr\/mathematiques\/?page_id=12788"},"modified":"2025-08-28T15:55:24","modified_gmt":"2025-08-28T13:55:24","slug":"programmes-en-vigueur-au-college-rentree-2025","status":"publish","type":"page","link":"https:\/\/www.pedagogie.ac-nice.fr\/mathematiques\/programmes-en-vigueur-au-college-rentree-2025\/","title":{"rendered":"Programmes en vigueur au coll\u00e8ge &#8211; rentr\u00e9e 2025"},"content":{"rendered":"<p>[et_pb_section fb_built=\u00a0\u00bb1&Prime; _builder_version=\u00a0\u00bb4.27.4&Prime; _module_preset=\u00a0\u00bbdefault\u00a0\u00bb global_colors_info=\u00a0\u00bb{}\u00a0\u00bb][et_pb_row _builder_version=\u00a0\u00bb4.27.4&Prime; _module_preset=\u00a0\u00bbdefault\u00a0\u00bb global_colors_info=\u00a0\u00bb{}\u00a0\u00bb][et_pb_column type=\u00a0\u00bb4_4&Prime; _builder_version=\u00a0\u00bb4.27.4&Prime; _module_preset=\u00a0\u00bbdefault\u00a0\u00bb global_colors_info=\u00a0\u00bb{}\u00a0\u00bb][et_pb_text _builder_version=\u00a0\u00bb4.27.4&Prime; _module_preset=\u00a0\u00bbdefault\u00a0\u00bb background_color=\u00a0\u00bb#d6d6d6&Prime; global_colors_info=\u00a0\u00bb{}\u00a0\u00bb]<\/p>\n<h2 style=\"text-align: center;\"><span style=\"font-size: 14pt; color: #000080;\"><strong> Nouveau programme de math\u00e9matiques du cycle 3 &#8211; BO du 17 avril 2025<\/strong><\/span><\/h2>\n<p>[\/et_pb_text][\/et_pb_column][\/et_pb_row][et_pb_row _builder_version=\u00a0\u00bb4.27.4&Prime; _module_preset=\u00a0\u00bbdefault\u00a0\u00bb global_colors_info=\u00a0\u00bb{}\u00a0\u00bb][et_pb_column type=\u00a0\u00bb4_4&Prime; _builder_version=\u00a0\u00bb4.27.4&Prime; _module_preset=\u00a0\u00bbdefault\u00a0\u00bb global_colors_info=\u00a0\u00bb{}\u00a0\u00bb][et_pb_text _builder_version=\u00a0\u00bb4.27.4&Prime; _module_preset=\u00a0\u00bbdefault\u00a0\u00bb global_colors_info=\u00a0\u00bb{}\u00a0\u00bb]<\/p>\n<pre><span style=\"font-size: 14pt;\"><strong><span style=\"color: #000080;\">-&gt; Nouveau programme de math\u00e9matiques du cycle 3<\/span><\/strong><\/span><\/pre>\n<p>[\/et_pb_text][\/et_pb_column][\/et_pb_row][et_pb_row column_structure=\u00a0\u00bb1_4,3_4&Prime; _builder_version=\u00a0\u00bb4.27.4&Prime; _module_preset=\u00a0\u00bbdefault\u00a0\u00bb global_colors_info=\u00a0\u00bb{}\u00a0\u00bb][et_pb_column type=\u00a0\u00bb1_4&Prime; _builder_version=\u00a0\u00bb4.27.4&Prime; _module_preset=\u00a0\u00bbdefault\u00a0\u00bb global_colors_info=\u00a0\u00bb{}\u00a0\u00bb][et_pb_image src=\u00a0\u00bbhttps:\/\/www.pedagogie.ac-nice.fr\/mathematiques\/wp-content\/uploads\/sites\/30\/2025\/08\/pgarde_ensel620_annexe2-v2.jpg\u00a0\u00bb title_text=\u00a0\u00bbpgarde_ensel620_annexe2-v2&Prime; url=\u00a0\u00bbhttps:\/\/www.education.gouv.fr\/sites\/default\/files\/ensel620_annexe2-v2.pdf\u00a0\u00bb align=\u00a0\u00bbcenter\u00a0\u00bb _builder_version=\u00a0\u00bb4.27.4&Prime; _module_preset=\u00a0\u00bbdefault\u00a0\u00bb module_alignment=\u00a0\u00bbcenter\u00a0\u00bb height=\u00a0\u00bb180px\u00a0\u00bb custom_padding=\u00a0\u00bb||||false|false\u00a0\u00bb border_radii=\u00a0\u00bbon|8px|8px|8px|8px\u00a0\u00bb border_width_all=\u00a0\u00bb1px\u00a0\u00bb border_color_all=\u00a0\u00bb#0C71C3&Prime; global_colors_info=\u00a0\u00bb{}\u00a0\u00bb][\/et_pb_image][\/et_pb_column][et_pb_column type=\u00a0\u00bb3_4&Prime; _builder_version=\u00a0\u00bb4.27.4&Prime; _module_preset=\u00a0\u00bbdefault\u00a0\u00bb global_colors_info=\u00a0\u00bb{}\u00a0\u00bb][et_pb_text _builder_version=\u00a0\u00bb4.27.4&Prime; _module_preset=\u00a0\u00bbdefault\u00a0\u00bb custom_padding=\u00a0\u00bb10px||||false|false\u00a0\u00bb global_colors_info=\u00a0\u00bb{}\u00a0\u00bb]<\/p>\n<p><span style=\"font-size: 12pt;\"><strong>Le <a class=\"download-link with-icon\" href=\"https:\/\/www.education.gouv.fr\/sites\/default\/files\/ensel620_annexe2-v2.pdf\" data-tracking-attached=\"true\">nouveau programme de math\u00e9matiques du cycle 3<\/a><\/strong>, entre progressivement en application :&nbsp; &nbsp;<br \/><\/span>&nbsp; &nbsp; &#8211; au CM1 \u00e0 la rentr\u00e9e scolaire 2025-2026;<br \/>&nbsp; &nbsp; &#8211; au CM2 \u00e0 la rentr\u00e9e scolaire 2026-2027;<br \/>&nbsp; &nbsp; &#8211; en 6<sup>e<\/sup> \u00e0 la rentr\u00e9e scolaire 2025-2026.<\/p>\n<p>-&gt; <strong>Lien \u00e9duscol<\/strong> : <a href=\"https:\/\/eduscol.education.fr\/251\/mathematiques-cycle-3\">https:\/\/eduscol.education.fr\/251\/mathematiques-cycle-3<\/a><\/p>\n<p>[\/et_pb_text][\/et_pb_column][\/et_pb_row][et_pb_row _builder_version=\u00a0\u00bb4.27.4&Prime; _module_preset=\u00a0\u00bbdefault\u00a0\u00bb global_colors_info=\u00a0\u00bb{}\u00a0\u00bb][et_pb_column type=\u00a0\u00bb4_4&Prime; _builder_version=\u00a0\u00bb4.27.4&Prime; _module_preset=\u00a0\u00bbdefault\u00a0\u00bb global_colors_info=\u00a0\u00bb{}\u00a0\u00bb][et_pb_text _builder_version=\u00a0\u00bb4.27.4&Prime; _module_preset=\u00a0\u00bbdefault\u00a0\u00bb global_colors_info=\u00a0\u00bb{}\u00a0\u00bb]<\/p>\n<pre id=\"summary-item-3\"><span style=\"font-size: 14pt;\"><strong><span style=\"color: #000080;\">-&gt; Exemples pour la mise en \u0153uvre du nouveau programme de math\u00e9matiques<\/span><\/strong><\/span><\/pre>\n<div class=\"rich-text ckeditor-text clearfix\">\n<p>Les exemples pour la mise en \u0153uvre du nouveau programme, <strong>pour chaque niveau de classe<\/strong>, compl\u00e8tent le programme de math\u00e9matiques. Il s&rsquo;agit d&rsquo;exemples de r\u00e9ussite associ\u00e9s aux objectifs d\u2019apprentissage.<\/p>\n<\/div>\n<p>[\/et_pb_text][\/et_pb_column][\/et_pb_row][et_pb_row column_structure=\u00a0\u00bb1_5,1_5,1_5,1_5,1_5&Prime; _builder_version=\u00a0\u00bb4.27.4&Prime; _module_preset=\u00a0\u00bbdefault\u00a0\u00bb global_colors_info=\u00a0\u00bb{}\u00a0\u00bb][et_pb_column type=\u00a0\u00bb1_5&Prime; _builder_version=\u00a0\u00bb4.27.4&Prime; _module_preset=\u00a0\u00bbdefault\u00a0\u00bb global_colors_info=\u00a0\u00bb{}\u00a0\u00bb][\/et_pb_column][et_pb_column type=\u00a0\u00bb1_5&Prime; _builder_version=\u00a0\u00bb4.27.4&Prime; _module_preset=\u00a0\u00bbdefault\u00a0\u00bb global_colors_info=\u00a0\u00bb{}\u00a0\u00bb][et_pb_image src=\u00a0\u00bbhttps:\/\/www.pedagogie.ac-nice.fr\/mathematiques\/wp-content\/uploads\/sites\/30\/2025\/08\/pgarde_exemples_mise_en_oeuvre_cm1-maths_0.jpg\u00a0\u00bb title_text=\u00a0\u00bbpgarde_exemples_mise_en_oeuvre_cm1-maths_0&Prime; url=\u00a0\u00bbhttps:\/\/eduscol.education.fr\/document\/64872\/download\u00a0\u00bb align=\u00a0\u00bbcenter\u00a0\u00bb _builder_version=\u00a0\u00bb4.27.4&Prime; _module_preset=\u00a0\u00bbdefault\u00a0\u00bb width=\u00a0\u00bb80%\u00a0\u00bb border_width_all=\u00a0\u00bb1px\u00a0\u00bb border_color_all=\u00a0\u00bb#0C71C3&Prime; global_colors_info=\u00a0\u00bb{}\u00a0\u00bb][\/et_pb_image][\/et_pb_column][et_pb_column type=\u00a0\u00bb1_5&Prime; _builder_version=\u00a0\u00bb4.27.4&Prime; _module_preset=\u00a0\u00bbdefault\u00a0\u00bb global_colors_info=\u00a0\u00bb{}\u00a0\u00bb][et_pb_image src=\u00a0\u00bbhttps:\/\/www.pedagogie.ac-nice.fr\/mathematiques\/wp-content\/uploads\/sites\/30\/2025\/08\/pgarde_exemples_mise_en_oeuvre_cm2-maths.jpg\u00a0\u00bb title_text=\u00a0\u00bbpgarde_exemples_mise_en_oeuvre_cm2-maths\u00a0\u00bb url=\u00a0\u00bbhttps:\/\/eduscol.education.fr\/document\/64866\/download\u00a0\u00bb align=\u00a0\u00bbcenter\u00a0\u00bb _builder_version=\u00a0\u00bb4.27.4&Prime; _module_preset=\u00a0\u00bbdefault\u00a0\u00bb width=\u00a0\u00bb80%\u00a0\u00bb border_width_all=\u00a0\u00bb1px\u00a0\u00bb border_color_all=\u00a0\u00bb#0C71C3&Prime; global_colors_info=\u00a0\u00bb{}\u00a0\u00bb][\/et_pb_image][\/et_pb_column][et_pb_column type=\u00a0\u00bb1_5&Prime; _builder_version=\u00a0\u00bb4.27.4&Prime; _module_preset=\u00a0\u00bbdefault\u00a0\u00bb global_colors_info=\u00a0\u00bb{}\u00a0\u00bb][et_pb_image src=\u00a0\u00bbhttps:\/\/www.pedagogie.ac-nice.fr\/mathematiques\/wp-content\/uploads\/sites\/30\/2025\/08\/pgarde_exemples_mise_en_oeuvre_6e-maths_Page_01.jpg\u00a0\u00bb title_text=\u00a0\u00bbpgarde_exemples_mise_en_oeuvre_6e-maths_Page_01&Prime; url=\u00a0\u00bbhttps:\/\/eduscol.education.fr\/document\/64878\/download\u00a0\u00bb align=\u00a0\u00bbcenter\u00a0\u00bb _builder_version=\u00a0\u00bb4.27.4&Prime; _module_preset=\u00a0\u00bbdefault\u00a0\u00bb width=\u00a0\u00bb80%\u00a0\u00bb border_width_all=\u00a0\u00bb1px\u00a0\u00bb border_color_all=\u00a0\u00bb#0C71C3&Prime; global_colors_info=\u00a0\u00bb{}\u00a0\u00bb][\/et_pb_image][\/et_pb_column][et_pb_column type=\u00a0\u00bb1_5&Prime; _builder_version=\u00a0\u00bb4.27.4&Prime; _module_preset=\u00a0\u00bbdefault\u00a0\u00bb global_colors_info=\u00a0\u00bb{}\u00a0\u00bb][\/et_pb_column][\/et_pb_row][et_pb_row _builder_version=\u00a0\u00bb4.27.4&Prime; _module_preset=\u00a0\u00bbdefault\u00a0\u00bb global_colors_info=\u00a0\u00bb{}\u00a0\u00bb][et_pb_column type=\u00a0\u00bb4_4&Prime; _builder_version=\u00a0\u00bb4.27.4&Prime; _module_preset=\u00a0\u00bbdefault\u00a0\u00bb global_colors_info=\u00a0\u00bb{}\u00a0\u00bb][et_pb_text _builder_version=\u00a0\u00bb4.27.4&Prime; _module_preset=\u00a0\u00bbdefault\u00a0\u00bb global_colors_info=\u00a0\u00bb{}\u00a0\u00bb]<\/p>\n<pre><span style=\"font-size: 14pt; color: #000080;\"><strong>-&gt; Ressources d'accompagnement du programme de math\u00e9matiques au cycle 3<\/strong><\/span><\/pre>\n<ul>\n<li style=\"list-style-type: none;\">\n<ul style=\"list-style-type: disc;\">\n<li>Exemples de mise en \u0153uvre <strong>par entr\u00e9es th\u00e9matiques<\/strong> sur les trois ann\u00e9es du cycle :&nbsp; &nbsp; &nbsp; &nbsp; &nbsp;<br \/>&nbsp; \u00ab\u00a0<a class=\"download-link with-icon\" href=\"https:\/\/eduscol.education.fr\/document\/65186\/download\" data-tracking-attached=\"true\">Fractions<\/a>\u00a0\u00bb&nbsp; ; <a class=\"download-link with-icon\" href=\"https:\/\/eduscol.education.fr\/document\/65189\/download\" data-tracking-attached=\"true\">\u00ab\u00a0Calcul mental\u00a0\u00bb&nbsp;<\/a> et \u00ab\u00a0<a class=\"download-link with-icon\" href=\"https:\/\/eduscol.education.fr\/document\/65190\/download\" data-tracking-attached=\"true\">R\u00e9solution de probl\u00e8mes\u00a0\u00bb<\/a><\/li>\n<li><strong>Les guides pour la r\u00e9solution de probl\u00e8mes<\/strong> :<br \/>&nbsp; \u00ab\u00a0<a href=\"https:\/\/eduscol.education.fr\/document\/32206\/download\">Guide r\u00e9solution de probl\u00e8mes &#8211; cours moyen<\/a>\u00a0\u00bb&nbsp; et&nbsp; <a href=\"https:\/\/eduscol.education.fr\/document\/13132\/download\">\u00ab\u00a0Guide r\u00e9solution de probl\u00e8mes &#8211; coll\u00e8ge\u00a0\u00bb<\/a><\/li>\n<li><a href=\"https:\/\/eduscol.education.fr\/251\/mathematiques-cycle-3\"><strong>La page \u00e9duscol d\u00e9di\u00e9e<\/strong><\/a><a href=\"https:\/\/eduscol.education.fr\/251\/mathematiques-cycle-3\"> a<\/a>vec l&rsquo;ensemble des ressources mises \u00e0 disposition.<\/li>\n<\/ul>\n<\/li>\n<\/ul>\n<p>&nbsp;<\/p>\n<p>[\/et_pb_text][\/et_pb_column][\/et_pb_row][et_pb_row _builder_version=\u00a0\u00bb4.27.4&Prime; _module_preset=\u00a0\u00bbdefault\u00a0\u00bb global_colors_info=\u00a0\u00bb{}\u00a0\u00bb][et_pb_column type=\u00a0\u00bb4_4&Prime; _builder_version=\u00a0\u00bb4.27.4&Prime; _module_preset=\u00a0\u00bbdefault\u00a0\u00bb global_colors_info=\u00a0\u00bb{}\u00a0\u00bb][et_pb_text _builder_version=\u00a0\u00bb4.27.4&Prime; _module_preset=\u00a0\u00bbdefault\u00a0\u00bb background_color=\u00a0\u00bb#d6d6d6&Prime; global_colors_info=\u00a0\u00bb{}\u00a0\u00bb]<\/p>\n<h2 style=\"text-align: center;\"><span style=\"font-size: 14pt; color: #000080;\"><strong> Programme de math\u00e9matiques du cycle 4 &#8211; BO n\u00b031 du 30 juillet 2020<\/strong><\/span><\/h2>\n<p>[\/et_pb_text][et_pb_text _builder_version=\u00a0\u00bb4.27.4&Prime; _module_preset=\u00a0\u00bbdefault\u00a0\u00bb global_colors_info=\u00a0\u00bb{}\u00a0\u00bb]<\/p>\n<pre><span style=\"font-size: 14pt; color: #000080;\"><strong>-&gt; Programme de math\u00e9matiques du cycle 4<\/strong><\/span><\/pre>\n<p>[\/et_pb_text][et_pb_text _builder_version=\u00a0\u00bb4.27.4&Prime; _module_preset=\u00a0\u00bbdefault\u00a0\u00bb global_colors_info=\u00a0\u00bb{}\u00a0\u00bb]<\/p>\n<p><span style=\"font-size: 14pt;\">Consulter <a class=\"external-link with-icon\" href=\"https:\/\/www.education.gouv.fr\/bo\/20\/Hebdo31\/MENE2018714A.htm\" target=\"_blank\" rel=\"noopener\" data-tracking-attached=\"true\">le programme du cycle 4 publi\u00e9 au BO n\u00b031 du 30 juillet 2020<\/a><\/span><\/p>\n<p>[\/et_pb_text][\/et_pb_column][\/et_pb_row][et_pb_row _builder_version=\u00a0\u00bb4.27.4&Prime; _module_preset=\u00a0\u00bbdefault\u00a0\u00bb global_colors_info=\u00a0\u00bb{}\u00a0\u00bb][et_pb_column type=\u00a0\u00bb4_4&Prime; _builder_version=\u00a0\u00bb4.27.4&Prime; _module_preset=\u00a0\u00bbdefault\u00a0\u00bb global_colors_info=\u00a0\u00bb{}\u00a0\u00bb][et_pb_text _builder_version=\u00a0\u00bb4.27.4&Prime; _module_preset=\u00a0\u00bbdefault\u00a0\u00bb global_colors_info=\u00a0\u00bb{}\u00a0\u00bb]<\/p>\n<pre class=\"page__title\"><strong><span style=\"font-size: 14pt; color: #000080;\">-&gt; Rep\u00e8res annuels de progression et attendus de fin d'ann\u00e9e<\/span><\/strong><\/pre>\n<p><em>Les documents mis \u00e0 disposition ci-dessous concernent les programmes publi\u00e9s en 2020 et 2023. Ils restent valables dans l&rsquo;attente de la mise en application progressive des nouveaux programmes.<\/em><\/p>\n<p>[\/et_pb_text][\/et_pb_column][\/et_pb_row][et_pb_row column_structure=\u00a0\u00bb1_4,1_4,1_4,1_4&Prime; _builder_version=\u00a0\u00bb4.27.4&Prime; _module_preset=\u00a0\u00bbdefault\u00a0\u00bb global_colors_info=\u00a0\u00bb{}\u00a0\u00bb][et_pb_column type=\u00a0\u00bb1_4&Prime; _builder_version=\u00a0\u00bb4.27.4&Prime; _module_preset=\u00a0\u00bbdefault\u00a0\u00bb global_colors_info=\u00a0\u00bb{}\u00a0\u00bb][et_pb_image src=\u00a0\u00bbhttps:\/\/www.pedagogie.ac-nice.fr\/mathematiques\/wp-content\/uploads\/sites\/30\/2025\/08\/pgarde_26-Maths-C4-reperes-eduscol_1114756.jpg\u00a0\u00bb title_text=\u00a0\u00bbpgarde_26-Maths-C4-reperes-eduscol_1114756&Prime; url=\u00a0\u00bbhttps:\/\/eduscol.education.fr\/document\/14080\/download\u00a0\u00bb _builder_version=\u00a0\u00bb4.27.4&Prime; _module_preset=\u00a0\u00bbdefault\u00a0\u00bb global_colors_info=\u00a0\u00bb{}\u00a0\u00bb][\/et_pb_image][\/et_pb_column][et_pb_column type=\u00a0\u00bb1_4&Prime; _builder_version=\u00a0\u00bb4.27.4&Prime; _module_preset=\u00a0\u00bbdefault\u00a0\u00bb global_colors_info=\u00a0\u00bb{}\u00a0\u00bb][et_pb_image src=\u00a0\u00bbhttps:\/\/www.pedagogie.ac-nice.fr\/mathematiques\/wp-content\/uploads\/sites\/30\/2025\/08\/pgarde_14-Maths-5e-attendus-eduscol_1114744.jpg\u00a0\u00bb title_text=\u00a0\u00bbpgarde_14-Maths-5e-attendus-eduscol_1114744&Prime; url=\u00a0\u00bbhttps:\/\/eduscol.education.fr\/document\/14044\/download\u00a0\u00bb _builder_version=\u00a0\u00bb4.27.4&Prime; _module_preset=\u00a0\u00bbdefault\u00a0\u00bb global_colors_info=\u00a0\u00bb{}\u00a0\u00bb][\/et_pb_image][\/et_pb_column][et_pb_column type=\u00a0\u00bb1_4&Prime; _builder_version=\u00a0\u00bb4.27.4&Prime; _module_preset=\u00a0\u00bbdefault\u00a0\u00bb global_colors_info=\u00a0\u00bb{}\u00a0\u00bb][et_pb_image src=\u00a0\u00bbhttps:\/\/www.pedagogie.ac-nice.fr\/mathematiques\/wp-content\/uploads\/sites\/30\/2025\/08\/pgarde_16-Maths-4e-attendus-eduscol_1114746_Page_01.jpg\u00a0\u00bb title_text=\u00a0\u00bbpgarde_16-Maths-4e-attendus-eduscol_1114746_Page_01&Prime; url=\u00a0\u00bbhttps:\/\/eduscol.education.fr\/document\/14056\/download\u00a0\u00bb _builder_version=\u00a0\u00bb4.27.4&Prime; _module_preset=\u00a0\u00bbdefault\u00a0\u00bb global_colors_info=\u00a0\u00bb{}\u00a0\u00bb][\/et_pb_image][\/et_pb_column][et_pb_column type=\u00a0\u00bb1_4&Prime; _builder_version=\u00a0\u00bb4.27.4&Prime; _module_preset=\u00a0\u00bbdefault\u00a0\u00bb global_colors_info=\u00a0\u00bb{}\u00a0\u00bb][et_pb_image src=\u00a0\u00bbhttps:\/\/www.pedagogie.ac-nice.fr\/mathematiques\/wp-content\/uploads\/sites\/30\/2025\/08\/pgarde_18-Maths-3e-attendus-eduscol_1114748.jpg\u00a0\u00bb title_text=\u00a0\u00bbpgarde_18-Maths-3e-attendus-eduscol_1114748&Prime; url=\u00a0\u00bbhttps:\/\/eduscol.education.fr\/document\/14068\/download\u00a0\u00bb _builder_version=\u00a0\u00bb4.27.4&Prime; _module_preset=\u00a0\u00bbdefault\u00a0\u00bb global_colors_info=\u00a0\u00bb{}\u00a0\u00bb][\/et_pb_image][\/et_pb_column][\/et_pb_row][et_pb_row _builder_version=\u00a0\u00bb4.27.4&Prime; _module_preset=\u00a0\u00bbdefault\u00a0\u00bb global_colors_info=\u00a0\u00bb{}\u00a0\u00bb][et_pb_column type=\u00a0\u00bb4_4&Prime; _builder_version=\u00a0\u00bb4.27.4&Prime; _module_preset=\u00a0\u00bbdefault\u00a0\u00bb global_colors_info=\u00a0\u00bb{}\u00a0\u00bb][et_pb_text _builder_version=\u00a0\u00bb4.27.4&Prime; _module_preset=\u00a0\u00bbdefault\u00a0\u00bb global_colors_info=\u00a0\u00bb{}\u00a0\u00bb]<\/p>\n<pre><span style=\"font-size: 14pt; color: #000080;\"><strong>-&gt; Ressources d'accompagnement du programme de math\u00e9matiques au cycle 4<\/strong><\/span><\/pre>\n<ul>\n<li style=\"list-style-type: none;\">\n<ul style=\"list-style-type: disc;\">\n<li><strong>Le guide pour la r\u00e9solution de probl\u00e8mes<\/strong> :<br \/>&nbsp;<a href=\"https:\/\/eduscol.education.fr\/document\/13132\/download\">\u00ab\u00a0Guide r\u00e9solution de probl\u00e8mes &#8211; coll\u00e8ge\u00a0\u00bb<\/a><\/li>\n<li><a href=\"https:\/\/eduscol.education.fr\/280\/mathematiques-cycle-4\"><strong>La page \u00e9duscol d\u00e9di\u00e9e<\/strong><\/a> avec l&rsquo;ensemble des ressources mises \u00e0 disposition.<\/li>\n<\/ul>\n<\/li>\n<\/ul>\n<p>&nbsp;<\/p>\n<p>[\/et_pb_text][\/et_pb_column][\/et_pb_row][\/et_pb_section]<\/p>\n","protected":false},"excerpt":{"rendered":"<p>Nouveau programme de math\u00e9matiques du cycle 3 &#8211; BO du 17 avril 2025-&gt; Nouveau programme de math\u00e9matiques du cycle 3Le nouveau programme de math\u00e9matiques du cycle 3, entre progressivement en application :&nbsp; &nbsp;&nbsp; &nbsp; &#8211; au CM1 \u00e0 la rentr\u00e9e scolaire 2025-2026;&nbsp; &nbsp; &#8211; au CM2 \u00e0 la rentr\u00e9e scolaire 2026-2027;&nbsp; &nbsp; &#8211; en 6e [&hellip;]<\/p>\n","protected":false},"author":202,"featured_media":0,"parent":0,"menu_order":0,"comment_status":"closed","ping_status":"closed","template":"","meta":{"_et_pb_use_builder":"on","_et_pb_old_content":"","_et_gb_content_width":"","ngg_post_thumbnail":0,"footnotes":""},"class_list":["post-12788","page","type-page","status-publish","hentry"],"rttpg_featured_image_url":null,"rttpg_author":{"display_name":"admin","author_link":"https:\/\/www.pedagogie.ac-nice.fr\/mathematiques\/author\/opilorget\/"},"rttpg_comment":0,"rttpg_category":null,"rttpg_excerpt":"Nouveau programme de math\u00e9matiques du cycle 3 - BO du 17 avril 2025-&gt; Nouveau programme de math\u00e9matiques du cycle 3Le nouveau programme de math\u00e9matiques du cycle 3, entre progressivement en application :&nbsp; &nbsp;&nbsp; &nbsp; - au CM1 \u00e0 la rentr\u00e9e scolaire 2025-2026;&nbsp; &nbsp; - au CM2 \u00e0 la rentr\u00e9e scolaire 2026-2027;&nbsp; &nbsp; - en 6e\u2026","post_mailing_queue_ids":[],"_links":{"self":[{"href":"https:\/\/www.pedagogie.ac-nice.fr\/mathematiques\/wp-json\/wp\/v2\/pages\/12788","targetHints":{"allow":["GET"]}}],"collection":[{"href":"https:\/\/www.pedagogie.ac-nice.fr\/mathematiques\/wp-json\/wp\/v2\/pages"}],"about":[{"href":"https:\/\/www.pedagogie.ac-nice.fr\/mathematiques\/wp-json\/wp\/v2\/types\/page"}],"author":[{"embeddable":true,"href":"https:\/\/www.pedagogie.ac-nice.fr\/mathematiques\/wp-json\/wp\/v2\/users\/202"}],"replies":[{"embeddable":true,"href":"https:\/\/www.pedagogie.ac-nice.fr\/mathematiques\/wp-json\/wp\/v2\/comments?post=12788"}],"version-history":[{"count":54,"href":"https:\/\/www.pedagogie.ac-nice.fr\/mathematiques\/wp-json\/wp\/v2\/pages\/12788\/revisions"}],"predecessor-version":[{"id":12870,"href":"https:\/\/www.pedagogie.ac-nice.fr\/mathematiques\/wp-json\/wp\/v2\/pages\/12788\/revisions\/12870"}],"wp:attachment":[{"href":"https:\/\/www.pedagogie.ac-nice.fr\/mathematiques\/wp-json\/wp\/v2\/media?parent=12788"}],"curies":[{"name":"wp","href":"https:\/\/api.w.org\/{rel}","templated":true}]}}