{"id":8891,"date":"2024-02-13T11:23:07","date_gmt":"2024-02-13T10:23:07","guid":{"rendered":"https:\/\/www.pedagogie.ac-nice.fr\/mathematiques\/?page_id=8891"},"modified":"2026-03-19T11:39:28","modified_gmt":"2026-03-19T10:39:28","slug":"les-clubmaths-cest-qui","status":"publish","type":"page","link":"https:\/\/www.pedagogie.ac-nice.fr\/mathematiques\/les-clubmaths-cest-qui\/","title":{"rendered":"Les Clubmaths c&rsquo;est qui ?"},"content":{"rendered":"<p>[et_pb_section fb_built=\u00a0\u00bb1&Prime; _builder_version=\u00a0\u00bb4.16&Prime; _module_preset=\u00a0\u00bbdefault\u00a0\u00bb global_colors_info=\u00a0\u00bb{}\u00a0\u00bb][et_pb_row column_structure=\u00a0\u00bb1_2,1_2&Prime; _builder_version=\u00a0\u00bb4.27.4&Prime; _module_preset=\u00a0\u00bbdefault\u00a0\u00bb background_color=\u00a0\u00bb#88C4DD\u00a0\u00bb width=\u00a0\u00bb95%\u00a0\u00bb custom_margin=\u00a0\u00bb-40px||||false|false\u00a0\u00bb custom_padding=\u00a0\u00bb10px|10px||10px|false|true\u00a0\u00bb animation_style=\u00a0\u00bbfade\u00a0\u00bb animation_delay=\u00a0\u00bb450ms\u00a0\u00bb animation_starting_opacity=\u00a0\u00bb33%\u00a0\u00bb border_radii=\u00a0\u00bbon|14px|14px|14px|14px\u00a0\u00bb locked=\u00a0\u00bboff\u00a0\u00bb global_colors_info=\u00a0\u00bb{}\u00a0\u00bb][et_pb_column type=\u00a0\u00bb1_2&Prime; _builder_version=\u00a0\u00bb4.27.4&Prime; _module_preset=\u00a0\u00bbdefault\u00a0\u00bb global_colors_info=\u00a0\u00bb{}\u00a0\u00bb][et_pb_text _builder_version=\u00a0\u00bb4.27.4&Prime; _module_preset=\u00a0\u00bbdefault\u00a0\u00bb border_color_all=\u00a0\u00bb#B3B3B3&Prime; global_colors_info=\u00a0\u00bb{}\u00a0\u00bb]<\/p>\n<pre style=\"text-align: center;\"><span style=\"color: #000080; font-size: 24pt;\">Les labomaths<\/span><\/pre>\n<p>[\/et_pb_text][et_pb_text _builder_version=\u00a0\u00bb4.27.4&Prime; _module_preset=\u00a0\u00bbdefault\u00a0\u00bb custom_margin=\u00a0\u00bb20px||||false|false\u00a0\u00bb global_colors_info=\u00a0\u00bb{}\u00a0\u00bb]<\/p>\n<pre style=\"text-align: center;\"><a href='https:\/\/www.pedagogie.ac-nice.fr\/mathematiques\/labomaths-quest-ce-que-cest\/' class='small-button smallblue'><span style=\"font-size: 12pt;\"><em>Un labomaths - qu'est-ce que c'est ?<\/em><\/span><\/a>\n<a href='https:\/\/www.pedagogie.ac-nice.fr\/mathematiques\/les-labomaths-cest-qui\/' class='small-button smallblue'><span style=\"font-size: 12pt;\"><em>Les labomaths - c'est qui ?<\/em><\/span><\/a>\n<a href='https:\/\/www.pedagogie.ac-nice.fr\/mathematiques\/laboratoires-et-clubs\/\/\/' class='small-button smallblue'><span style=\"font-size: 12pt;\"><em>Actualit\u00e9s des labomaths<\/em><\/span><\/a><\/pre>\n<p>[\/et_pb_text][\/et_pb_column][et_pb_column type=\u00a0\u00bb1_2&Prime; _builder_version=\u00a0\u00bb4.27.4&Prime; _module_preset=\u00a0\u00bbdefault\u00a0\u00bb global_colors_info=\u00a0\u00bb{}\u00a0\u00bb][et_pb_text _builder_version=\u00a0\u00bb4.27.4&Prime; _module_preset=\u00a0\u00bbdefault\u00a0\u00bb global_colors_info=\u00a0\u00bb{}\u00a0\u00bb]<\/p>\n<pre style=\"text-align: center;\"><span style=\"color: #000080; font-size: 24pt;\">Les clubs maths<\/span><\/pre>\n<p>[\/et_pb_text][et_pb_text _builder_version=\u00a0\u00bb4.27.4&Prime; _module_preset=\u00a0\u00bbdefault\u00a0\u00bb global_colors_info=\u00a0\u00bb{}\u00a0\u00bb]<\/p>\n<pre style=\"text-align: center;\"><a href='https:\/\/www.pedagogie.ac-nice.fr\/mathematiques\/les-clubs-mathematiques-quest-que-cest\/' class='small-button smallblue'><span style=\"font-size: 12pt;\"><em>Qu'est-ce que c'est ?<\/em><\/span><\/a>\n<a href='https:\/\/www.pedagogie.ac-nice.fr\/mathematiques\/les-clubmaths-cest-qui\/' class='small-button smallblue'><span style=\"font-size: 12pt;\"><em>C'est qui ?<\/em><\/span><\/a> <a href='https:\/\/www.pedagogie.ac-nice.fr\/mathematiques\/actualites-des-clubs-de-maths-de-lacademie\/' class='small-button smallblue'><span style=\"font-size: 12pt;\"><em>Actualit\u00e9s des clubs<\/em><\/span><\/a>\n<a href='https:\/\/www.pedagogie.ac-nice.fr\/mathematiques\/des-idees-pour-les-clubs-de-maths\/' class='small-button smallblue'><span style=\"font-size: 12pt;\"><em>Des id\u00e9es pour les clubs maths<\/em><\/span><\/a><\/pre>\n<p>[\/et_pb_text][\/et_pb_column][\/et_pb_row][et_pb_row _builder_version=\u00a0\u00bb4.16&Prime; _module_preset=\u00a0\u00bbdefault\u00a0\u00bb global_colors_info=\u00a0\u00bb{}\u00a0\u00bb][et_pb_column type=\u00a0\u00bb4_4&Prime; _builder_version=\u00a0\u00bb4.16&Prime; _module_preset=\u00a0\u00bbdefault\u00a0\u00bb global_colors_info=\u00a0\u00bb{}\u00a0\u00bb][et_pb_text _builder_version=\u00a0\u00bb4.16&Prime; _module_preset=\u00a0\u00bbdefault\u00a0\u00bb background_color=\u00a0\u00bb#e8e8e8&Prime; module_alignment=\u00a0\u00bbcenter\u00a0\u00bb custom_padding=\u00a0\u00bb15px||15px||true|false\u00a0\u00bb box_shadow_style=\u00a0\u00bbpreset1&Prime; global_colors_info=\u00a0\u00bb{}\u00a0\u00bb]<\/p>\n<p style=\"text-align: center;\"><strong><span style=\"color: #000080; font-size: 18pt;\">Les Clubmaths dans l&rsquo;acad\u00e9mie de Nice<\/span><\/strong><\/p>\n<p>[\/et_pb_text][\/et_pb_column][\/et_pb_row][et_pb_row _builder_version=\u00a0\u00bb4.16&Prime; _module_preset=\u00a0\u00bbdefault\u00a0\u00bb global_colors_info=\u00a0\u00bb{}\u00a0\u00bb][et_pb_column type=\u00a0\u00bb4_4&Prime; _builder_version=\u00a0\u00bb4.16&Prime; _module_preset=\u00a0\u00bbdefault\u00a0\u00bb global_colors_info=\u00a0\u00bb{}\u00a0\u00bb][et_pb_text _builder_version=\u00a0\u00bb4.27.4&Prime; _module_preset=\u00a0\u00bbdefault\u00a0\u00bb global_colors_info=\u00a0\u00bb{}\u00a0\u00bb]<\/p>\n<pre><strong><span style=\"font-size: 14pt; color: #000080;\">R\u00e9seau L\u2019Argens<\/span><\/strong><\/pre>\n<ul>\n<li><span style=\"font-size: 12pt;\"><strong>Coll\u00e8ge Marie Mauron, Fayence (jeux, enigmes, g\u00e9om\u00e9trie)<br \/><\/strong>Rachel Breyton, <a href=\"mailto:Rachel.Breyton@ac-nice.fr\">Rachel.Breyton@ac-nice.fr<\/a><\/span><br \/><span style=\"font-size: 12pt;\">Jane Maitre, <a href=\"mailto:Jane-Madeleine.Maitre@ac-nice.fr\">Jane-Madeleine.Maitre@ac-nice.fr<\/a><\/span><br \/><span style=\"font-size: 12pt;\">Thierry Gallo, <a href=\"mailto:Thierry.Gallo@ac-nice.fr\">Thierry.Gallo@ac-nice.fr<\/a><\/span><br \/><span style=\"font-size: 12pt;\">Sandrine Vidaliuc, <\/span><a href=\"mailto:Sandrine.Vidalinc@ac-nice.fr\"><span style=\"font-size: 12pt;\">Sandrine.Vidalinc@ac-nice.fr<\/span><\/a><\/li>\n<\/ul>\n<pre><span style=\"color: #000080;\"><strong><span style=\"font-size: 14pt;\">R\u00e9seau Pays de Grasse<\/span><\/strong><\/span><\/pre>\n<ul>\n<li><span style=\"font-size: 12pt;\"><strong>Coll\u00e8ge le Pr\u00e9 des Roures (jeux et paper maths ; BIA)<br \/><\/strong>Val\u00e9rie Lemesle, <a href=\"mailto:Valerie-Louise.Lemesle@ac-nice.fr\">Valerie-Louise.Lemesle@ac-nice.fr<\/a><\/span><br \/><span style=\"font-size: 12pt;\">Christine Elzi\u00e8re, <\/span><a href=\"mailto:Christine.Elziere@ac-nice.fr\"><span style=\"font-size: 12pt;\">Christine.Elziere@ac-nice.fr<\/span><\/a><\/li>\n<li><span style=\"font-size: 12pt;\"><strong>Coll\u00e8ge Simon Wiesenthal, Saint Vallier de Thiey (Maths autrement \u00e9nigmes, origami et manipulation)<\/strong><\/span><br \/><span style=\"font-size: 12pt;\">Sophie Fossati, <\/span><a href=\"mailto:Sophie.Fossati@ac-nice.fr\"><span style=\"font-size: 14pt;\"><span style=\"font-size: 12pt;\">Sophie.Fossati@ac-nice.fr<\/span><\/span><\/a><\/li>\n<\/ul>\n<pre><span style=\"font-size: 14pt; color: #000080;\"><strong>R\u00e9seau Fr\u00e9gate<\/strong><\/span><\/pre>\n<ul>\n<li><span style=\"font-size: 12pt;\"><strong>Coll\u00e8ge l\u2019Archet, Nice (en projet-autour du fablab)<br \/><\/strong>Fran\u00e7ois Landru, <a href=\"mailto:Francois.Landru@ac-nice.f\">Francois.Landru@ac-nice.f<\/a><\/span><br \/><span style=\"font-size: 12pt;\">Romain Lo-Cicero, <a href=\"mailto:Romain.Lo-Cicero@ac-nice.fr\">Romain.Lo-Cicero@ac-nice.fr<\/a><\/span><\/li>\n<\/ul>\n<pre><strong><span style=\"font-size: 14pt; color: #000080;\">R\u00e9seau Sophia-Cle<\/span><\/strong><\/pre>\n<ul>\n<li><span style=\"font-size: 12pt;\"><strong>Coll\u00e8ge C\u00e9sar, Roquefort les Pins (bridge, programmation scratch-python, conception d\u2019escape game)<br \/><\/strong><\/span><span style=\"font-size: 12pt;\">Sandrine AMROUCHE, <a href=\"mailto:Sandrine.Amrouche@ac-nice.fr\">Sandrine.Amrouche@ac-nice.fr<\/a><\/span><br \/><span style=\"font-size: 12pt;\">Arnaud Boulinguez, <\/span><a href=\"mailto:Arnaud-Julien.Boulinguez@ac-nice.fr\"><span style=\"font-size: 12pt;\">Arnaud-Julien.Boulinguez@ac-nice.fr<\/span><\/a><\/li>\n<\/ul>\n<pre><span style=\"color: #000080;\"><strong><span style=\"font-size: 14pt;\">R\u00e9seau Toulon Littoral<\/span><\/strong><\/span><\/pre>\n<ul>\n<li><span style=\"font-size: 12pt;\"><strong>Coll\u00e8ge Voltaire, Toulon<br \/><\/strong>Spielmann Vincent, <a href=\"mailto:Vincent.Spielmann@ac-nice.fr\">Vincent.Spielmann@ac-nice.fr<\/a><\/span><\/li>\n<li><span style=\"font-size: 12pt;\"><strong>Coll\u00e8ge Django Reinhardt, Toulon (escape game et programmation)<br \/><\/strong>Duvat Wendy, <a href=\"mailto:Wendy.Labarthe@ac-nice.fr\">Wendy.Labarthe@ac-nice.fr<\/a><\/span><\/li>\n<li><span style=\"font-size: 12pt;\"><strong>Coll\u00e8ge Maurice Ravel, Toulon (jeux et soci\u00e9t\u00e9, rubik\u2019s cube)<br \/><\/strong>BORNET Tiphaine, <a href=\"mailto:Tiphaine-Marie.Bornet@ac-nice.fr\">Tiphaine-Marie.Bornet@ac-nice.fr<\/a><\/span><\/li>\n<li><span style=\"font-size: 12pt;\"><strong>Coll\u00e8ge Fenelon, Toulon<br \/><\/strong>Emilie THOMAS, <a href=\"mailto:Emilie.Thomas@ac-nice.fr\">Emilie.Thomas@ac-nice.fr<\/a><\/span><br \/><span style=\"font-size: 12pt;\">Fabien BONNETON, <\/span><a href=\"mailto:Fabien.Bonneton@ac-nice.fr\"><span style=\"font-size: 12pt;\">Fabien.Bonneton@ac-nice.fr<\/span><\/a><\/li>\n<\/ul>\n<pre><span style=\"font-size: 14pt; color: #000080;\"><strong>R\u00e9seau Toulon Ouest Var<\/strong><\/span><\/pre>\n<ul>\n<li><span style=\"font-size: 12pt;\"><strong>Coll\u00e8ge la Marquisanne, Toulon<br \/><\/strong>Josselin Einhorn, <a href=\"mailto:Josselin.Einhorn2@ac-nice.fr\">Josselin.Einhorn2@ac-nice.fr<\/a><\/span><br \/><span style=\"font-size: 12pt;\">Audrey Damet, <a href=\"mailto:Audrey.Despert@ac-nice.fr\">Audrey.Despert@ac-nice.fr<\/a><\/span><\/li>\n<li><span style=\"font-size: 12pt;\"><strong>Coll\u00e8ge Henri Wallon, La Seyne sur Mer (programmation, \u00e9checs, maths ludiques pixel art, g\u00e9om\u00e9trie, origami)<br \/><\/strong>S\u00e9bastien Sisun, <a href=\"mailto:Sebastien.Sisun@ac-nice.fr\">Sebastien.Sisun@ac-nice.fr<\/a><\/span><br \/><span style=\"font-size: 12pt;\">Oumar OUATTARA, <a href=\"mailto:Fougnigue-Oumar.Ouattara@ac-nice.fr\">Fougnigue-Oumar.Ouattara@ac-nice.fr<\/a><\/span><br \/><span style=\"font-size: 12pt;\">Lydie Bo, <\/span><a href=\"mailto:Lydie.Bo@ac-nice.fr\"><span style=\"font-size: 12pt;\">Lydie.Bo@ac-nice.fr<\/span><\/a><\/li>\n<\/ul>\n<pre><span style=\"font-size: 14pt; color: #000080;\"><strong>R\u00e9seau Argens Verdon<\/strong><\/span><\/pre>\n<ul>\n<li><span style=\"font-size: 12pt;\"><strong>Coll\u00e8ge Pierre de Coubertin, Le Luc (bridge et programmation)<br \/><\/strong>Barbara Baryga-Giraud, <a href=\"mailto:barbara.baryga-giraud@ac-nice.fr\">barbara.baryga-giraud@ac-nice.fr<\/a><\/span><br \/><span style=\"font-size: 12pt;\">Virginie Valero, <a href=\"mailto:virginie.valero@ac-nice.fr\">virginie.valero@ac-nice.fr<\/a><\/span><br \/><span style=\"font-size: 12pt;\">Benjamin Raybaud, <a href=\"mailto:benjamin.raybaud@ac-nice.fr\">benjamin.raybaud@ac-nice.fr<\/a><\/span><\/li>\n<li><span style=\"font-size: 12pt;\"><strong>Coll\u00e8ge Paul Emile Victor, Vidauban (Actions Semaine des maths\/Projets r\u00e9alisations concr\u00e8tes)<br \/><\/strong>Fabien Coquillard <a href=\"mailto:Fabien.Coquillard@ac-nice.fr\" rel=\"noreferrer\">Fabien.Coquillard@ac-nice.fr<\/a><\/span><\/li>\n<\/ul>\n<pre><span style=\"color: #000080;\"><strong><span style=\"font-size: 14pt;\">R\u00e9seau Les Rives du Var<\/span><\/strong><\/span><\/pre>\n<ul>\n<li><span style=\"font-size: 12pt;\"><strong>Coll\u00e8ge Raoul Dufy, Nice (\u00e9checs et cr\u00e9ation de jeux math\u00e9matiques )<br \/><\/strong>Morineau, <a href=\"mailto:Marie-Neige.Morineau@ac-nice.fr\">Marie-Neige.Morineau@ac-nice.fr<\/a><\/span><span style=\"font-size: 12pt;\"><strong><br \/><\/strong>Sabine Tyteca, <\/span><a href=\"mailto:sabine.tyteca2@ac-nice.fr\"><span style=\"font-size: 12pt;\">sabine.tyteca2@ac-nice.fr<\/span><\/a><\/li>\n<\/ul>\n<pre><span style=\"font-size: 14pt; color: #000080;\"><strong>R\u00e9seau du Coudon<\/strong><\/span><\/pre>\n<ul>\n<li><span style=\"font-size: 12pt;\"><strong>Lyc\u00e9e Rouvi\u00e8re, Toulon<br \/><\/strong>Eric OLIVI, <\/span><a href=\"mailto:eric.olivi@ac-nice.fr\"><span style=\"font-size: 12pt;\">eric.olivi@ac-nice.fr<\/span><\/a><\/li>\n<\/ul>\n<pre><span style=\"color: #000080;\"><strong><span style=\"font-size: 14pt;\">R\u00e9seau Caramy Provence Verte<\/span><\/strong><\/span><\/pre>\n<ul>\n<li><span style=\"font-size: 12pt;\"><strong>Lyc\u00e9e Raynouard, Brignoles (Newsletter)<br \/><\/strong>Denis Guicheteau, <a href=\"mailto:Denis.Guicheteau@ac-nice.fr\">Denis.Guicheteau@ac-nice.fr<\/a><\/span><br \/><span style=\"font-size: 12pt;\">Mourau Nelly, <\/span><a href=\"mailto:Nelly.Simond@ac-nice.fr\"><span style=\"font-size: 12pt;\">Nelly.Simond@ac-nice.fr<\/span><\/a><\/li>\n<\/ul>\n<pre><span style=\"color: #000080;\"><strong><span style=\"font-size: 14pt;\">R\u00e9seau Ouest Var M\u00e9diterran\u00e9e<\/span><\/strong><\/span><\/pre>\n<ul>\n<li><span style=\"font-size: 12pt;\"><strong>Coll\u00e8ge Paul Eluard, La Seyne sur Mer (Bar \u00e0 Maths)<br \/><\/strong>De Brun Isabelle, <a href=\"mailto:Isabelle.De-Brun@ac-nice.fr\">Isabelle.De-Brun@ac-nice.fr<\/a><\/span><\/li>\n<li><span style=\"font-size: 12pt;\"><strong>Coll\u00e8ge l\u2019Herminier, La Seyne Sur Mer (\u00e9checs)<\/strong><\/span><\/li>\n<li><span style=\"font-size: 12pt;\"><strong>Lyc\u00e9e Beaussier, Toulon (Club d&rsquo;\u00e9checs)<\/strong><\/span><br \/><span style=\"font-size: 12pt;\">Oc\u00e9ane Copin, <\/span><a href=\"mailto:oceane.copin@ac-nice.fr\" rel=\"noreferrer\"><span style=\"font-size: 12pt;\">oceane.copin@ac-nice.fr<\/span><\/a><\/li>\n<\/ul>\n<pre><span style=\"font-size: 14pt; color: #000080;\"><strong>R\u00e9seau La Montagne<\/strong><\/span><\/pre>\n<ul>\n<li><span style=\"font-size: 12pt;\"><strong>Coll\u00e8ge Auguste Blanqui, Puget Th\u00e9niers<br \/><\/strong>Laurent Cam\u00e9ra, <a href=\"mailto:Laurent.Camera@ac-nice.fr\">Laurent.Camera@ac-nice.fr<\/a><\/span><\/li>\n<li><span style=\"font-size: 12pt;\"><strong>Coll\u00e8ge Jean Salines, Roquebili\u00e8re (Maths et programmation)<br \/><\/strong>Anne-Claire Franco <a href=\"mailto:Anne-Claire.Franco@ac-nice.fr\" rel=\"noreferrer\">Anne-Claire.Franco@ac-nice.fr<\/a>&nbsp;<\/span><\/li>\n<\/ul>\n<pre><span style=\"color: #000080; font-size: 14pt;\"><strong>R\u00e9seau Sud Sainte Beaume<\/strong><\/span><\/pre>\n<ul>\n<li><span style=\"font-size: 12pt;\"><strong>Coll\u00e8ge Jean Giono Le Beausset<br \/><\/strong>Camille Regula, <a href=\"mailto:Camille-Marie-A.Regula@ac-nice.fr\">Camille-Marie-A.Regula@ac-nice.fr<\/a><\/span><br \/><span style=\"font-size: 12pt;\">Val\u00e9rie Daras, <\/span><a href=\"mailto:Valerie-Marie.Marchet@ac-nice.fr\"><span style=\"font-size: 12pt;\">Valerie-Marie.Marchet@ac-nice.fr<\/span><\/a><\/li>\n<\/ul>\n<pre><span style=\"font-size: 14pt; color: #000080;\"><strong>R\u00e9seau Rives du Paillon<\/strong><\/span><\/pre>\n<ul>\n<li><span style=\"font-size: 12pt;\"><strong>Coll\u00e8ge Simone Veil, Nice (\u00e9nigmes, jeux et g\u00e9om\u00e9trie)<br \/><\/strong>Nassira Khenissa, <a href=\"mailto:Nassira.Khenissa@ac-nice.fr\">Nassira.Khenissa@ac-nice.fr<\/a><\/span><\/li>\n<li><span style=\"font-size: 12pt;\"><strong>Coll\u00e8ge Jean Giono, Nice (Enigmes, Concours Kangourou)<br \/><\/strong>Robaut Lucile, <\/span><a href=\"mailto:Lucile.Robaut@ac-nice.fr\" rel=\"noreferrer\"><span style=\"font-size: 12pt;\">Lucile.Robaut@ac-nice.fr<\/span><\/a><\/li>\n<\/ul>\n<pre><span style=\"color: #000080;\"><strong><span style=\"font-size: 14pt;\">R\u00e9seau Cannes Pays de L\u00e9rins<\/span><\/strong><\/span><\/pre>\n<ul>\n<li><span style=\"font-size: 12pt;\"><strong>Coll\u00e8ge Emile Roux, Le Cannet (jeux et accueil des familles)<br \/><\/strong>Guillaume Chilini, <\/span><a href=\"mailto:Guillaume.Chilini@ac-nice.fr\"><span style=\"font-size: 12pt;\">Guillaume.Chilini@ac-nice.fr<\/span><\/a><\/li>\n<\/ul>\n<pre><strong><span style=\"font-size: 14pt; color: #000080;\">R\u00e9seau les Trois Collines<\/span><\/strong><\/pre>\n<ul>\n<li><span style=\"font-size: 12pt;\"><strong>Coll\u00e8ge Henri Matisse, Nice (classe \u00e9nigmes math\u00e9matiques 6e)<br \/><\/strong>Barbara Madec, <\/span><a class=\"v1v1moz-txt-link-abbreviated\" href=\"mailto:barbara.madec@ac-nice.fr\" rel=\"noreferrer\"><span style=\"font-size: 12pt;\">barbara.madec@ac-nice.fr<\/span><\/a><\/li>\n<\/ul>\n<pre><span style=\"color: #000080;\"><strong><span style=\"font-size: 14pt;\">R\u00e9seau Antibes Vallauris<\/span><\/strong><\/span><\/pre>\n<ul>\n<li>\n<p align=\"left\"><span style=\"font-size: 12pt;\"><strong>Coll\u00e8ge Pablo Picasso, Vallauris (Robotique)<\/strong><\/span><br \/><span style=\"font-size: 12pt;\">St\u00e9phane Decrauzat, <a href=\"https:\/\/esterel.ac-nice.fr\/rc\/?_task=mail&amp;_action=compose&amp;_id=118956612065d5edb634f14#\" target=\"_blank\" rel=\"noopener noreferrer\">Stephane-Mauric.Decrauzat<\/a><\/span><a href=\"mailto:Marc-Antoine.Kindraich@ac-nice.fr\" rel=\"noreferrer\"><span style=\"font-size: 12pt;\">@ac-nice.fr<\/span><\/a><\/p>\n<\/li>\n<\/ul>\n<pre><span style=\"font-size: 14pt; color: #000080;\"><strong>R\u00e9seau Les Iles d\u2019Or 2<\/strong><\/span><\/pre>\n<ul>\n<li><span style=\"font-size: 12pt;\"><strong>Coll\u00e8ge du Fenouillet, La Crau (Club bridge sur la pause d\u00e9jeuner, \u00e0 raison de deux cr\u00e9neaux par semaine)<br \/><\/strong>Mme Negrel Carole, <a href=\"mailto:Carole.Negrel@ac-nice.fr\" rel=\"noreferrer\">Carole.Negrel@ac-nice.fr<\/a>&nbsp;<\/span><br \/><span style=\"font-size: 12pt;\">M. Jessle Didier, <\/span><a href=\"mailto:Didier.Jessle@ac-nice.fr\" rel=\"noreferrer\"><span style=\"font-size: 12pt;\">Didier.Jessle@ac-nice.fr<\/span><\/a><\/li>\n<\/ul>\n<pre><span style=\"font-size: 14pt;\"><strong><span style=\"color: #000080;\">R\u00e9seau Verdon Sainte Beaume<\/span><\/strong><\/span><\/pre>\n<ul>\n<li><span style=\"font-size: 12pt;\"><strong>Coll\u00e8ge Joseph D&rsquo;Arbaud,&nbsp; Barjols (club d&rsquo;\u00e9checs)<\/strong><\/span><br \/>Marie-Caroline All\u00e9grini, <a href=\"mailto:Marie-Caroline.Cossa@ac-nice.fr\">Marie-Caroline.Cossa@ac-nice.fr<\/a><u><strong>&nbsp;<\/strong><\/u><\/li>\n<\/ul>\n<pre><strong><span style=\"font-size: 14pt; color: #000080;\">R\u00e9seau Rives de la Cagne<\/span><\/strong><\/pre>\n<ul>\n<li><strong><span style=\"font-size: 12pt;\">Coll\u00e8ge Jules Verne, Cagne sur Mer<\/span><br \/><\/strong>Ang\u00e9lique Videau, <a class=\"v1moz-txt-link-abbreviated\" href=\"mailto:angelique.videau@ac-nice.fr\" rel=\"noreferrer\">angelique.videau@ac-nice.fr<\/a><\/li>\n<\/ul>\n<pre><span style=\"font-size: 14pt; color: #000080;\"><strong>R\u00e9seau Golfe de Saint Tropez<\/strong><\/span><\/pre>\n<ul>\n<li><strong><span style=\"font-size: 12pt;\">Coll\u00e8ge G\u00e9rard Philipe, Cogolin (Robotique, d\u00e9fis maths en lien avec le premier degr\u00e9)<\/span><br \/><\/strong>Aymeric Boston,<a href=\"mailto:Aymeric.Boston@ac-nice.fr\"> Aymeric.Boston@ac-nice.fr<\/a><\/li>\n<\/ul>\n<p>&nbsp;<\/p>\n<p>[\/et_pb_text][\/et_pb_column][\/et_pb_row][\/et_pb_section]<\/p>\n","protected":false},"excerpt":{"rendered":"<p>Les labomaths<a href='https:\/\/www.pedagogie.ac-nice.fr\/mathematiques\/labomaths-quest-ce-que-cest\/' class='small-button smallblue'>Un labomaths &#8211; qu&rsquo;est-ce que c&rsquo;est ?<\/a> <a href='https:\/\/www.pedagogie.ac-nice.fr\/mathematiques\/les-labomaths-cest-qui\/' class='small-button smallblue'>Les labomaths &#8211; c&rsquo;est qui ?<\/a> <a href='https:\/\/www.pedagogie.ac-nice.fr\/mathematiques\/laboratoires-et-clubs\/\/\/' class='small-button smallblue'>Actualit\u00e9s des labomaths<\/a>Les clubs maths<a href='https:\/\/www.pedagogie.ac-nice.fr\/mathematiques\/les-clubs-mathematiques-quest-que-cest\/' class='small-button smallblue'>Qu&rsquo;est-ce que c&rsquo;est ?<\/a> <a href='https:\/\/www.pedagogie.ac-nice.fr\/mathematiques\/les-clubmaths-cest-qui\/' class='small-button smallblue'>C&rsquo;est qui ?<\/a> <a href='https:\/\/www.pedagogie.ac-nice.fr\/mathematiques\/actualites-des-clubs-de-maths-de-lacademie\/' class='small-button smallblue'>Actualit\u00e9s des clubs<\/a> <a href='https:\/\/www.pedagogie.ac-nice.fr\/mathematiques\/des-idees-pour-les-clubs-de-maths\/' class='small-button smallblue'>Des id\u00e9es pour les clubs maths<\/a>Les Clubmaths dans l&rsquo;acad\u00e9mie de NiceR\u00e9seau L\u2019Argens Coll\u00e8ge Marie Mauron, Fayence (jeux, enigmes, [&hellip;]<\/p>\n","protected":false},"author":202,"featured_media":0,"parent":0,"menu_order":0,"comment_status":"closed","ping_status":"closed","template":"","meta":{"_et_pb_use_builder":"on","_et_pb_old_content":"","_et_gb_content_width":"","ngg_post_thumbnail":0,"footnotes":""},"class_list":["post-8891","page","type-page","status-publish","hentry"],"rttpg_featured_image_url":null,"rttpg_author":{"display_name":"admin","author_link":"https:\/\/www.pedagogie.ac-nice.fr\/mathematiques\/author\/opilorget\/"},"rttpg_comment":0,"rttpg_category":null,"rttpg_excerpt":"Les labomaths[button link=\"https:\/\/www.pedagogie.ac-nice.fr\/mathematiques\/labomaths-quest-ce-que-cest\/\"] Un labomaths - qu'est-ce que c'est ?[\/button] [button link=\"https:\/\/www.pedagogie.ac-nice.fr\/mathematiques\/les-labomaths-cest-qui\/\"]Les labomaths - c'est qui ?[\/button] [button link=\"https:\/\/www.pedagogie.ac-nice.fr\/mathematiques\/laboratoires-et-clubs\/\/\/\"]Actualit\u00e9s des labomaths[\/button]Les clubs maths[button link=\"https:\/\/www.pedagogie.ac-nice.fr\/mathematiques\/les-clubs-mathematiques-quest-que-cest\/\"]Qu'est-ce que c'est ?[\/button] [button link=\"https:\/\/www.pedagogie.ac-nice.fr\/mathematiques\/les-clubmaths-cest-qui\/\"]C'est qui ?[\/button] [button link=\"https:\/\/www.pedagogie.ac-nice.fr\/mathematiques\/actualites-des-clubs-de-maths-de-lacademie\/\"]Actualit\u00e9s des clubs[\/button] [button link=\"https:\/\/www.pedagogie.ac-nice.fr\/mathematiques\/des-idees-pour-les-clubs-de-maths\/\"] Des id\u00e9es pour les clubs maths[\/button]Les Clubmaths dans l'acad\u00e9mie de NiceR\u00e9seau L\u2019Argens Coll\u00e8ge Marie Mauron, Fayence (jeux, enigmes,\u2026","post_mailing_queue_ids":[],"_links":{"self":[{"href":"https:\/\/www.pedagogie.ac-nice.fr\/mathematiques\/wp-json\/wp\/v2\/pages\/8891","targetHints":{"allow":["GET"]}}],"collection":[{"href":"https:\/\/www.pedagogie.ac-nice.fr\/mathematiques\/wp-json\/wp\/v2\/pages"}],"about":[{"href":"https:\/\/www.pedagogie.ac-nice.fr\/mathematiques\/wp-json\/wp\/v2\/types\/page"}],"author":[{"embeddable":true,"href":"https:\/\/www.pedagogie.ac-nice.fr\/mathematiques\/wp-json\/wp\/v2\/users\/202"}],"replies":[{"embeddable":true,"href":"https:\/\/www.pedagogie.ac-nice.fr\/mathematiques\/wp-json\/wp\/v2\/comments?post=8891"}],"version-history":[{"count":67,"href":"https:\/\/www.pedagogie.ac-nice.fr\/mathematiques\/wp-json\/wp\/v2\/pages\/8891\/revisions"}],"predecessor-version":[{"id":14063,"href":"https:\/\/www.pedagogie.ac-nice.fr\/mathematiques\/wp-json\/wp\/v2\/pages\/8891\/revisions\/14063"}],"wp:attachment":[{"href":"https:\/\/www.pedagogie.ac-nice.fr\/mathematiques\/wp-json\/wp\/v2\/media?parent=8891"}],"curies":[{"name":"wp","href":"https:\/\/api.w.org\/{rel}","templated":true}]}}