{"id":163,"date":"2023-06-12T10:39:59","date_gmt":"2023-06-12T08:39:59","guid":{"rendered":"https:\/\/www.pedagogie.ac-nice.fr\/memoire-citoyennete-defense\/?page_id=163"},"modified":"2025-10-16T09:18:01","modified_gmt":"2025-10-16T07:18:01","slug":"contact","status":"publish","type":"page","link":"https:\/\/www.pedagogie.ac-nice.fr\/memoire-citoyennete-defense\/contact\/","title":{"rendered":"Contact"},"content":{"rendered":"<p>[contact-form-7 id=\u00a0\u00bb155&Prime; title=\u00a0\u00bbContact\u00a0\u00bb]<br \/>\n<strong>Responsable p\u00e9dagogique&nbsp;:<\/strong><br \/>\nM. Jean-Claude Nicolas, IA-IPR &#8211; P\u00f4le Acad\u00e9mique des Valeurs de la R\u00e9publique<br \/>\n&nbsp;<\/p>\n","protected":false},"excerpt":{"rendered":"<p>[contact-form-7 id=\u00a0\u00bb155&Prime; title=\u00a0\u00bbContact\u00a0\u00bb] Responsable p\u00e9dagogique&nbsp;: M. Jean-Claude Nicolas, IA-IPR &#8211; P\u00f4le Acad\u00e9mique des Valeurs de la R\u00e9publique &nbsp;<\/p>\n","protected":false},"author":230,"featured_media":0,"parent":0,"menu_order":0,"comment_status":"closed","ping_status":"closed","template":"","meta":{"colormag_page_container_layout":"default_layout","colormag_page_sidebar_layout":"default_layout","ngg_post_thumbnail":0,"footnotes":""},"class_list":["post-163","page","type-page","status-publish","hentry"],"rttpg_featured_image_url":null,"rttpg_author":{"display_name":"Admin","author_link":"https:\/\/www.pedagogie.ac-nice.fr\/memoire-citoyennete-defense\/author\/pbriand\/"},"rttpg_comment":0,"rttpg_category":null,"rttpg_excerpt":"[contact-form-7 id=\u00a0\u00bb155&Prime; title=\u00a0\u00bbContact\u00a0\u00bb] Responsable p\u00e9dagogique&nbsp;: M. Jean-Claude Nicolas, IA-IPR &#8211; P\u00f4le Acad\u00e9mique des Valeurs de la R\u00e9publique &nbsp;","post_mailing_queue_ids":[],"_links":{"self":[{"href":"https:\/\/www.pedagogie.ac-nice.fr\/memoire-citoyennete-defense\/wp-json\/wp\/v2\/pages\/163","targetHints":{"allow":["GET"]}}],"collection":[{"href":"https:\/\/www.pedagogie.ac-nice.fr\/memoire-citoyennete-defense\/wp-json\/wp\/v2\/pages"}],"about":[{"href":"https:\/\/www.pedagogie.ac-nice.fr\/memoire-citoyennete-defense\/wp-json\/wp\/v2\/types\/page"}],"author":[{"embeddable":true,"href":"https:\/\/www.pedagogie.ac-nice.fr\/memoire-citoyennete-defense\/wp-json\/wp\/v2\/users\/230"}],"replies":[{"embeddable":true,"href":"https:\/\/www.pedagogie.ac-nice.fr\/memoire-citoyennete-defense\/wp-json\/wp\/v2\/comments?post=163"}],"version-history":[{"count":5,"href":"https:\/\/www.pedagogie.ac-nice.fr\/memoire-citoyennete-defense\/wp-json\/wp\/v2\/pages\/163\/revisions"}],"predecessor-version":[{"id":560,"href":"https:\/\/www.pedagogie.ac-nice.fr\/memoire-citoyennete-defense\/wp-json\/wp\/v2\/pages\/163\/revisions\/560"}],"wp:attachment":[{"href":"https:\/\/www.pedagogie.ac-nice.fr\/memoire-citoyennete-defense\/wp-json\/wp\/v2\/media?parent=163"}],"curies":[{"name":"wp","href":"https:\/\/api.w.org\/{rel}","templated":true}]}}