{"id":323,"date":"2024-10-03T15:13:11","date_gmt":"2024-10-03T13:13:11","guid":{"rendered":"https:\/\/www.pedagogie.ac-nice.fr\/memoire-citoyennete-defense\/?page_id=323"},"modified":"2025-02-10T15:49:00","modified_gmt":"2025-02-10T14:49:00","slug":"partenariats","status":"publish","type":"page","link":"https:\/\/www.pedagogie.ac-nice.fr\/memoire-citoyennete-defense\/partenariats\/","title":{"rendered":"Partenariats"},"content":{"rendered":"<h4 class=\"blocs_titre blocs_replie blocs_click cs_done\">&nbsp;<\/h4>\n<h4 class=\"blocs_titre blocs_replie blocs_click cs_done\"><a class=\"ouvrir_fermer\" title=\"D\u00e9plier\" href=\"https:\/\/www.pedagogie.ac-nice.fr\/memoire-citoyennete-defense\/onac-vg\/\"><span style=\"font-size: large;\"><img loading=\"lazy\" decoding=\"async\" class=\"size-full wp-image-106 alignnone\" src=\"https:\/\/www.pedagogie.ac-nice.fr\/memoire-citoyennete-defense\/wp-content\/uploads\/sites\/54\/2023\/06\/flch.gif\" alt=\"\" width=\"13\" height=\"18\"> avec l&rsquo;ONAC-VG<\/span><\/a><\/h4>\n<p>&nbsp;<\/p>\n<h4 class=\"blocs_titre blocs_replie blocs_click cs_done\"><a class=\"ouvrir_fermer\" title=\"D\u00e9plier\" href=\"https:\/\/www.pedagogie.ac-nice.fr\/histgeo\/index.php\/memoires\/shoah-et-memoire-des-genocides\" target=\"_blank\" rel=\"noopener\"><span style=\"font-size: large;\"><img loading=\"lazy\" decoding=\"async\" class=\"size-full wp-image-106 alignnone\" src=\"https:\/\/www.pedagogie.ac-nice.fr\/memoire-citoyennete-defense\/wp-content\/uploads\/sites\/54\/2023\/06\/flch.gif\" alt=\"\" width=\"13\" height=\"18\"> avec LE CAMPS DES MILLES<\/span><\/a><\/h4>\n<p class=\"blocs_titre blocs_replie blocs_click cs_done\"><img loading=\"lazy\" decoding=\"async\" class=\"alignnone size-full wp-image-107\" src=\"https:\/\/www.pedagogie.ac-nice.fr\/memoire-citoyennete-defense\/wp-content\/uploads\/sites\/54\/2023\/06\/fch_drt2.gif\" alt=\"\" width=\"19\" height=\"15\"> <a href=\"https:\/\/www.pedagogie.ac-nice.fr\/memoire-citoyennete-defense\/debat-mouvant-autour-des-valeurs-de-la-republique-suite-a-la-visite-du-camp-des-milles-avec-une-classe-de-troisieme\/\"><span style=\"color: #ff6600;\"><em>Retour d&rsquo;exp\u00e9rience : D\u00e9bat mouvant autour des valeurs de la R\u00e9publique<br \/>\n&nbsp; &nbsp; &nbsp; suite \u00e0 la visite du camp des Milles avec une classe de 3e<\/em><\/span><\/a><\/p>\n<p>&nbsp;<\/p>\n<h4 class=\"blocs_titre blocs_replie blocs_click cs_done\"><a class=\"ouvrir_fermer\" title=\"D\u00e9plier\"><span style=\"font-size: large;\"><img loading=\"lazy\" decoding=\"async\" class=\"size-full wp-image-106 alignnone\" src=\"https:\/\/www.pedagogie.ac-nice.fr\/memoire-citoyennete-defense\/wp-content\/uploads\/sites\/54\/2023\/06\/flch.gif\" alt=\"\" width=\"13\" height=\"18\">&nbsp;<\/span><\/a><a class=\"ouvrir_fermer\" title=\"D\u00e9plier\" href=\"https:\/\/archives.var.fr\/article.php?laref=13934&amp;titre=le-debarquement-de-provence-de-la-resistance-au-retour-de-la-republique\" target=\"_blank\" rel=\"noopener\"><span style=\"font-size: large;\">avec LES ARCHIVES DEPARTEMENTALES DU VAR<\/span><\/a><\/h4>\n<p class=\"blocs_titre blocs_replie blocs_click cs_done\"><a class=\"ouvrir_fermer\" title=\"D\u00e9plier\" href=\"https:\/\/archives.var.fr\/article.php?laref=13934&amp;titre=le-debarquement-de-provence-de-la-resistance-au-retour-de-la-republique\" target=\"_blank\" rel=\"noopener\"><span style=\"font-size: large;\"><span style=\"color: #ff6600; font-size: 12pt;\"><em><img loading=\"lazy\" decoding=\"async\" class=\"alignnone size-full wp-image-107\" src=\"https:\/\/www.pedagogie.ac-nice.fr\/memoire-citoyennete-defense\/wp-content\/uploads\/sites\/54\/2023\/06\/fch_drt2.gif\" alt=\"\" width=\"19\" height=\"15\"> LE D\u00c9BARQUEMENT DE PROVENCE, de la R\u00e9sistance au retour de la R\u00e9publique<\/em><\/span><br \/>\n<\/span><\/a><\/p>\n<p>&nbsp;<\/p>\n<h4 class=\"blocs_titre blocs_replie blocs_click cs_done\"><a class=\"ouvrir_fermer\" title=\"D\u00e9plier\"><span style=\"font-size: large;\"><img loading=\"lazy\" decoding=\"async\" class=\"size-full wp-image-106 alignnone\" src=\"https:\/\/www.pedagogie.ac-nice.fr\/memoire-citoyennete-defense\/wp-content\/uploads\/sites\/54\/2023\/06\/flch.gif\" alt=\"\" width=\"13\" height=\"18\">&nbsp;<\/span><\/a><a class=\"ouvrir_fermer\" title=\"D\u00e9plier\" href=\"https:\/\/www.ac-normandie.fr\/partenariats-et-appariements-scolaires-122861\" target=\"_blank\" rel=\"noopener\"><span style=\"font-size: large;\">avec L&rsquo;ACADEMIE DE NORMANDIE<\/span><\/a><br \/>\n<em><span style=\"color: #ff6600;\">Appariement inter-\u00e9tablissements<\/span><\/em><\/h4>\n<p>&nbsp;<\/p>\n<h4 class=\"blocs_titre blocs_replie blocs_click cs_done\"><a class=\"ouvrir_fermer\" title=\"D\u00e9plier\"><span style=\"font-size: large;\"><img loading=\"lazy\" decoding=\"async\" class=\"size-full wp-image-106 alignnone\" src=\"https:\/\/www.pedagogie.ac-nice.fr\/memoire-citoyennete-defense\/wp-content\/uploads\/sites\/54\/2023\/06\/flch.gif\" alt=\"\" width=\"13\" height=\"18\">&nbsp;<\/span><\/a><a class=\"ouvrir_fermer\" title=\"D\u00e9plier\" href=\"https:\/\/www.pedagogie.ac-nice.fr\/histgeo\/index.php\/memoires\/shoah-et-memoire-des-genocides\" target=\"_blank\" rel=\"noopener\"><span style=\"font-size: large;\">avec LA REGION SUD<\/span><\/a><span style=\"font-size: large;\">&nbsp;<br \/>\n<\/span><em><span style=\"color: #ff6600;\">Voyage de M\u00e9moire \u00e0 Auschwitz<\/span><\/em><\/h4>\n<p class=\"blocs_titre blocs_replie blocs_click cs_done\" style=\"text-align: right;\"><em><span style=\"color: #ff6600;\"><a href=\"https:\/\/www.pedagogie.ac-nice.fr\/histgeo\/images\/attachments\/wallon2024.pdf\" target=\"_blank\" rel=\"noopener\">T\u00e9moignage de M. Thomas,<\/a> professeur de SEGPA au coll\u00e8ge Wallon \u00e0 la Seyne sur mer<br \/>\nqui a particip\u00e9 au voyage d&rsquo;\u00e9tude de 3 jours du m\u00e9morial de la Shoah avec 40 autres professeurs de l&rsquo;Acad\u00e9mie.<\/span><\/em><\/p>\n<p>&nbsp;<\/p>\n<h4 class=\"blocs_titre blocs_replie blocs_click cs_done\"><a class=\"ouvrir_fermer\" title=\"D\u00e9plier\" href=\"https:\/\/www.pedagogie.ac-nice.fr\/histgeo\/index.php\/memoires\/shoah-et-memoire-des-genocides\" target=\"_blank\" rel=\"noopener\"><span style=\"font-size: large;\"><img loading=\"lazy\" decoding=\"async\" class=\"size-full wp-image-106 alignnone\" src=\"https:\/\/www.pedagogie.ac-nice.fr\/memoire-citoyennete-defense\/wp-content\/uploads\/sites\/54\/2023\/06\/flch.gif\" alt=\"\" width=\"13\" height=\"18\"> avec LE MEMORIAL DE LA SHOAH<\/span><\/a><br \/>\n<span style=\"color: #ff6600;\"><em>Les Ateliers Hors les murs<\/em><\/span><\/h4>\n<p>&nbsp;<\/p>\n<h4 class=\"blocs_titre blocs_replie blocs_click cs_done\"><a class=\"ouvrir_fermer\" title=\"D\u00e9plier\" href=\"https:\/\/www.yadvashem.org\/fr\/education.html\" target=\"_blank\" rel=\"noopener\"><span style=\"font-size: large;\"><img loading=\"lazy\" decoding=\"async\" class=\"size-full wp-image-106 alignnone\" src=\"https:\/\/www.pedagogie.ac-nice.fr\/memoire-citoyennete-defense\/wp-content\/uploads\/sites\/54\/2023\/06\/flch.gif\" alt=\"\" width=\"13\" height=\"18\"> avec YAD VASHEM<\/span><\/a><br \/>\n<span style=\"color: #ff6600;\"><em>D\u00e9l\u00e9gation r\u00e9gionale<br \/>\n<\/em><\/span><span style=\"color: #ff6600;\"><em> <a href=\"mailto:daniel.wancier@wanadoo.fr\"><img loading=\"lazy\" decoding=\"async\" class=\"alignnone wp-image-384\" src=\"https:\/\/www.pedagogie.ac-nice.fr\/memoire-citoyennete-defense\/wp-content\/uploads\/sites\/54\/2024\/10\/mail-150x150.png\" alt=\"\" width=\"50\" height=\"50\" srcset=\"https:\/\/www.pedagogie.ac-nice.fr\/memoire-citoyennete-defense\/wp-content\/uploads\/sites\/54\/2024\/10\/mail-150x150.png 150w, https:\/\/www.pedagogie.ac-nice.fr\/memoire-citoyennete-defense\/wp-content\/uploads\/sites\/54\/2024\/10\/mail-300x300.png 300w, https:\/\/www.pedagogie.ac-nice.fr\/memoire-citoyennete-defense\/wp-content\/uploads\/sites\/54\/2024\/10\/mail-1024x1024.png 1024w, https:\/\/www.pedagogie.ac-nice.fr\/memoire-citoyennete-defense\/wp-content\/uploads\/sites\/54\/2024\/10\/mail-768x768.png 768w, https:\/\/www.pedagogie.ac-nice.fr\/memoire-citoyennete-defense\/wp-content\/uploads\/sites\/54\/2024\/10\/mail.png 1280w\" sizes=\"auto, (max-width: 50px) 100vw, 50px\" \/><\/a><\/em><\/span><\/h4>\n<p>&nbsp;<\/p>\n<h4 class=\"blocs_titre blocs_replie blocs_click cs_done\">&nbsp;<\/h4>\n<h4 class=\"blocs_titre blocs_replie blocs_click cs_done\">&nbsp;<\/h4>\n<h4 class=\"blocs_titre blocs_replie blocs_click cs_done\">&nbsp;<\/h4>\n","protected":false},"excerpt":{"rendered":"<p>&nbsp; avec l&rsquo;ONAC-VG &nbsp; avec LE CAMPS DES MILLES Retour d&rsquo;exp\u00e9rience : D\u00e9bat mouvant autour des valeurs de la R\u00e9publique<\/p>\n","protected":false},"author":230,"featured_media":0,"parent":0,"menu_order":0,"comment_status":"closed","ping_status":"closed","template":"","meta":{"colormag_page_container_layout":"default_layout","colormag_page_sidebar_layout":"default_layout","ngg_post_thumbnail":0,"footnotes":""},"class_list":["post-323","page","type-page","status-publish","hentry"],"rttpg_featured_image_url":null,"rttpg_author":{"display_name":"Admin","author_link":"https:\/\/www.pedagogie.ac-nice.fr\/memoire-citoyennete-defense\/author\/pbriand\/"},"rttpg_comment":0,"rttpg_category":null,"rttpg_excerpt":"&nbsp; avec l&rsquo;ONAC-VG &nbsp; avec LE CAMPS DES MILLES Retour d&rsquo;exp\u00e9rience : D\u00e9bat mouvant autour des valeurs de la R\u00e9publique","post_mailing_queue_ids":[],"_links":{"self":[{"href":"https:\/\/www.pedagogie.ac-nice.fr\/memoire-citoyennete-defense\/wp-json\/wp\/v2\/pages\/323","targetHints":{"allow":["GET"]}}],"collection":[{"href":"https:\/\/www.pedagogie.ac-nice.fr\/memoire-citoyennete-defense\/wp-json\/wp\/v2\/pages"}],"about":[{"href":"https:\/\/www.pedagogie.ac-nice.fr\/memoire-citoyennete-defense\/wp-json\/wp\/v2\/types\/page"}],"author":[{"embeddable":true,"href":"https:\/\/www.pedagogie.ac-nice.fr\/memoire-citoyennete-defense\/wp-json\/wp\/v2\/users\/230"}],"replies":[{"embeddable":true,"href":"https:\/\/www.pedagogie.ac-nice.fr\/memoire-citoyennete-defense\/wp-json\/wp\/v2\/comments?post=323"}],"version-history":[{"count":24,"href":"https:\/\/www.pedagogie.ac-nice.fr\/memoire-citoyennete-defense\/wp-json\/wp\/v2\/pages\/323\/revisions"}],"predecessor-version":[{"id":444,"href":"https:\/\/www.pedagogie.ac-nice.fr\/memoire-citoyennete-defense\/wp-json\/wp\/v2\/pages\/323\/revisions\/444"}],"wp:attachment":[{"href":"https:\/\/www.pedagogie.ac-nice.fr\/memoire-citoyennete-defense\/wp-json\/wp\/v2\/media?parent=323"}],"curies":[{"name":"wp","href":"https:\/\/api.w.org\/{rel}","templated":true}]}}