{"id":458,"date":"2025-04-17T14:18:35","date_gmt":"2025-04-17T12:18:35","guid":{"rendered":"https:\/\/www.pedagogie.ac-nice.fr\/memoire-citoyennete-defense\/?page_id=458"},"modified":"2025-04-17T14:40:15","modified_gmt":"2025-04-17T12:40:15","slug":"hommage-aux-victimes-des-genocides","status":"publish","type":"page","link":"https:\/\/www.pedagogie.ac-nice.fr\/memoire-citoyennete-defense\/hommage-aux-victimes-des-genocides\/","title":{"rendered":"Hommage aux victimes des g\u00e9nocides"},"content":{"rendered":"<h4 style=\"text-align: center;\"><span style=\"color: #ff6600;\">C\u00e9r\u00e9monie comm\u00e9morative en hommage aux victimes des g\u00e9nocides et des crimes contre l&rsquo;humanit\u00e9 du XXe si\u00e8cle<\/span><br \/>\n<span style=\"color: #ff6600;\">80 ans de la lib\u00e9ration du centre de mise \u00e0 mort d&rsquo;Auschwitz-Birkenau<\/span><\/h4>\n<p style=\"text-align: center;\"><iframe loading=\"lazy\" style=\"padding: 0; margin: 0; border: 0;\" title=\"Brea_27-01-2025.mp4\" src=\"https:\/\/podeduc.apps.education.fr\/video\/89281-brea_27-01-2025mp4\/?is_iframe=true\" width=\"640\" height=\"360\" allowfullscreen=\"allowfullscreen\"><\/iframe><\/p>\n<p>Ce lundi 27 janvier 2025, pour les 80 ans de la lib\u00e9ration du centre de mise \u00e0 mort d&rsquo;Auschwitz-Birkenau, <span style=\"color: #ff6600;\">le coll\u00e8ge Ludovic Br\u00e9a de Saint Martin du Var<\/span> a rendu hommage aux victimes des g\u00e9nocides et des crimes contre l&rsquo;humanit\u00e9 du XX\u00e8me si\u00e8cle.<\/p>\n<p>Durant toute l&rsquo;apr\u00e8s-midi, plusieurs \u00e9l\u00e8ves de 3\u00e8me5 sont intervenus aupr\u00e8s des classes de 4\u00e8me afin de leur pr\u00e9senter l\u2019histoire des g\u00e9nocides, ainsi que les m\u00e9canismes qui conduisent aux pires actes de barbarie. Un film intitul\u00e9 <em>Victimes des g\u00e9nocides du XXe si\u00e8cle<\/em> (20 minutes) a \u00e9t\u00e9 projet\u00e9. Celui-ci a \u00e9t\u00e9 r\u00e9alis\u00e9 \u00e0 partir de recherches historiques et de la lecture de diff\u00e9rents ouvrages : un roman sur le g\u00e9nocide arm\u00e9nien, Dans les yeux d&rsquo;Anouch, de Roland Godel, les biographies de Simone Veil, Ginette Kolinka et une bande dessin\u00e9e sur la vie d&rsquo;Anne Frank pour aborder la Shoah, et enfin un roman de Ga\u00ebl Faye intitul\u00e9 Petit Pays sur le g\u00e9nocide du Rwanda. Les 3\u00e8me ont ensuite r\u00e9pondu aux diff\u00e9rentes questions de leurs camarades de 4\u00e8me.<\/p>\n<p>De 15h \u00e0 17h, <span style=\"color: #ff6600;\">M. Wancier et Mme Murzeau<\/span> sont intervenus au CDI aupr\u00e8s des classes de 3\u00e8me. Le premier a \u00e9t\u00e9 un enfant juif cach\u00e9 pendant la Seconde Guerre mondiale, alors que son p\u00e8re a \u00e9t\u00e9 d\u00e9port\u00e9 \u00e0 Auschwitz, en Pologne. La famille de la seconde a \u00e9t\u00e9 d\u00e9cor\u00e9e du titre de \u00ab Juste parmi les Nations \u00bb pour avoir cach\u00e9 une petite fille juive pendant la guerre. Cette action a \u00e9t\u00e9 extr\u00eamement importante afin que nos \u00e9l\u00e8ves puissent \u00e9changer avec des t\u00e9moins directs de cette Histoire, celle de la Shoah, et comprendre la n\u00e9cessit\u00e9 de ne pas fermer les yeux devant de telles atrocit\u00e9s.<\/p>\n<p><img loading=\"lazy\" decoding=\"async\" class=\"alignleft wp-image-468 size-medium\" src=\"https:\/\/www.pedagogie.ac-nice.fr\/memoire-citoyennete-defense\/wp-content\/uploads\/sites\/54\/2025\/04\/brea1-300x220.jpg\" alt=\"\" width=\"300\" height=\"220\" srcset=\"https:\/\/www.pedagogie.ac-nice.fr\/memoire-citoyennete-defense\/wp-content\/uploads\/sites\/54\/2025\/04\/brea1-300x220.jpg 300w, https:\/\/www.pedagogie.ac-nice.fr\/memoire-citoyennete-defense\/wp-content\/uploads\/sites\/54\/2025\/04\/brea1.jpg 753w\" sizes=\"auto, (max-width: 300px) 100vw, 300px\" \/>\u00c0 17h, les invit\u00e9s ont \u00e9t\u00e9 accueillis au coll\u00e8ge par les \u00e9l\u00e8ves de 3\u00e8me engag\u00e9s dans l&rsquo;organisation de cette c\u00e9r\u00e9monie comm\u00e9morative. Ils ont pu voir au CDI une exposition artistique, r\u00e9alis\u00e9e par les 3\u00e8me 3 et les 3\u00e8me 5, sur le camp des Milles (suite \u00e0 une sortie \u00e0 Aix-en-Provence), accompagn\u00e9e d&rsquo;acrostiches et de po\u00e8mes.<\/p>\n<p>\u00c0 17h30, suite aux discours d&rsquo;accueil de <span style=\"color: #ff6600;\">M. Dorlin<\/span> et de pr\u00e9sentation du projet m\u00e9moriel par <span style=\"color: #ff6600;\">M. Giausserand et M. Long<\/span> \u2013 professeurs d&rsquo;Histoire-G\u00e9ographie du coll\u00e8ge \u2013, <span style=\"color: #ff6600;\">Mme Frontoni<\/span> \u2013 vice-pr\u00e9sidente du D\u00e9partement des Alpes-Maritimes \u2013 a pris la parole pour insister sur l&rsquo;importance du devoir de m\u00e9moire afin de \u00ab faire que notre Histoire ne devienne pas notre futur \u00bb.<\/p>\n<p>Un film intitul\u00e9 Un XX\u00e8me si\u00e8cle meurtri par la barbarie, r\u00e9alis\u00e9 par onze \u00e9l\u00e8ves de 3\u00e8me 5 et cinq Cadets de la d\u00e9fense, a \u00e9t\u00e9 projet\u00e9 au r\u00e9fectoire du coll\u00e8ge, devant plus de 150 personnes. \u00c0 partir d&rsquo;interviews d&rsquo;historiens (Mika\u00ebl Ninachian, Tal Bruttmann et H\u00e9l\u00e8ne Dumas) et de t\u00e9moignages de survivants (Ginette Kolinka pour la Shoah et Scholastique Mukasonga pour le Rwanda), ce film retrace l&rsquo;histoire des trois g\u00e9nocides du XXe si\u00e8cle reconnus par l&rsquo;ONU : les g\u00e9nocides arm\u00e9nien, juif et tutsi du Rwanda.<\/p>\n<p style=\"text-align: center;\"><img loading=\"lazy\" decoding=\"async\" class=\"aligncenter size-full wp-image-464\" src=\"https:\/\/www.pedagogie.ac-nice.fr\/memoire-citoyennete-defense\/wp-content\/uploads\/sites\/54\/2025\/04\/brea2.jpg\" alt=\"\" width=\"838\" height=\"346\" srcset=\"https:\/\/www.pedagogie.ac-nice.fr\/memoire-citoyennete-defense\/wp-content\/uploads\/sites\/54\/2025\/04\/brea2.jpg 838w, https:\/\/www.pedagogie.ac-nice.fr\/memoire-citoyennete-defense\/wp-content\/uploads\/sites\/54\/2025\/04\/brea2-300x124.jpg 300w, https:\/\/www.pedagogie.ac-nice.fr\/memoire-citoyennete-defense\/wp-content\/uploads\/sites\/54\/2025\/04\/brea2-768x317.jpg 768w\" sizes=\"auto, (max-width: 838px) 100vw, 838px\" \/><\/p>\n<p>\u00c0 18h, suite \u00e0 cette projection, un moment de recueillement s&rsquo;est tenu sous le pr\u00e9au du coll\u00e8ge, avec l&rsquo;inauguration d&rsquo;une plaque comm\u00e9morative par M. Wancier et une \u00e9l\u00e8ve de 3\u00e8me 5. Trois Cadets de la d\u00e9fense ont lu un t\u00e9moignage d\u2019un soldat sovi\u00e9tique, Ivan Martynouchkine, qui a particip\u00e9 \u00e0 la lib\u00e9ration du camp d\u2019Auschwitz-Birkenau le 27 janvier 1945 :<em> \u00ab On a vu un camp au loin. On ne savait pas du tout ce que c&rsquo;\u00e9tait. Il \u00e9tait immense. Plus grand que tout ce que j&rsquo;avais vu. Plus on s&rsquo;approchait de ce camp, plus on sentait une odeur tr\u00e8s forte, comme une odeur de combustion. J&rsquo;avais l&rsquo;habitude de cette odeur. C&rsquo;\u00e9tait celle des villages br\u00fbl\u00e9s. Mais ici, c&rsquo;\u00e9tait particulier. Comme une odeur de corps br\u00fbl\u00e9s [\u2026] L&rsquo;atmosph\u00e8re \u00e9tait telle que je ne souhaitais qu&rsquo;une seule chose : c&rsquo;\u00e9tait ressortir au plus vite \u00bb.<\/em><\/p>\n<p><span style=\"color: #ff6600;\">M. Paul,<\/span> Maire de Saint-Martin du Var, a ensuite pris la parole afin d\u2019insister&nbsp; sur la n\u00e9cessit\u00e9 de ne&nbsp; pas \u00eatre indiff\u00e9rent face \u00e0 cette histoire des g\u00e9nocides puisque \u00ab si nous ne sommes pas tous conscients de ce que peut faire la nature humaine, alors demain d\u2019autres g\u00e9n\u00e9rations pourront perp\u00e9trer ce qu\u2019on connu nos parents ou grands-parents \u00bb. Suite \u00e0 ce discours, deux anciens \u00e9l\u00e8ves du coll\u00e8ge, qui se sont impliqu\u00e9s l&rsquo;an dernier dans les actions m\u00e9morielles autour du D\u00e9barquement de Normandie, ont transmis deux gerbes (une de la Mairie de Saint Martin du Var et une du coll\u00e8ge) \u00e0 deux \u00e9l\u00e8ves de 3\u00e8me, symbolisant l&rsquo;importance de la transmission et pour que nos \u00e9l\u00e8ves deviennent dans l&rsquo;avenir des \u00abpasseurs de m\u00e9moire \u00bb. Les gerbes ont \u00e9t\u00e9 d\u00e9pos\u00e9es au pied de la plaque comm\u00e9morative, et une minute de silence a \u00e9t\u00e9 respect\u00e9e afin de rendre hommage \u00e0 toutes les victimes des g\u00e9nocides et des crimes contre l&rsquo;humanit\u00e9.<\/p>\n<p><img loading=\"lazy\" decoding=\"async\" class=\"aligncenter size-full wp-image-465\" src=\"https:\/\/www.pedagogie.ac-nice.fr\/memoire-citoyennete-defense\/wp-content\/uploads\/sites\/54\/2025\/04\/brea3.jpg\" alt=\"\" width=\"702\" height=\"348\" srcset=\"https:\/\/www.pedagogie.ac-nice.fr\/memoire-citoyennete-defense\/wp-content\/uploads\/sites\/54\/2025\/04\/brea3.jpg 702w, https:\/\/www.pedagogie.ac-nice.fr\/memoire-citoyennete-defense\/wp-content\/uploads\/sites\/54\/2025\/04\/brea3-300x149.jpg 300w\" sizes=\"auto, (max-width: 702px) 100vw, 702px\" \/><\/p>\n<p>\u00c0 18h30, au r\u00e9fectoire, des chants ont \u00e9t\u00e9 interpr\u00e9t\u00e9s par plusieurs de nos \u00e9l\u00e8ves de 5\u00e8me 2, 5\u00e8me 4, 5\u00e8me 5 et de la classe orchestre, accompagn\u00e9s par les enseignants du Conservatoire de Nice : le Chant des d\u00e9port\u00e9s, Nuit et brouillard de Jean Ferrat, Stand by me&#8230;<img loading=\"lazy\" decoding=\"async\" class=\"alignright size-medium wp-image-466\" src=\"https:\/\/www.pedagogie.ac-nice.fr\/memoire-citoyennete-defense\/wp-content\/uploads\/sites\/54\/2025\/04\/brea4-300x146.jpg\" alt=\"\" width=\"300\" height=\"146\" srcset=\"https:\/\/www.pedagogie.ac-nice.fr\/memoire-citoyennete-defense\/wp-content\/uploads\/sites\/54\/2025\/04\/brea4-300x146.jpg 300w, https:\/\/www.pedagogie.ac-nice.fr\/memoire-citoyennete-defense\/wp-content\/uploads\/sites\/54\/2025\/04\/brea4.jpg 601w\" sizes=\"auto, (max-width: 300px) 100vw, 300px\" \/><\/p>\n<p>Nous souhaitons remercier tout particuli\u00e8rement :<br \/>\n\u2013 le D\u00e9partement des Alpes-Maritimes et la Mairie de Saint-Martin-du Var qui nous aident dans nos diff\u00e9rentes actions m\u00e9morielles.<br \/>\n\u2013 Monsieur Wancier et Nadine Murzeau qui interviennent aupr\u00e8s de nos \u00e9l\u00e8ves de 3\u00e8me depuis l&rsquo;an dernier.<br \/>\n\u2013 les professeurs du Conservatoire de Nice pour leur accompagnement musical aupr\u00e8s de nos \u00e9l\u00e8ves.<br \/>\n\u2013 les Cadets de la d\u00e9fense qui s&rsquo;impliquent dans les diff\u00e9rentes c\u00e9r\u00e9monies comm\u00e9moratives.<br \/>\n\u2013 la classe orchestre (5\u00e8me 4 et 4\u00e8me 3) pour l&rsquo;interpr\u00e9tation de Stand by me.<br \/>\n\u2013 les \u00e9l\u00e8ves de 5\u00e8me 2, 5\u00e8me 4 et 5\u00e8me 5 qui ont interpr\u00e9t\u00e9 le Chant des d\u00e9port\u00e9s, accompagn\u00e9s au fifre par Sevan (4\u00e8me 2).<br \/>\n\u2013 In\u00e8s (4\u00e8me 3) pour son implication dans les diff\u00e9rents chants, et notamment dans Nuit et brouillard de Jean Ferrat.<br \/>\n\u2013 et enfin tous les \u00e9l\u00e8ves de 3\u00e8me, en particulier les 3\u00e8me 3 et les 3\u00e8me 5, qui ont r\u00e9alis\u00e9 de tr\u00e8s beaux travaux et qui se sont investis dans l&rsquo;organisation de cette c\u00e9r\u00e9monie comm\u00e9morative.<\/p>\n<p style=\"text-align: center;\">Pour ne jamais oublier car<br \/>\n<span style=\"color: #ff6600;\">\u00ab le bourreau tue toujours deux fois, la seconde fois par l&rsquo;oubli \u00bb<br \/>\n<\/span> (Elie Wiesel, prix Nobel de la paix en 1986).<\/p>\n<p style=\"text-align: center;\"><img loading=\"lazy\" decoding=\"async\" class=\"aligncenter size-full wp-image-467\" src=\"https:\/\/www.pedagogie.ac-nice.fr\/memoire-citoyennete-defense\/wp-content\/uploads\/sites\/54\/2025\/04\/brea5.jpg\" alt=\"\" width=\"498\" height=\"666\" srcset=\"https:\/\/www.pedagogie.ac-nice.fr\/memoire-citoyennete-defense\/wp-content\/uploads\/sites\/54\/2025\/04\/brea5.jpg 498w, https:\/\/www.pedagogie.ac-nice.fr\/memoire-citoyennete-defense\/wp-content\/uploads\/sites\/54\/2025\/04\/brea5-224x300.jpg 224w\" sizes=\"auto, (max-width: 498px) 100vw, 498px\" \/><\/p>\n<p>&nbsp;<\/p>\n<p>&nbsp;<\/p>\n","protected":false},"excerpt":{"rendered":"<p>C\u00e9r\u00e9monie comm\u00e9morative en hommage aux victimes des g\u00e9nocides et des crimes contre l&rsquo;humanit\u00e9 du XXe si\u00e8cle 80 ans de la<\/p>\n","protected":false},"author":230,"featured_media":0,"parent":0,"menu_order":0,"comment_status":"closed","ping_status":"closed","template":"","meta":{"colormag_page_container_layout":"default_layout","colormag_page_sidebar_layout":"default_layout","ngg_post_thumbnail":0,"footnotes":""},"class_list":["post-458","page","type-page","status-publish","hentry"],"rttpg_featured_image_url":null,"rttpg_author":{"display_name":"Admin","author_link":"https:\/\/www.pedagogie.ac-nice.fr\/memoire-citoyennete-defense\/author\/pbriand\/"},"rttpg_comment":0,"rttpg_category":null,"rttpg_excerpt":"C\u00e9r\u00e9monie comm\u00e9morative en hommage aux victimes des g\u00e9nocides et des crimes contre l&rsquo;humanit\u00e9 du XXe si\u00e8cle 80 ans de la","post_mailing_queue_ids":[],"_links":{"self":[{"href":"https:\/\/www.pedagogie.ac-nice.fr\/memoire-citoyennete-defense\/wp-json\/wp\/v2\/pages\/458","targetHints":{"allow":["GET"]}}],"collection":[{"href":"https:\/\/www.pedagogie.ac-nice.fr\/memoire-citoyennete-defense\/wp-json\/wp\/v2\/pages"}],"about":[{"href":"https:\/\/www.pedagogie.ac-nice.fr\/memoire-citoyennete-defense\/wp-json\/wp\/v2\/types\/page"}],"author":[{"embeddable":true,"href":"https:\/\/www.pedagogie.ac-nice.fr\/memoire-citoyennete-defense\/wp-json\/wp\/v2\/users\/230"}],"replies":[{"embeddable":true,"href":"https:\/\/www.pedagogie.ac-nice.fr\/memoire-citoyennete-defense\/wp-json\/wp\/v2\/comments?post=458"}],"version-history":[{"count":6,"href":"https:\/\/www.pedagogie.ac-nice.fr\/memoire-citoyennete-defense\/wp-json\/wp\/v2\/pages\/458\/revisions"}],"predecessor-version":[{"id":471,"href":"https:\/\/www.pedagogie.ac-nice.fr\/memoire-citoyennete-defense\/wp-json\/wp\/v2\/pages\/458\/revisions\/471"}],"wp:attachment":[{"href":"https:\/\/www.pedagogie.ac-nice.fr\/memoire-citoyennete-defense\/wp-json\/wp\/v2\/media?parent=458"}],"curies":[{"name":"wp","href":"https:\/\/api.w.org\/{rel}","templated":true}]}}