{"id":993,"date":"2020-03-22T15:01:17","date_gmt":"2020-03-22T14:01:17","guid":{"rendered":"https:\/\/www.pedagogie.ac-nice.fr\/physique\/?page_id=993"},"modified":"2020-07-29T00:58:04","modified_gmt":"2020-07-28T22:58:04","slug":"continuite-pedagogique","status":"publish","type":"page","link":"https:\/\/www.pedagogie.ac-nice.fr\/physique\/continuite-pedagogique\/","title":{"rendered":"Continuit\u00e9 p\u00e9dagogique"},"content":{"rendered":"<p>[et_pb_section fb_built=\u00a0\u00bb1&Prime; admin_label=\u00a0\u00bbsection\u00a0\u00bb _builder_version=\u00a0\u00bb4.5.1&Prime; hover_enabled=\u00a0\u00bb0&Prime; custom_margin=\u00a0\u00bb-120px||||false|false\u00a0\u00bb][et_pb_row admin_label=\u00a0\u00bbrow\u00a0\u00bb _builder_version=\u00a0\u00bb4.5.1&Prime; background_size=\u00a0\u00bbinitial\u00a0\u00bb background_position=\u00a0\u00bbtop_left\u00a0\u00bb background_repeat=\u00a0\u00bbrepeat\u00a0\u00bb hover_enabled=\u00a0\u00bb0&Prime; width=\u00a0\u00bb100%\u00a0\u00bb][et_pb_column type=\u00a0\u00bb4_4&Prime; _builder_version=\u00a0\u00bb3.25&Prime; custom_padding=\u00a0\u00bb|||\u00a0\u00bb custom_padding__hover=\u00a0\u00bb|||\u00a0\u00bb][et_pb_blog include_categories=\u00a0\u00bb92&Prime; show_thumbnail=\u00a0\u00bboff\u00a0\u00bb show_content=\u00a0\u00bbon\u00a0\u00bb _builder_version=\u00a0\u00bb4.5.1&Prime; _module_preset=\u00a0\u00bbdefault\u00a0\u00bb header_font_size=\u00a0\u00bb1px\u00a0\u00bb][\/et_pb_blog][\/et_pb_column][\/et_pb_row][\/et_pb_section]<\/p>\n","protected":false},"excerpt":{"rendered":"","protected":false},"author":154,"featured_media":0,"parent":0,"menu_order":0,"comment_status":"closed","ping_status":"closed","template":"","meta":{"_et_pb_use_builder":"on","_et_pb_old_content":"<p>Ch\u00e8res et chers coll\u00e8gues, vous trouverez dans cette page une s\u00e9lection non exhaustive des ressources qui pourront vous \u00eatre utiles pour accompagner vos \u00e9l\u00e8ves \u00e0 distance, durant ce contexte singulier. Certaines de ces pages sont parfois difficilement accessibles car trop consult\u00e9es. Si vous ne parvenez pas \u00e0 les afficher, n\u2019h\u00e9sitez pas \u00e0 tenter \u00e0 nouveau plus tard, lorsque les connexions sont moins nombreuses. Cette page sera r\u00e9guli\u00e8rement r\u00e9actualis\u00e9e. Nous vous souhaitons bon courage dans ce contexte in\u00e9dit et soyez assur\u00e9s de notre engagement \u00e0 vos c\u00f4t\u00e9s. Les IA-IPR de physique-chimie. <strong>Un grand merci aux coll\u00e8gues qui nous font parvenir des ressources avec la volont\u00e9 de mutualiser en cette p\u00e9riode particuli\u00e8re<\/strong> <span style=\"color: #ff0000;\"><strong>(M\u00e0j 12\/05): FAQ examens BAC & BTS et recommandations p\u00e9dagogiques pour accompagner la sortie de confinement<\/strong><\/span> <strong>Vous vous posez de nombreuses questions sur les examens ?<\/strong> N'h\u00e9sitez pas \u00e0 consulter la FAQ r\u00e9guli\u00e8rement mise \u00e0 jour : <a href=\"https:\/\/www.pedagogie.ac-nice.fr\/physique\/wp-content\/uploads\/sites\/23\/2020\/05\/questions-r-ponses-sur-les-examens-nationaux-session-2020-66513-5.05.20.pdf\">questions-r-ponses-sur-les-examens-nationaux---session-2020-66513-5.05.20<\/a> <a href=\"https:\/\/www.pedagogie.ac-nice.fr\/physique\/wp-content\/uploads\/sites\/23\/2020\/04\/questions-r-ponses-sur-les-examens-nationaux-session-2020-66513_4.pdf\">questions-r-ponses-sur-les-examens-nationaux---session-2020-66513_4<\/a> <a href=\"https:\/\/www.pedagogie.ac-nice.fr\/physique\/wp-content\/uploads\/sites\/23\/2020\/05\/FAQ-BTS-Session2020.pdf\">FAQ-BTS-Session2020<\/a> <strong>Documents d'accompagnement \u00e0 la sortie de confinement:<\/strong> Le Conseil Scientifique de l'\u00e9ducation Nationale propose des recommandations pour accompagner la r\u00e9ouverture des \u00e9coles : https:\/\/education.gouv.fr\/csen-recommandations-pedagogiques-COVID19 <a href=\"https:\/\/www.pedagogie.ac-nice.fr\/physique\/wp-content\/uploads\/sites\/23\/2020\/05\/recommandations-p-dagogiques-csen-67221.pdf\">recommandations-p-dagogiques-csen-67221<\/a> <strong>Pr\u00e9parer la reprise p\u00e9dagogique:<\/strong> Pour accompagner les professeurs un ensemble de fiches pr\u00e9cisant les objectifs p\u00e9dagogiques prioritaires est mis \u00e0 disposition pour chaque niveau de la 6e \u00e0 la 3e. https:\/\/eduscol.education.fr\/cid151499\/reouverture-des-ecoles.html#lien1 Pour chaque programme d\u2019enseignement, les th\u00e8mes et\/ou comp\u00e9tences sont identifi\u00e9s pour faciliter la reprise et le travail de fin d\u2019ann\u00e9e. <a href=\"https:\/\/www.pedagogie.ac-nice.fr\/physique\/wp-content\/uploads\/sites\/23\/2020\/05\/Fiche_College_6e_1280088.pdf\">Fiche_College_6e_1280088<\/a> <a href=\"https:\/\/www.pedagogie.ac-nice.fr\/physique\/wp-content\/uploads\/sites\/23\/2020\/05\/Fiche_College_5e_1280087.pdf\">Fiche_College_5e_1280087<\/a> <a href=\"https:\/\/www.pedagogie.ac-nice.fr\/physique\/wp-content\/uploads\/sites\/23\/2020\/05\/Fiche_College_4e_1280086.pdf\">Fiche_College_4e_1280086<\/a> <a href=\"https:\/\/www.pedagogie.ac-nice.fr\/physique\/wp-content\/uploads\/sites\/23\/2020\/05\/Fiche_College_3e_1280085.pdf\">Fiche_College_3e_1280085<\/a> <strong>(M\u00e0j 10\/05\/2020) Un peu de sciences ludiques: <\/strong> Philippe Loste-Berdot (Lyc\u00e9e Paul Langevin, la Seyne sur Mer) propose plusieurs \u00e9pisodes de \"sciences givratoires\". En voici l'\u00e9pisode 4 : apparence transparence (et son tuto) <a href=\"https:\/\/www.pedagogie.ac-nice.fr\/physique\/wp-content\/uploads\/sites\/23\/2020\/05\/Sciences-givratoires-4.pdf\">Sciences givratoires (4)<\/a> <a href=\"https:\/\/www.pedagogie.ac-nice.fr\/physique\/wp-content\/uploads\/sites\/23\/2020\/05\/Les-tutos-de-Tuto-4.pdf\">Les tutos de Tuto (4)<\/a> <strong>(M\u00e0j 04\/05\/2020) Un peu de sciences ludiques: <\/strong> Philippe Loste-Berdot (Lyc\u00e9e Paul Langevin, la Seyne sur Mer) propose plusieurs \u00e9pisodes de \"sciences givratoires\". En voici l'\u00e9pisode 3 : l'extraction gravitationnelle <a href=\"https:\/\/www.pedagogie.ac-nice.fr\/physique\/wp-content\/uploads\/sites\/23\/2020\/04\/Sciences-givratoires-3.pdf\">Sciences givratoires (3)<\/a> <span style=\"color: #000000;\"><strong>(M\u00e0j 24\/04): Des propositions d'\u00e9laboration de quizz en coll\u00e8ge avec Quiz <\/strong><\/span> Ces propositions ont \u00e9t\u00e9 r\u00e9alis\u00e9es avec QuiZini\u00e8re qui permet d'annoter les copies sans pour autant les noter. <a href=\"https:\/\/www.pedagogie.ac-nice.fr\/physique\/wp-content\/uploads\/sites\/23\/2020\/05\/20_2404_QCMs-QuiZini\u00e8re.pdf\">20_2404_QCMs QuiZini\u00e8re<\/a> <strong>(M\u00e0j 14\/04): point sur les examens et\u00a0 sciences ludiques<\/strong> Vous vous posez de nombreuses questions sur les examens ? N'h\u00e9sitez pas \u00e0 consulter la FAQ r\u00e9guli\u00e8rement mise \u00e0 jour :\u00a0<a href=\"https:\/\/www.education.gouv.fr\/bac-brevet-2020-les-reponses-vos-questions-303348\">https:\/\/www.education.gouv.fr\/bac-brevet-2020-les-reponses-vos-questions-303348<\/a> <strong>Un peu de sciences ludiques: <\/strong> Philippe Loste-Berdot (Lyc\u00e9e Paul Langevin, la Seyne sur Mer) propose plusieurs \u00e9pisodes de \"sciences givratoires\". En voici l'\u00e9pisode 2 : les chemins de travers(e) de la lumi\u00e8re <a href=\"https:\/\/www.pedagogie.ac-nice.fr\/physique\/wp-content\/uploads\/sites\/23\/2020\/04\/Sciences-givratoires-2.pdf\">Sciences givratoires (2)<\/a> <a href=\"https:\/\/www.pedagogie.ac-nice.fr\/physique\/wp-content\/uploads\/sites\/23\/2020\/04\/Les-tutos-de-Tuto-2.pdf\">Les tutos de Tuto (2)<\/a> <span style=\"color: #000000;\"><strong>(M\u00e0j 09\/04):conf\u00e9rence confin\u00e9e N\u00b02, escapes games et sciences ludiques <\/strong><\/span> <span style=\"color: #000000;\"><strong>\u00a0<\/strong><\/span><span class=\"css-901oao css-16my406 r-1qd0xha r-ad9z0x r-bcqeeo r-qvutc0\">La <a href=\"https:\/\/www.pedagogie.ac-nice.fr\/dane\/index.php?Itemid=101077&option=com_dpcalendar&view=calendar&ids=0#year=2020&month=4&day=9&view=month\">DANE<\/a><\/span><span class=\"css-901oao css-16my406 r-1qd0xha r-ad9z0x r-bcqeeo r-qvutc0\"> propose des formations distantes pour la classe virtuelle CNED : <\/span><\/p><div class=\"css-1dbjc4n r-psjefw\"><div class=\"css-901oao r-hkyrab r-1qd0xha r-cv4lhi r-16dba41 r-ad9z0x r-bcqeeo r-bnwqim r-qvutc0\" dir=\"auto\" lang=\"fr\"><span class=\"css-901oao css-16my406 r-1qd0xha r-ad9z0x r-bcqeeo r-qvutc0\"><strong>calendrier des formations \u00e0 venir <\/strong><\/span><\/div><div class=\"css-901oao r-hkyrab r-1qd0xha r-cv4lhi r-16dba41 r-ad9z0x r-bcqeeo r-bnwqim r-qvutc0\" dir=\"auto\" lang=\"fr\"><span class=\"css-901oao css-16my406 r-1qd0xha r-ad9z0x r-bcqeeo r-qvutc0\" style=\"color: #000000;\">Vendredi 10 avril de 10h \u00e0 12h <\/span><\/div><div class=\"css-901oao r-hkyrab r-1qd0xha r-cv4lhi r-16dba41 r-ad9z0x r-bcqeeo r-bnwqim r-qvutc0\" dir=\"auto\" lang=\"fr\"><strong><span class=\"css-901oao css-16my406 r-1qd0xha r-ad9z0x r-bcqeeo r-qvutc0\"><span style=\"color: #000000;\">Mardi 28 avril de 10h \u00e0 12h<\/span> <\/span><\/strong><\/div><div class=\"css-901oao r-hkyrab r-1qd0xha r-cv4lhi r-16dba41 r-ad9z0x r-bcqeeo r-bnwqim r-qvutc0\" dir=\"auto\" lang=\"fr\"><span class=\"css-901oao css-16my406 r-1qd0xha r-ad9z0x r-bcqeeo r-qvutc0\">Mercredi 29 avril de 10h \u00e0 12h <\/span><\/div><div class=\"css-901oao r-hkyrab r-1qd0xha r-cv4lhi r-16dba41 r-ad9z0x r-bcqeeo r-bnwqim r-qvutc0\" dir=\"auto\" lang=\"fr\"><span class=\"css-901oao css-16my406 r-1qd0xha r-ad9z0x r-bcqeeo r-qvutc0\">Jeudi 30 avril de 10h \u00e0 12h.<\/span><\/div><div dir=\"auto\" lang=\"fr\">\u00a0<\/div><div dir=\"auto\" lang=\"fr\">Les outils institutionnels sont bien plus s\u00e9curis\u00e9s que des outils alternatifs utilis\u00e9s jusque l\u00e0.<\/div><div dir=\"auto\" lang=\"fr\">Si vous n'avez pas eu l'occasion d'\u00eatre form\u00e9s par vos r\u00e9f\u00e9rents num\u00e9riques, cette formation sur l'un des cr\u00e9neaux propos\u00e9s vous permettra de mieux cerner les possibilit\u00e9s la classe virtuelle CNED.<\/div><\/div><p><span style=\"color: #ff0000;\"><strong><span style=\"color: #000000;\">Conf\u00e9rence confin\u00e9e n\u00b02 de Julien BOBROFF<\/span> <\/strong><\/span> Le<strong> jeudi 09 avril mars \u00e0 15h<\/strong> en direct se d\u00e9roula la conf\u00e9rence confi\u00e9 n\u00b02 de Julien Bobroff, Physicien au laboratoire de Physique des solides \u00e0 l'universit\u00e9 de Paris-Saclay et CNRS. A suivre sur sa chaine chaine <a href=\"https:\/\/www.youtube.com\/vulgarisation\"><strong>youtube.com\/vulgarisation<\/strong><\/a> Pour retrouver sa premi\u00e8re conf\u00e9rence confin\u00e9e <a href=\"https:\/\/www.youtube.com\/watch?v=FRteNtwuaWg\">https:\/\/www.youtube.com\/watch?v=FRteNtwuaWg<\/a> <span style=\"color: #000000;\"><strong>Des escapes games:<\/strong><\/span> Philippe Mancini (Coll\u00e8ge Louis Cl\u00e9ment, Saint-Mandrier), propose ces activit\u00e9s aux \u00e9l\u00e8ves en classe virtuelle, il leur annonce qu'ils doivent d\u00e9couvrir un code secret pour mener \u00e0 bien leur mission en utilisant leur connaissances en physique chimie. Les \u00e9l\u00e8ves travaillent en groupe dans une classe virtuelle et il \"circule\" de groupe en groupe pour apporter une aide si besoin. Les \u00e9l\u00e8ves \u00e9changent et collaborent pour r\u00e9soudre les \u00e9nigmes. Ces jeux peuvent aussi \u00eatre propos\u00e9s \u00e0 titre individuel. <a href=\"https:\/\/www.pedagogie.ac-nice.fr\/physique\/wp-content\/uploads\/sites\/23\/2020\/04\/Escape_Games_Virtuels_2.pdf\">Escape_Games_Virtuels_2<\/a> <span style=\"color: #000000;\"><strong>Un peu de sciences ludiques: <\/strong><\/span> Philippe Loste-Berdot (Lyc\u00e9e Paul Langevin, la Seyne sur Mer) propose plusieurs \u00e9pisodes de \"sciences givratoires\". En voici l'\u00e9pisode 1 : les couleurs du chou <a href=\"https:\/\/www.pedagogie.ac-nice.fr\/physique\/wp-content\/uploads\/sites\/23\/2020\/04\/Sciences-givratoires-1.pdf\">Sciences givratoires (1)<\/a> <span style=\"color: #000000;\"><strong>Activit\u00e9s lyc\u00e9e:<\/strong><\/span> R\u00e9gis Ferreira Da Silva (Lyc\u00e9e Guillaume Apollinaire, Nice) propose une activit\u00e9 \u00e0 r\u00e9aliser en seconde et une autre plus au niveau terminale S. Les encadr\u00e9s bleu turquoise indiquent les liens sur lesquels il faut cliquer. <a href=\"https:\/\/www.pedagogie.ac-nice.fr\/physique\/wp-content\/uploads\/sites\/23\/2020\/04\/RFDS_2GT_Activit\u00e9_D\u00e9couverte_Atomes.pdf\">RFDS_2GT_Activit\u00e9_D\u00e9couverte_Atomes<\/a> <a href=\"https:\/\/www.pedagogie.ac-nice.fr\/physique\/wp-content\/uploads\/sites\/23\/2020\/04\/RFDS_TP_TS_titrage_simulation.pdf\">RFDS_TP_TS_titrage_simulation<\/a> <span style=\"color: #000000;\"><strong>Activit\u00e9s coll\u00e8ge:<\/strong><\/span> Sophie Lebrun (Coll\u00e8ge Font de Fillol, Six fours les Plages) propose deux activit\u00e9s en 4\u00e8me et 3\u00e8me. <a href=\"https:\/\/www.pedagogie.ac-nice.fr\/physique\/wp-content\/uploads\/sites\/23\/2020\/04\/SL-4E-Ch2-act-1-lois-de-la-tension-2020.pdf\">SL-4E - Ch2-act 1 lois de la tension 2020<\/a> <a href=\"https:\/\/www.pedagogie.ac-nice.fr\/physique\/wp-content\/uploads\/sites\/23\/2020\/04\/SL-3M-Ch3-Activit\u00e9-1-relation-P-et-m-2020.pdf\">SL-3M-Ch3-Activit\u00e9 1 relation P et m 2020<\/a> <span style=\"color: #000000;\"><strong>Outils num\u00e9riques:<\/strong><\/span> Philippe Mancini (Coll\u00e8ge Louis Cl\u00e9ment, Saint-Mandrier), propose un tutoriel et des ressources sur la r\u00e9alisation de QCM sous Moodle. Des banques de questions sont disponibles sur en suivant les liens dans le pdf et <strong>vous pouvez \u00e9galement nous proposer des banques de questions d\u00e9j\u00e0 existantes!<\/strong> <a href=\"https:\/\/www.pedagogie.ac-nice.fr\/physique\/wp-content\/uploads\/sites\/23\/2020\/04\/Banque_Questions_Moodle_Clg_Physique.pdf\">Banque_Questions_Moodle_Clg_Physique<\/a> Jonathan Amsellem (Coll\u00e8ge Andr\u00e9 Cabasse \u00e0 Roquebeune sur Argens) a initi\u00e9 un espace TRIBU \"Physique-chimie QCM pronote\". Vous pourrez y acc\u00e9der si vous en faites la demande (destin\u00e9 pour le moment essentiellement aux coll\u00e8gues de coll\u00e8ge) Pour l'instant, l'espace contient un dossier \"Tutoriels\" qui renvoie vers 3 liens vid\u00e9os expliquant comment importer des QCM\/exporter des QCM\/d\u00e9poser des QCM sur tribu) <a href=\"https:\/\/www.pedagogie.ac-nice.fr\/physique\/wp-content\/uploads\/sites\/23\/2020\/04\/creer_des_qcm_avec_pronote.pdf\">creer_des_qcm_avec_pronote<\/a> <a href=\"https:\/\/www.pedagogie.ac-nice.fr\/physique\/wp-content\/uploads\/sites\/23\/2020\/04\/TUTO_import-export.pdf\">TUTO_import-export<\/a> Un second dossier s'appelle QCM partag\u00e9s. <strong>Ce second dossier a donc vocation \u00e0 s'enrichir avec vos propositions.<\/strong> Si vous d\u00e9posez des QCM, il vous faudra \u00e9galement renseigner le tableur qui permet de faire le point sur ce qui a d\u00e9j\u00e0 \u00e9t\u00e9 d\u00e9pos\u00e9. Quelques \u00e9volutions possibles: QCM pronote-moodle (les QCM export\u00e9s de pronote peuvent \u00eatre import\u00e9s par les utilisateurs de moodle) Toute autre id\u00e9e pour am\u00e9liorer cette plateforme collaborative sera la bienvenue! \u00a0 <strong>(M\u00e0j 02\/04) Nation apprenante: les cours LUMNI<\/strong> <span class=\"css-901oao css-16my406 r-1qd0xha r-ad9z0x r-bcqeeo r-qvutc0\">La diffusion de l\u2019\u00e9mission niveau coll\u00e8ge cycle 4 sur le th\u00e8me \u00ab Comprendre la notion de pH pour mieux agir dans notre quotidien \u00bb aura lieu ce jour jeudi 02\/04 \u00e0 15h ou 15h30.<\/span> Il existe une page d\u00e9di\u00e9e aux \u00ab cours Lumni \u00bb, sur France 4, du CP \u00e0 la terminale, sur Eduscol. <a href=\"https:\/\/eduscol.education.fr\/cid150759\/les-cours-lumni.html\">https:\/\/eduscol.education.fr\/cid150759\/les-cours-lumni.html<\/a> Vous y trouverez les plannings pass\u00e9s et en cours, les liens vers les \u00e9missions pass\u00e9es et de t\u00e9l\u00e9chargement des documents correspondants, les plannings des \u00e9missions \u00e0 venir, avec le cas \u00e9ch\u00e9ant les documents \u00e0 t\u00e9l\u00e9charger en amont. <b>Ressources nationales :<\/b> Les ressources du CNED\u00a0: Ces ressources permettent un travail r\u00e9gulier sur quatre semaines. Des progressions hebdomadaires sont pr\u00e9vues par discipline<\/p><ul><li>Ma classe \u00e0 la maison coll\u00e8ge\u00a0: <a href=\"https:\/\/eduscol.education.fr\/physique-chimie\/actualites\/actualites\/article\/ma-classe-a-la-maison-college.html\">https:\/\/eduscol.education.fr\/physique-chimie\/actualites\/actualites\/article\/ma-classe-a-la-maison-college.html<\/a><\/li><li>Ma classe \u00e0 la maison lyc\u00e9e\u00a0: <a href=\"https:\/\/eduscol.education.fr\/physique-chimie\/actualites\/actualites\/article\/ma-classe-a-la-maison-lycee.html\">https:\/\/eduscol.education.fr\/physique-chimie\/actualites\/actualites\/article\/ma-classe-a-la-maison-lycee.html<\/a><\/li><li>Edubase\u00a0: <a href=\"https:\/\/edubase.eduscol.education.fr\/recherche?discipline%5b0%5d=Physique%20%2F%20Chimie&niveauEducatifTree%5b0%5d%5b0%5d=lyc%C3%A9e%20g%C3%A9n%C3%A9ral%20et%20technologique\">https:\/\/edubase.eduscol.education.fr\/recherche?discipline%5b0%5d=Physique%20%2F%20Chimie&niveauEducatifTree%5b0%5d%5b0%5d=lyc%C3%A9e%20g%C3%A9n%C3%A9ral%20et%20technologique<\/a><\/li><li>Portail EDUSCOL de la continuit\u00e9 p\u00e9dagogique\u00a0: <a href=\"https:\/\/eduscol.education.fr\/cid149909\/continuite-pedagogique.html\">https:\/\/eduscol.education.fr\/cid149909\/continuite-pedagogique.html<\/a><\/li><li>Portail EDUSCOL Physique-Chimie : <a href=\"https:\/\/eduscol.education.fr\/physique-chimie\/\">https:\/\/eduscol.education.fr\/physique-chimie\/\u00a0 <\/a><\/li><li>Nouvelles collections num\u00e9riques en 2nde SL et en STL-SPCL : <a href=\"https:\/\/spcl.ac-montpellier.fr\/moodle\/\">https:\/\/spcl.ac-montpellier.fr\/moodle\/<\/a><\/li><li>Eduth\u00e8que\u00a0: <a href=\"https:\/\/www.edutheque.fr\/accueil.html\">https:\/\/www.edutheque.fr\/accueil.html<\/a><\/li><\/ul><p>Tous les enseignants peuvent s\u2019inscrire sur le portail \u00e0 l\u2019aide de leur <b>adresse professionnelle<\/b>. Il fournit librement aux enseignants et leurs \u00e9l\u00e8ves un acc\u00e8s gratuit et s\u00e9curis\u00e9 \u00e0 plus de 80 000 ressources num\u00e9riques p\u00e9dagogiques issues d\u2019offres de grands \u00e9tablissements publics \u00e0 caract\u00e8re culturel et scientifique\u00a0: images, vid\u00e9os, fichiers audio, animations, textes, maquettes animations 3D mais aussi des fonctionnalit\u00e9s d\u00e9di\u00e9es et des supports p\u00e9dagogiques propos\u00e9s par les partenaires du minist\u00e8re<\/p><ul><li>BRNE Sciences\u00a0: <a href=\"https:\/\/eduscol.education.fr\/cid105828\/banque-de-ressources-brne-en-sciences.html#lien1\">https:\/\/eduscol.education.fr\/cid105828\/banque-de-ressources-brne-en-sciences.html#lien1<\/a><\/li><li>CANOPE et notamment les contenus associ\u00e9s de la revue TDC\u00a0: <a href=\"https:\/\/www.reseau-canope.fr\/notice\/tdc-n-1126-01-fevrier-2020.html\">https:\/\/www.reseau-canope.fr\/notice\/tdc-n-1126-01-fevrier-2020.html<\/a><\/li><li>Cultures sciences PHYSIQUE\u00a0: <a href=\"http:\/\/culturesciencesphysique.ens-lyon.fr\/\">http:\/\/culturesciencesphysique.ens-lyon.fr\/<\/a><\/li><li>Culture sciences CHIMIE\u00a0: <a href=\"http:\/\/culturesciences.chimie.ens.fr\/\">http:\/\/culturesciences.chimie.ens.fr\/<\/a><\/li><li>CHIMACTIV\u00a0: <a href=\"http:\/\/chimactiv.agroparistech.fr\/fr\">http:\/\/chimactiv.agroparistech.fr\/fr<\/a><\/li><li>MEDIACHIMIE\u00a0: <a href=\"https:\/\/www.mediachimie.org\/espace-enseignants\">https:\/\/www.mediachimie.org\/espace-enseignants<\/a><\/li><\/ul><p><b>Ressources de la DANE<\/b> <a href=\"https:\/\/www.pedagogie.ac-nice.fr\/dane\/non-categorise\/coronavirus-continuite-pedagogique\">https:\/\/www.pedagogie.ac-nice.fr\/dane\/non-categorise\/coronavirus-continuite-pedagogique<\/a> <b>Ressources ext\u00e9rieures \u00e0 l\u2019\u00e9ducation nationale\u00a0:<\/b><\/p><ul><li>Educ\u2019arte\u00a0: un service de vid\u00e9o \u00e0 la demande p\u00e9dagogique et innovant proposant pour les 10-14 ans, l\u2019actualit\u00e9 internationale et europ\u00e9enne trait\u00e9e \u00e0 hauteur d\u2019enfant, \u00e0 partir de questions pos\u00e9es par des \u00e9l\u00e8ves du primaire fran\u00e7ais et allemand, de\u00a0portraits d\u2019enfants ou de\u00a0reportages. <a href=\"https:\/\/educarte.arte.tv\/\">https:\/\/educarte.arte.tv\/<\/a><\/li><li>Op\u00e9ration nation apprenante\u00a0: <a href=\"https:\/\/www.education.gouv.fr\/operation-nation-apprenante-303174\">https:\/\/www.education.gouv.fr\/operation-nation-apprenante-303174<\/a><\/li><\/ul>","_et_gb_content_width":"","ngg_post_thumbnail":0,"footnotes":""},"class_list":["post-993","page","type-page","status-publish","hentry"],"rttpg_featured_image_url":null,"rttpg_author":{"display_name":"jcamponovo","author_link":"https:\/\/www.pedagogie.ac-nice.fr\/physique\/author\/jcamponovo\/"},"rttpg_comment":0,"rttpg_category":null,"rttpg_excerpt":null,"post_mailing_queue_ids":[],"_links":{"self":[{"href":"https:\/\/www.pedagogie.ac-nice.fr\/physique\/wp-json\/wp\/v2\/pages\/993","targetHints":{"allow":["GET"]}}],"collection":[{"href":"https:\/\/www.pedagogie.ac-nice.fr\/physique\/wp-json\/wp\/v2\/pages"}],"about":[{"href":"https:\/\/www.pedagogie.ac-nice.fr\/physique\/wp-json\/wp\/v2\/types\/page"}],"author":[{"embeddable":true,"href":"https:\/\/www.pedagogie.ac-nice.fr\/physique\/wp-json\/wp\/v2\/users\/154"}],"replies":[{"embeddable":true,"href":"https:\/\/www.pedagogie.ac-nice.fr\/physique\/wp-json\/wp\/v2\/comments?post=993"}],"version-history":[{"count":51,"href":"https:\/\/www.pedagogie.ac-nice.fr\/physique\/wp-json\/wp\/v2\/pages\/993\/revisions"}],"predecessor-version":[{"id":2237,"href":"https:\/\/www.pedagogie.ac-nice.fr\/physique\/wp-json\/wp\/v2\/pages\/993\/revisions\/2237"}],"wp:attachment":[{"href":"https:\/\/www.pedagogie.ac-nice.fr\/physique\/wp-json\/wp\/v2\/media?parent=993"}],"curies":[{"name":"wp","href":"https:\/\/api.w.org\/{rel}","templated":true}]}}