{"id":10547,"date":"2025-12-24T11:33:46","date_gmt":"2025-12-24T10:33:46","guid":{"rendered":"https:\/\/www.pedagogie.ac-nice.fr\/plplh\/?page_id=10547"},"modified":"2025-12-24T16:50:20","modified_gmt":"2025-12-24T15:50:20","slug":"2de-bac-pro-emc-ressources-pedagogiques","status":"publish","type":"page","link":"https:\/\/www.pedagogie.ac-nice.fr\/plplh\/2de-bac-pro-emc-ressources-pedagogiques\/","title":{"rendered":"2de BAC PRO &#8211; Ressources p\u00e9dagogiques"},"content":{"rendered":"<h3><span style=\"color: #ff6600;\">EMC<\/span><\/h3>\n<ul>\n<li>Des <a href=\"https:\/\/eduscol.education.fr\/histoire-geographie\/enseigner\/ressources-et-usages-numeriques\/ressources-numeriques\/ressources-pour-lemc.html\"><strong>ressources num\u00e9riques mobilisables pour l\u2019Enseignement Moral et Civique<\/strong><\/a> sur Eduscol.<\/li>\n<li>Ensemble de ressources de Canop\u00e9 <a href=\"https:\/\/www.reseau-canope.fr\/les-valeurs-de-la-republique\/les-valeurs-et-notions.html\"><strong>autour des valeurs de la R\u00e9publique<\/strong><\/a> par un double \u00e9clairage : philosophique et historique.<\/li>\n<li><a href=\"https:\/\/www.pedagogie.ac-nice.fr\/plplh\/wp-content\/uploads\/sites\/18\/2020\/10\/Ress_emc_glossaire_464025.pdf\"><strong>Glossaire Eduscol <\/strong><\/a>de 2015<\/li>\n<\/ul>\n<h4><span style=\"color: #0000ff;\"><strong>Premier th\u00e8me : La libert\u00e9, nos libert\u00e9s, ma libert\u00e9<\/strong><\/span><\/h4>\n<ul>\n<li>Cartes interactives :\n<ul>\n<li>Le Monde : <strong><a href=\"https:\/\/www.lemonde.fr\/les-decodeurs\/article\/2024\/04\/21\/pays-par-pays-quand-les-femmes-ont-elles-obtenu-le-droit-de-vote_6229014_4355770.html?lmd_medium=al&amp;lmd_campaign=envoye-par-appli&amp;lmd_creation=ios&amp;lmd_source=mail\" target=\"_blank\" rel=\"noopener\">Quand les femmes ont-elles obtenu le droit de vote, pays par pays ?<\/a><\/strong> (2024)<\/li>\n<\/ul>\n<\/li>\n<li>Dossier de TV5 monde : <strong><a href=\"https:\/\/enseigner.tv5monde.com\/articles-dossiers\/dossiers\/liberte-egalite-laicite\">\u00ab&nbsp;Libert\u00e9, \u00e9galit\u00e9, la\u00efcit\u00e9&nbsp;\u00bb<\/a><\/strong>.<\/li>\n<li>Ressources p\u00e9dagogiques :\n<ul>\n<li>Infographies explicatives du minist\u00e8re de l\u2019Int\u00e9rieur : <strong><a href=\"https:\/\/www.interieur.gouv.fr\/Media\/MI\/Images\/Infographies\/Elections-citoyennete\/Presidentielle-2017\/Elections-expliquees-aux-enfants\">\u201cLes \u00e9lections expliqu\u00e9es aux enfants\u201d <\/a><\/strong>(qui peut voter ?, comment on vote ?\u2026)<\/li>\n<li><strong><a href=\"https:\/\/www.reseau-canope.fr\/les-valeurs-de-la-republique\/liberte.html\">La libert\u00e9 comme valeur de la R\u00e9publique<\/a><\/strong>. Des ressources de Canop\u00e9 : textes de r\u00e9f\u00e9rence, pistes de r\u00e9flexion, supports vid\u00e9os pour d\u00e9battre.<\/li>\n<li>Poster du <em>Monde Diplomatique<\/em> : <a href=\"https:\/\/www.pedagogie.ac-nice.fr\/plplh\/wp-content\/uploads\/sites\/18\/2024\/04\/poster_fichage_des_citoyens.pdf\" target=\"_blank\" rel=\"noopener\"><strong>\u00ab&nbsp;Tous Fich\u00e9s&nbsp;\u00bb<\/strong><\/a> (2022)<\/li>\n<\/ul>\n<\/li>\n<li>Sites Internet :\n<ul>\n<li><strong><a href=\"http:\/\/www.unwomen.org\/fr\">ONU Femmes<\/a><\/strong> des Nations Unies pour <strong>l\u2019\u00e9galit\u00e9 des sexes et l\u2019autonomisation des femmes<\/strong> dans le monde.<\/li>\n<li><a href=\"https:\/\/eduscol.education.fr\/histoire-geographie\/actualites\/actualites\/article\/un-site-le-webdocumentaire-liberte-inegalites-fraternite.html\"><strong>Webdocumentaire \u00ab Libert\u00e9, In\u00e9galit\u00e9s ?, Fraternit\u00e9 \u00bb<\/strong><\/a> est un outil interactif et ludique permet d\u2019aborder avec les \u00e9l\u00e8ves la question <strong>des in\u00e9galit\u00e9s et des discriminations.<\/strong> Il est organis\u00e9 autour de quatre th\u00e9matiques : la scolarit\u00e9, le travail, le logement et les loisirs.<\/li>\n<\/ul>\n<\/li>\n<li>Vid\u00e9os :\n<ul>\n<li><strong><a href=\"https:\/\/www.youtube.com\/watch?v=ygWhH2ua0HY\" target=\"_blank\" rel=\"noopener\">Comprendre les \u00e9lections en France (suffrages et scrutins)<\/a><\/strong> (2021)<\/li>\n<li><em>Faire l\u2019histoire<\/em> \u2013 Arte<strong><a href=\"https:\/\/www.arte.tv\/fr\/videos\/108505-001-A\/faire-l-histoire\/\"> : \u00ab&nbsp;Le secret du vote&nbsp;\u00bb <\/a><\/strong>(2022)<\/li>\n<\/ul>\n<\/li>\n<\/ul>\n<h4><span style=\"color: #0000ff;\"><strong>Deuxi\u00e8me th\u00e8me :&nbsp; La la\u00efcit\u00e9<\/strong><\/span><\/h4>\n<ul>\n<li><strong><a href=\"https:\/\/www.reseau-canope.fr\/les-valeurs-de-la-republique\/laicite.html\">La la\u00efcit\u00e9 comme valeur de la R\u00e9publique.<\/a><\/strong> Des ressources de Canop\u00e9 : textes de r\u00e9f\u00e9rence, pistes de r\u00e9flexion, supports vid\u00e9os pour d\u00e9battre.<\/li>\n<li><a href=\"https:\/\/www.pedagogie.ac-nice.fr\/plplh\/wp-content\/uploads\/sites\/18\/2015\/11\/charte_de_la_laicite_commentee_270062-1.pdf\">La <strong>Charte de la La\u00efcit\u00e9<\/strong><\/a> comment\u00e9e et&nbsp; <a href=\"https:\/\/www.pedagogie.ac-nice.fr\/plplh\/wp-content\/uploads\/sites\/18\/2015\/12\/cl\u00e9-de-lectures-charte-laicit\u00e9-1.pdf\">des cl\u00e9s de lectures <\/a>sur la charte de la la\u00efcit\u00e9.<\/li>\n<li>Le vad\u00e9m\u00e9cum \u201c<a href=\"https:\/\/www.pedagogie.ac-nice.fr\/plplh\/wp-content\/uploads\/sites\/18\/2024\/03\/2024_vademecum-laicite.pdf\" target=\"_blank\" rel=\"noopener\"><strong>La la\u00efcit\u00e9 \u00e0 l\u2019\u00e9cole<\/strong><\/a>\u201d avec des fiches ressources.<\/li>\n<li>Le dossier de TV5 monde : <strong><a href=\"https:\/\/enseigner.tv5monde.com\/articles-dossiers\/dossiers\/liberte-egalite-laicite\">\u00ab&nbsp;Libert\u00e9, \u00e9galit\u00e9, la\u00efcit\u00e9&nbsp;\u00bb<\/a><\/strong>.<\/li>\n<li>Vid\u00e9os\n<ul>\n<li>D\u00e9cod\u2019Actu \u2013 France TV : <strong><a href=\"https:\/\/www.youtube.com\/watch?v=cBTcitW6ubk\">\u00ab&nbsp;La la\u00efcit\u00e9 un concept \u00e0 g\u00e9om\u00e9trie variable ?&nbsp;\u00bb<\/a><\/strong> (2017)<\/li>\n<li>D\u00e9sintox \u2013 ARTE : <strong><a href=\"https:\/\/www.arte.tv\/embeds\/fr\/100444-003-A\">\u00ab&nbsp;La la\u00efcit\u00e9 et la constitution&nbsp;\u00bb<\/a><\/strong> (2020)<\/li>\n<\/ul>\n<ul>\n<li>1 jour, 1 question : <strong><a href=\"https:\/\/youtu.be\/TFdOCfU859w\">C\u2019est quoi la la\u00efcit\u00e9 ? <\/a><\/strong>(2015)<\/li>\n<\/ul>\n<\/li>\n<li>Sites :\n<ul>\n<li>Ressources et exposition propos\u00e9es par la BNF: \u201c<strong><a href=\"http:\/\/classes.bnf.fr\/laicite\/\">La la\u00efcit\u00e9 en questions\u201d.<\/a><\/strong><\/li>\n<\/ul>\n<\/li>\n<li>Fiche Eduscol<a href=\"https:\/\/www.pedagogie.ac-nice.fr\/plplh\/wp-content\/uploads\/sites\/18\/2020\/10\/Ress_emc_interets_enjeux_laicite_464681.pdf\"> \u00ab&nbsp;<strong>Int\u00e9r\u00eats et enjeux de la la\u00efcit\u00e9 dans notre soci\u00e9t\u00e9&nbsp;\u00bb<\/strong>.&nbsp; <\/a>Document concernant les anciens programmes mais exploitable dans le cadre des nouveaux programmes <strong>avec une adaptation p\u00e9dagogique<\/strong>.<\/li>\n<li>Fiche Eduscol<a href=\"https:\/\/www.pedagogie.ac-nice.fr\/plplh\/wp-content\/uploads\/sites\/18\/2020\/10\/Ress_emc_laicite_expression-croyance_465154-1.pdf\"> \u00ab&nbsp;<strong>La la\u00efcit\u00e9 et l\u2019expression des croyances religieuses&nbsp;\u00bb. <\/strong><\/a>Document concernant les anciens programmes mais exploitable dans le cadre des nouveaux programmes <strong>avec une adaptation p\u00e9dagogique<\/strong>.<\/li>\n<\/ul>\n","protected":false},"excerpt":{"rendered":"<p>EMC Des ressources num\u00e9riques mobilisables pour l\u2019Enseignement Moral et Civique sur Eduscol. Ensemble de ressources de Canop\u00e9 autour des valeurs de la R\u00e9publique par un double \u00e9clairage : philosophique et historique. Glossaire Eduscol de 2015 Premier th\u00e8me : La libert\u00e9, nos libert\u00e9s, ma libert\u00e9 Cartes interactives : Le Monde : Quand les femmes ont-elles obtenu &hellip; <\/p>\n<p><a class=\"more-link btn\" href=\"https:\/\/www.pedagogie.ac-nice.fr\/plplh\/2de-bac-pro-emc-ressources-pedagogiques\/\">Lire la suite<\/a><\/p>\n","protected":false},"author":195,"featured_media":0,"parent":0,"menu_order":0,"comment_status":"closed","ping_status":"closed","template":"","meta":{"ngg_post_thumbnail":0,"footnotes":""},"class_list":["post-10547","page","type-page","status-publish","hentry","nodate","item-wrap"],"rttpg_featured_image_url":null,"rttpg_author":{"display_name":"David Lamoureux","author_link":"https:\/\/www.pedagogie.ac-nice.fr\/plplh\/author\/dlamoureux\/"},"rttpg_comment":0,"rttpg_category":null,"rttpg_excerpt":"EMC Des ressources num\u00e9riques mobilisables pour l\u2019Enseignement Moral et Civique sur Eduscol. Ensemble de ressources de Canop\u00e9 autour des valeurs de la R\u00e9publique par un double \u00e9clairage : philosophique et historique. Glossaire Eduscol de 2015 Premier th\u00e8me : La libert\u00e9, nos libert\u00e9s, ma libert\u00e9 Cartes interactives : Le Monde : Quand les femmes ont-elles obtenu\u2026","post_mailing_queue_ids":[],"_links":{"self":[{"href":"https:\/\/www.pedagogie.ac-nice.fr\/plplh\/wp-json\/wp\/v2\/pages\/10547","targetHints":{"allow":["GET"]}}],"collection":[{"href":"https:\/\/www.pedagogie.ac-nice.fr\/plplh\/wp-json\/wp\/v2\/pages"}],"about":[{"href":"https:\/\/www.pedagogie.ac-nice.fr\/plplh\/wp-json\/wp\/v2\/types\/page"}],"author":[{"embeddable":true,"href":"https:\/\/www.pedagogie.ac-nice.fr\/plplh\/wp-json\/wp\/v2\/users\/195"}],"replies":[{"embeddable":true,"href":"https:\/\/www.pedagogie.ac-nice.fr\/plplh\/wp-json\/wp\/v2\/comments?post=10547"}],"version-history":[{"count":2,"href":"https:\/\/www.pedagogie.ac-nice.fr\/plplh\/wp-json\/wp\/v2\/pages\/10547\/revisions"}],"predecessor-version":[{"id":10621,"href":"https:\/\/www.pedagogie.ac-nice.fr\/plplh\/wp-json\/wp\/v2\/pages\/10547\/revisions\/10621"}],"wp:attachment":[{"href":"https:\/\/www.pedagogie.ac-nice.fr\/plplh\/wp-json\/wp\/v2\/media?parent=10547"}],"curies":[{"name":"wp","href":"https:\/\/api.w.org\/{rel}","templated":true}]}}