{"id":10552,"date":"2025-12-24T11:51:56","date_gmt":"2025-12-24T10:51:56","guid":{"rendered":"https:\/\/www.pedagogie.ac-nice.fr\/plplh\/?page_id=10552"},"modified":"2026-03-19T18:11:29","modified_gmt":"2026-03-19T17:11:29","slug":"1ere-bac-pro-hg-ressources-pedagogiques","status":"publish","type":"page","link":"https:\/\/www.pedagogie.ac-nice.fr\/plplh\/1ere-bac-pro-hg-ressources-pedagogiques\/","title":{"rendered":"1\u00e8re BAC PRO &#8211; Ressources p\u00e9dagogiques"},"content":{"rendered":"<h3><span style=\"color: #ff6600;\">HISTOIRE<\/span><\/h3>\n<div class=\"page\" title=\"Page 1\">\n<div class=\"layoutArea\">\n<div class=\"column\">\n<h4><span style=\"color: #0000ff;\">The\u0300me 1 : Hommes et femmes au travail en me\u0301tropole et dans les colonies franc\u0327aises (XIXe sie\u0300cle-1e\u0300re moitie\u0301 du XXe sie\u0300cle)<\/span><\/h4>\n<ul>\n<li>Les <a href=\"https:\/\/archives-nationales-travail.culture.gouv.fr\/\"><strong>Archives Nationales du monde du travail <\/strong><\/a>de Roubaix et l\u2019acc\u00e8s \u00e0 une partie de ses <strong><a href=\"https:\/\/archives-nationales-travail.culture.gouv.fr\/Faire-une-recherche\/Archives-en-ligne\">collections<\/a><\/strong> : affiches, photographies\u2026<\/li>\n<li>Les <a href=\"https:\/\/bibliotheques-specialisees.paris.fr\"><strong>collections num\u00e9ris\u00e9es des biblioth\u00e8ques patrimoniales de la ville de la Paris<\/strong>.<\/a><\/li>\n<li>Le documentaire&nbsp; de France TV <strong><a href=\"https:\/\/www.france.tv\/documentaires\/histoire\/2830551-l-epopee-des-gueules-noires.html\">\u00ab&nbsp;L\u2019\u00e9pop\u00e9e des gueules noires&nbsp;\u00bb<\/a><\/strong> qui retrace l\u2019histoire des mineurs en France (disponible jusqu\u2019au 27 octobre 2022).<\/li>\n<li>Histoire par l\u2019image \u2013 Album : <a href=\"https:\/\/histoire-image.org\/fr\/albums\/femmes-travail\"><strong>Les femmes au travail<\/strong><\/a>.<\/li>\n<li>Mus\u00e9e national de l\u2019histoire de l\u2019immigration : <strong><a href=\"https:\/\/www.histoire-immigration.fr\/collections\/au-travail\">collections&nbsp; \u00ab&nbsp;Au travail&nbsp;\u00bb <\/a><\/strong>et<strong><a href=\"https:\/\/www.histoire-immigration.fr\/dossiers\/autour-du-travail\"> dossier th\u00e9matique \u00ab&nbsp;Autour du travail&nbsp;\u00bb<\/a>. <\/strong><\/li>\n<li>Podcasts :\n<ul>\n<li>France Info : <strong><a href=\"https:\/\/www.francetvinfo.fr\/replay-radio\/expliquez-nous\/expliquez-nous-la-fete-du-travail-du-1er-mai_6490628.html\" target=\"_blank\" rel=\"noopener\">\u00ab&nbsp;Expliquez-nous la \u00ab&nbsp;f\u00eate du Travail&nbsp;\u00bb du 1er mai&nbsp;\u00bb<\/a><\/strong> (2024)<\/li>\n<\/ul>\n<\/li>\n<li>Vid\u00e9os :\n<ul>\n<li>France Info : <strong><a href=\"https:\/\/www.francetvinfo.fr\/economie\/emploi\/carriere\/vie-professionnelle\/emploi-des-femmes\/video-une-breve-histoire-de-l-arrivee-des-femmes-dans-le-monde-du-travail_2625268.html\">\u00ab&nbsp;Une br\u00e8ve histoire de l\u2019arriv\u00e9e des femmes dans le monde du travail&nbsp;\u00bb<\/a><\/strong> <span class=\"c-title__main\">(2015)<\/span><\/li>\n<li>Lumni : <strong><a href=\"https:\/\/enseignants.lumni.fr\/fiche-media\/00000000412\/le-travail-des-femmes-en-france-de-1914-a-2000.html\">\u00ab&nbsp;Le travail des femmes de 1914 \u00e0 2000&nbsp;\u00bb<\/a><\/strong> (2000)<\/li>\n<\/ul>\n<\/li>\n<\/ul>\n<h4><span style=\"color: #0000ff;\">The\u0300me 2 : Guerres europe\u0301ennes, guerres mondiales, guerres totales (1914-1945)<\/span><\/h4>\n<p><span style=\"color: #ff0000;\"><strong>Premi\u00e8re Guerre mondiale<\/strong><\/span><\/p>\n<ul>\n<li>La page de notre site consacr\u00e9e au <strong><a href=\"https:\/\/www.pedagogie.ac-nice.fr\/plplh\/sinformer\/page-d-exemple-2\/page-dessai\/68-2\">Centenaire de la Premi\u00e8re Guerre mondiale<\/a><\/strong>.<\/li>\n<li>Cartes du magazine <em>L\u2019Histoire<\/em> :\n<ul>\n<li><strong><a href=\"https:\/\/www.lhistoire.fr\/carte\/1916-la-guerre-sur-tous-les-fronts\" target=\"_blank\" rel=\"noopener\">\u00ab&nbsp;1916 : La guerre sur tous les fronts&nbsp;\u00bb<\/a>&nbsp;<\/strong> (2016)<\/li>\n<li><a href=\"https:\/\/www.lhistoire.fr\/carte\/1918%C2%A0-leurope-et-la-sortie-de-guerre\"><strong>\u00ab&nbsp;1918 : l\u2019Europe et la sortie de guerre&nbsp;\u00bb<\/strong><\/a> (2018)<\/li>\n<li><strong><a href=\"https:\/\/www.lhistoire.fr\/carte\/lam%C3%A9rique-dans-la-premi%C3%A8re-guerre-mondiale\" target=\"_blank\" rel=\"noopener\">\u00ab&nbsp;L\u2019Am\u00e9rique dans la Premi\u00e8re Guerre mondiale&nbsp;\u00bb<\/a><\/strong> (2017)<\/li>\n<li><a href=\"https:\/\/www.lhistoire.fr\/carte\/verdun-jour-par-jour\" target=\"_blank\" rel=\"noopener\"><strong>\u00ab&nbsp;Verdun, jour par jour&nbsp;\u00bb<\/strong><\/a>&nbsp; (2018)<\/li>\n<\/ul>\n<\/li>\n<li>Dossiers :\n<ul>\n<li>BNF : <strong><a href=\"https:\/\/essentiels.bnf.fr\/fr\/histoire\/20e-siecle\/23183553-a0a4-44d8-b7f0-e6d6aec91db8-grande-guerre\" target=\"_blank\" rel=\"noopener\">\u00ab&nbsp;La Grande Guerre&nbsp;\u00bb<\/a><\/strong><\/li>\n<li>L\u2019Histoire par l\u2019image : \u00ab&nbsp;<a href=\"https:\/\/histoire-image.org\/fr\/hors-series\/premiere-guerre-mondiale\"><strong>La Premi\u00e8re Guerre mondiale&nbsp;\u00bb<\/strong><\/a>. 85 documents analys\u00e9s.<\/li>\n<li><a href=\"https:\/\/gallica.bnf.fr\/conseils\/content\/gallica-vous-conseille\" target=\"_blank\" rel=\"noopener\"><strong>Gallica vous conseille<\/strong><\/a> :&nbsp; des dossiers th\u00e9matiques sur \u00ab&nbsp;La Premi\u00e8re Guerre mondiale&nbsp;\u00bb, &nbsp;\u00bb La bataille de Verdun (1916)&nbsp;\u00bb<span class=\"field field--name-title field--type-string field--label-hidden\">, Le trait\u00e9 de Versailles (28 juin 1919) et bien d\u2019autres encore.<\/span><\/li>\n<\/ul>\n<\/li>\n<\/ul>\n<ul>\n<li>\u00c9missions :\n<ul>\n<li>Faire l\u2019histoire \u2013 Arte : <strong><a href=\"https:\/\/www.arte.tv\/fr\/videos\/094484-008-A\/faire-l-histoire\/\" target=\"_blank\" rel=\"noopener\">\u00ab&nbsp;La carte postale, h\u00e9ro\u00efne de guerre&nbsp;\u00bb<\/a><\/strong> (2021)<\/li>\n<\/ul>\n<\/li>\n<li>Expositions en ligne :\n<ul>\n<li>Cartooning for peace : <strong><a href=\"https:\/\/www.cartooningforpeace.org\/projetsfr\/exposition-itinerante-dessine-moi-la-guerre-1914-2014\/\" target=\"_blank\" rel=\"noopener\">\u00ab&nbsp;Dessine-moi la guerre : de 14-18 \u00e0 aujourd\u2019hui&nbsp;\u00bb <\/a><\/strong>(2014)<\/li>\n<\/ul>\n<\/li>\n<li>Serious Game\n<ul>\n<li>Arte : <strong><a href=\"http:\/\/was-waere-wenn.14-tagebuecher.de\/index\">\u00ab&nbsp;Machine \u00e0 remonter le temps : 14\/18&nbsp;\u00bb<\/a><\/strong><\/li>\n<\/ul>\n<\/li>\n<li>Sites Internet :\n<ul>\n<li><strong><a href=\"https:\/\/www.historial.fr\/\">Historial de la Grande Guerre \u2013 Peronne-Thiepval <\/a><\/strong>(Somme)<\/li>\n<li><strong><a href=\"https:\/\/memorial-verdun.fr\/\" target=\"_blank\" rel=\"noopener\">M\u00e9morial de Verdun <\/a><\/strong>(Meuse)<\/li>\n<li>Mus\u00e9e de l\u2019Arm\u00e9e des Invalides : <a href=\"https:\/\/www.musee-armee.fr\/collections\/dossier-special-centenaire-de-la-grande-guerre\/le-parcours-grande-guerre-au-musee-de-larmee.html\" target=\"_blank\" rel=\"noopener\"><strong>le parcours Grande Guerre <\/strong><\/a>et <a href=\"https:\/\/www.musee-armee.fr\/collections\/explorer-les-collections\/portofolios\/la-grande-guerre.html\" target=\"_blank\" rel=\"noopener\">ses collections<\/a><\/li>\n<li><strong><a href=\"https:\/\/www.museedelagrandeguerre.com\/\" target=\"_blank\" rel=\"noopener\">Mus\u00e9e de la Grande Guerre du Pays de Meaux <\/a><\/strong>(Seine-et-Marne)<strong>, <\/strong>notamment ses visites virtuelles <a href=\"https:\/\/www.museedelagrandeguerre.com\/collections\/visite-virtuelle-tranchees\/\" target=\"_blank\" rel=\"noopener\">autour des tranch\u00e9es<\/a> ou <a href=\"https:\/\/www.museedelagrandeguerre.com\/collections\/visite-virtuelle-infirmieres-grande-guerre\/\" target=\"_blank\" rel=\"noopener\">du r\u00f4le des infirmi\u00e8res<\/a>.<\/li>\n<\/ul>\n<\/li>\n<li>Vid\u00e9os :\n<ul>\n<li>La grande explication&nbsp; \u2013 Lumni :&nbsp;\n<ul>\n<li><a href=\"http:\/\/www.lumni.fr\/video\/l-armistice-de-1918\"><strong>\u00ab&nbsp;L\u2019armistice de 1918&nbsp;\u00bb<\/strong><\/a> (2018)<\/li>\n<li><strong><a href=\"https:\/\/www.lumni.fr\/video\/la-bataille-de-verdun#containerType=program&amp;containerSlug=la-grande-explication\" target=\"_blank\" rel=\"noopener\">\u00ab&nbsp;La bataille de Verdun<\/a><\/strong> (2023)<\/li>\n<\/ul>\n<\/li>\n<\/ul>\n<\/li>\n<li>Visites virtuelles :\n<ul>\n<li><strong><a href=\"https:\/\/www.guerreetpaix.fr\/preparer-visite\/visite-virtuelle-musee\" target=\"_blank\" rel=\"noopener\">mus\u00e9e Guerre et Paix en Ardennes<\/a><\/strong> (1873-1919).<\/li>\n<\/ul>\n<\/li>\n<\/ul>\n<p><span style=\"color: #ff0000;\"><strong>Seconde Guerre mondiale<\/strong><\/span><\/p>\n<ul>\n<li><strong><a href=\"http:\/\/cartablevirtuel.parisnanterre.fr\/\">Le cartable num\u00e9rique de La contemporaine <\/a><\/strong>pour acc\u00e9der \u00e0 des documents en lien avec nos programmes d\u2019histoire : premi\u00e8re guerre mondiale, deuxi\u00e8me guerre mondiale\u2026<\/li>\n<li>Cartes du magazine <em>L\u2019Histoire<\/em> :\n<ul>\n<li><strong><a href=\"https:\/\/www.lhistoire.fr\/carte\/lam%C3%A9rique-dans-la-seconde-guerre-mondiale\" target=\"_blank\" rel=\"noopener\">\u00ab&nbsp;L\u2019Am\u00e9rique dans la Seconde Guerre mondiale&nbsp;\u00bb<\/a><\/strong> (2017)<\/li>\n<li><strong><a href=\"https:\/\/www.lhistoire.fr\/carte\/6-juin-1944-le-d%C3%A9barquement-en-normandie\" target=\"_blank\" rel=\"noopener\">\u00ab&nbsp;6 juin 1944 : Le d\u00e9barquement en Normandie&nbsp;\u00bb<\/a><\/strong> (2014)<\/li>\n<\/ul>\n<\/li>\n<li>Documentaires :\n<ul>\n<li>RMC D\u00e9couverte : <a href=\"https:\/\/vimeo.com\/461756889\/8bee73feae\"><strong>\u00ab&nbsp;villes sous l\u2019occupation : Nice&nbsp;\u00bb<\/strong><\/a> de C\u00e9cile Bonneau (2020).<\/li>\n<li>&nbsp;<strong><a href=\"https:\/\/www.youtube.com\/watch?v=J7uBf1gD6JY&amp;t=1s\">\u00ab&nbsp;Colette : la r\u00e9sistance fran\u00e7aise&nbsp;\u00bb<\/a><\/strong> raconte le p\u00e8lerinage m\u00e9moriel de Colette Marin-Catherine (90 ans), ancienne r\u00e9sistante et de Lucie, une jeune \u00e9tudiante en histoire de 17 ans. Il a re\u00e7u l\u2019Oscar du meilleur documentaire court en 2021.<\/li>\n<\/ul>\n<\/li>\n<li>Dossiers :\n<ul>\n<li><a href=\"https:\/\/gallica.bnf.fr\/conseils\/content\/gallica-vous-conseille\" target=\"_blank\" rel=\"noopener\"><strong>Gallica vous conseille<\/strong><\/a> : des dossiers th\u00e9matiques sur\n<ul>\n<li>\u00ab&nbsp;La Seconde Guerre mondiale (1939-1945)&nbsp;\u00bb,&nbsp;<\/li>\n<li><span class=\"field field--name-title field--type-string field--label-hidden\">La collaboration (1940-1944),<\/span><\/li>\n<li><span class=\"field field--name-title field--type-string field--label-hidden\">Le D\u00e9barquement de Normandie (5-6 juin 1944),<\/span><\/li>\n<li>La R\u00e9sistance fran\u00e7aise (1940-1944) et bien d\u2019autres encore\u2026<\/li>\n<\/ul>\n<\/li>\n<li>L\u2019Histoire par l\u2019image : <strong><a href=\"https:\/\/histoire-image.org\/fr\/periodes\/1939-1945\">\u00ab&nbsp;1939-1945&nbsp;\u00bb.<\/a><\/strong> 75 documents analys\u00e9s.<\/li>\n<\/ul>\n<\/li>\n<li>\u00c9missions :\n<ul>\n<li>Faire l\u2019histoire \u2013 Arte : <strong><a href=\"https:\/\/www.arte.tv\/fr\/videos\/101944-006-A\/faire-l-histoire\/\" target=\"_blank\" rel=\"noopener\">\u00ab&nbsp;l\u2019\u00e9toile jaune, un signe d\u2019infamie&nbsp;\u00bb<\/a><\/strong> (2022)<\/li>\n<li>Quand l\u2019histoire faite dates \u2013 Arte <strong>: <\/strong><strong><a href=\"https:\/\/www.arte.tv\/fr\/videos\/069117-003-A\/quand-l-histoire-fait-dates\/\">\u00ab&nbsp;6 ao\u00fbt 1945 : Hiroshima<\/a>\u201d <\/strong>(2017)<\/li>\n<\/ul>\n<\/li>\n<li>Expositions en ligne :\n<ul>\n<li>Mus\u00e9e de l\u2019Arm\u00e9e des Invalides : <strong><a href=\"https:\/\/www.musee-armee.fr\/au-programme\/cette-semaine-au-musee\/detail\/exposition-en-ligne-comme-en-40.html\" target=\"_blank\" rel=\"noopener\">\u00ab&nbsp;Comme en 40&nbsp;\u00bb<\/a><\/strong>, le quotidien d\u2019un Fran\u00e7ais en 1940<\/li>\n<li>Mus\u00e9e de la R\u00e9sistance en ligne <strong>:<\/strong><a href=\"http:\/\/www.museedelaresistanceenligne.org\/expo.php?expo=95\"><strong> \u00ab&nbsp;La r\u00e9sistance en PACA<\/strong>\u00ab&nbsp;<\/a><\/li>\n<\/ul>\n<\/li>\n<li>Le Podcast \u00ab&nbsp;<strong><a href=\"https:\/\/extraclasse.reseau-canope.fr\/lieux-de-memoire-plus-qu-un-voyage-parlons-pratiques-31\" target=\"_blank\" rel=\"noopener\">Lieux de m\u00e9moire, plus qu\u2019un voyage \u2013 Parlons pratiques ! #31<\/a><\/strong>&nbsp;\u00bb de Canop\u00e9 (2023)<\/li>\n<li>Sites :\n<ul>\n<li><strong><a href=\"https:\/\/www.chrd.lyon.fr\/musee\/explorer-les-collections\" target=\"_blank\" rel=\"noopener\">Collections<\/a><\/strong> et <strong><a href=\"https:\/\/www.chrd.lyon.fr\/chrd\/page-hub-profil-musee\/dossiers-thematiques\" target=\"_blank\" rel=\"noopener\">dossiers th\u00e9matiques<\/a><\/strong> du Centre d\u2019Histoire de la R\u00e9sistance et de la D\u00e9portation de Lyon<\/li>\n<li><a href=\"https:\/\/www.reseau-canope.fr\/d-day\/\"><strong>D-Day, l\u2019odys\u00e9e<\/strong><\/a> de Canop\u00e9 sur le d\u00e9barquement de Normandie<\/li>\n<li><strong><a href=\"https:\/\/www.memorial-caen.fr\/\" target=\"_blank\" rel=\"noopener\">M\u00e9morial de Caen <\/a><\/strong>et <a href=\"https:\/\/www.memorial-caen.fr\/le-musee\/\" target=\"_blank\" rel=\"noopener\">son mus\u00e9e<\/a><\/li>\n<li>Mus\u00e9e de l\u2019Arm\u00e9e des Invalides :&nbsp; sa collection de<a href=\"https:\/\/www.musee-armee.fr\/collections\/explorer-les-collections\/portofolios\/la-seconde-guerre-mondiale.html\" target=\"_blank\" rel=\"noopener\"><strong> 24 objets, <\/strong><\/a>ses <a href=\"https:\/\/www.musee-armee.fr\/collections\/ressources\/ressources-a-telecharger\/la-seconde-guerre-mondiale.html\" target=\"_blank\" rel=\"noopener\"><strong>ressources \u00e0 t\u00e9l\u00e9charger et fiches-objets <\/strong><\/a>sur la Seconde Guerre mondiale.<\/li>\n<li><strong><a href=\"http:\/\/www.musee-resistance-azureenne.fr\/histoire\/\">Mus\u00e9e de la R\u00e9sistance azur\u00e9enne<\/a><\/strong><\/li>\n<li>Les routes de la Lib\u00e9ration : m\u00e9morial transnational de la Seconde Guerre mondiale \u00e0 travers l\u2019Europe.\n<ul>\n<li><a href=\"https:\/\/www.liberationroute.com\/fr\/pois\/1452\/le-debarquement-de-provence-au-dramont\" target=\"_blank\" rel=\"noopener\"><strong>Le d\u00e9barquement en Provence : la plage du Dramont \u00e0 Saint-Rapha\u00ebl<\/strong><\/a><\/li>\n<li><strong><a href=\"https:\/\/www.liberationroute.com\/fr\/pois\/322\/provence-landing-memorial\" target=\"_blank\" rel=\"noopener\">Le M\u00e9morial du D\u00e9barquement en Provence \u00e0 Toulon<\/a><\/strong><\/li>\n<\/ul>\n<\/li>\n<\/ul>\n<\/li>\n<li>Vid\u00e9os :\n<ul>\n<li>La grande explication&nbsp; \u2013 Lumni :\n<ul>\n<li><strong><a href=\"http:\/\/www.lumni.fr\/video\/l-appel-du-18-juin\">\u00ab&nbsp;L\u2019appel du 18 juin&nbsp;\u00bb<\/a><\/strong> (2020)<\/li>\n<li><strong><a href=\"https:\/\/www.lumni.fr\/video\/la-conference-de-potsdam#containerType=program&amp;containerSlug=la-grande-explication\" target=\"_blank\" rel=\"noopener\">\u00ab&nbsp;La conf\u00e9rence de Potsdam<\/a><\/strong> (2020)<\/li>\n<li>&nbsp;<strong>\u00ab&nbsp;<a href=\"https:\/\/www.lumni.fr\/video\/le-debarquement-de-normandie-1#containerType=program&amp;containerSlug=la-grande-explication\" target=\"_blank\" rel=\"noopener\">Le d\u00e9barquement de Normandie&nbsp;\u00bb<\/a><\/strong> (2023)<\/li>\n<li>&nbsp;<strong><a href=\"https:\/\/www.lumni.fr\/video\/philippe-petain-du-heros-au-traitre#containerType=program&amp;containerSlug=la-grande-explication\" target=\"_blank\" rel=\"noopener\">\u00ab&nbsp;Philippe P\u00e9tain du h\u00e9ros au traitre&nbsp;\u00bb<\/a><\/strong> (2022)<\/li>\n<li><a href=\"http:\/\/www.lumni.fr\/video\/le-proces-de-nuremberg\"><strong>\u00ab&nbsp;Le proc\u00e8s de Nuremberg&nbsp;\u00bb<\/strong><\/a> (2020)<\/li>\n<\/ul>\n<\/li>\n<li>France Culture :\n<ul>\n<li><a href=\"https:\/\/youtu.be\/WNUzOOmXBdU?si=p298ZJ3pj2ZJ-Uwk\" target=\"_blank\" rel=\"noopener\"><strong>Aux origines de l\u2019\u00e9toile jaune <\/strong><\/a>(2021)<\/li>\n<li><strong><a href=\"https:\/\/youtu.be\/AUS5LHDkwP0?si=lEjpz7IFkO-2g86E\" target=\"_blank\" rel=\"noopener\">De Gaulle. L\u2019appel du 18 juin <\/a><\/strong>(2020)<\/li>\n<\/ul>\n<\/li>\n<li><em>Le Monde<\/em> :\n<ul>\n<li><a href=\"https:\/\/www.lemonde.fr\/comprendre-en-3-minutes\/video\/2024\/06\/04\/comment-s-est-deroule-le-debarquement-en-normandie-le-6-juin-1944-comprendre-en-trois-minutes_6237169_6176282.html\" target=\"_blank\" rel=\"noopener\"><strong>Comment s\u2019est d\u00e9roul\u00e9 le D\u00e9barquement en Normandie le 6 juin 1944 ? Comprendre en trois minutes <\/strong><\/a>(2024)<\/li>\n<li><strong><a href=\"https:\/\/www.dailymotion.com\/video\/x8z0kbg\" target=\"_blank\" rel=\"noopener\">\u00ab&nbsp;DDAY : le dernier Fran\u00e7ais du D\u00e9barquement raconte son 6 juin 1944&nbsp;\u00bb<\/a><\/strong> (2024)<\/li>\n<\/ul>\n<\/li>\n<\/ul>\n<\/li>\n<li>Visites virtuelles :\n<ul>\n<li><strong><a href=\"https:\/\/www.guerreetpaix.fr\/preparer-visite\/visite-virtuelle-musee\" target=\"_blank\" rel=\"noopener\">Mus\u00e9e Guerre et Paix en Ardennes<\/a><\/strong> (1939-1945).<\/li>\n<\/ul>\n<\/li>\n<\/ul>\n<\/div>\n<\/div>\n<\/div>\n<h3><span style=\"color: #ff6600;\">G\u00c9OGRAPHIE<\/span><\/h3>\n<div class=\"page\" title=\"Page 1\">\n<div class=\"layoutArea\">\n<div class=\"column\">\n<h4><span style=\"color: #0000ff;\">The\u0300me 1 : La recomposition du territoire urbain en France : me\u0301tropolisation et pe\u0301riurbanisation<\/span><\/h4>\n<\/div>\n<\/div>\n<\/div>\n<ul>\n<li>La <strong><a href=\"https:\/\/cartotheque.anct.gouv.fr\/cartes\">cartoth\u00e8que de l\u2019Agence nationale de la coh\u00e9sion des territoires<\/a><\/strong> avec une entr\u00e9e possible par th\u00e9matique : cadre de vie et mobilit\u00e9, urbain et p\u00e9ri-urbain\u2026<\/li>\n<li>Le <strong><a href=\"https:\/\/mobiliscope.cnrs.fr\/fr\">Mobiliscope de l\u2019Observatoire des territoires<\/a><\/strong> permet d\u2019explorer la population pr\u00e9sente et la mixit\u00e9 sociale dans les villes au cours des 24 heures de la journ\u00e9e.<\/li>\n<li>Podcasts :\n<ul>\n<li>Le Monde : <a href=\"https:\/\/www.lemonde.fr\/podcasts\/article\/2022\/09\/16\/un-quart-d-heure-en-ville-le-podcast-du-monde-cities-sur-les-mobilites_6141856_5463015.html\" target=\"_blank\" rel=\"noopener\"><strong>\u00ab&nbsp;Un quart d\u2019heure en ville&nbsp;\u00bb<\/strong><\/a> sur la mobilit\u00e9 des Fran\u00e7ais. 5 \u00e9pisodes pour d\u00e9couvrir le quotidien des Fran\u00e7ais et comprendre comment ils se d\u00e9placent.<\/li>\n<\/ul>\n<\/li>\n<li>Sites :\n<ul>\n<li><a href=\"https:\/\/geoimage.cnes.fr\/fr\"><strong>G\u00e9oimage du CNES<\/strong><\/a> propose des images satellites et des dossiers d\u2019\u00e9tudes par pays, r\u00e9gions continents.<\/li>\n<\/ul>\n<\/li>\n<li>Vid\u00e9os :\n<ul>\n<li>Atelier International du Grand Paris : <strong><a href=\"https:\/\/youtu.be\/3EvT3zCkfzU\">\u00ab&nbsp;Le Grand Paris d\u2019aujourd\u2019hui et de demain&nbsp;\u00bb<\/a><\/strong> (2016)<\/li>\n<li>France Info : <strong><a href=\"https:\/\/youtu.be\/7TLLu0ZXsjc\">\u00ab&nbsp;Expliquez-nous\u2026 le Grand Paris&nbsp;\u00bb<\/a><\/strong> (2016)<\/li>\n<\/ul>\n<\/li>\n<\/ul>\n<p>&nbsp;<\/p>\n<div class=\"page\" title=\"Page 1\">\n<div class=\"layoutArea\">\n<div class=\"column\">\n<h4><span style=\"color: #0000ff;\">The\u0300me 2 : L\u2019Afrique, un continent en recomposition<\/span><\/h4>\n<\/div>\n<ul>\n<li>Sites Internet :\n<ul>\n<li><a href=\"https:\/\/geoimage.cnes.fr\/fr\"><strong>G\u00e9oimage du CNES<\/strong><\/a> propose des images satellites et des dossiers d\u2019\u00e9tudes par pays, r\u00e9gions continents.<\/li>\n<\/ul>\n<\/li>\n<li>Vid\u00e9os\n<ul>\n<li><em>Le Dessous des Cartes<\/em> \u2013 ARTE :&nbsp;\n<ul>\n<li><span class=\"ds-tkypj8\"><strong><a href=\"https:\/\/www.arte.tv\/fr\/videos\/125533-018-A\/le-dessous-des-cartes\/\" target=\"_blank\" rel=\"noopener\">\u00ab\u00a0Afrique du Sud : un leadership en devenir\u00a0\u00bb<\/a><\/strong> (2026)<\/span><\/li>\n<li><a href=\"https:\/\/www.arte.tv\/fr\/videos\/091146-025-A\/le-dessous-des-cartes\/\"><strong>\u00ab&nbsp;\u00c9lectrification de l\u2019Afrique : quelle(s) \u00e9nergie(s) ?&nbsp;\u00bb <\/strong><\/a>(2021)<\/li>\n<li><a href=\"https:\/\/www.youtube.com\/watch?v=eXSUyRldPdY\"><strong>\u00ab&nbsp;Le Mozambique, future puissance \u00e9nerg\u00e9tique&nbsp;\u00bb<\/strong><\/a> (2017)<\/li>\n<li><strong>\u00ab&nbsp;<\/strong><a href=\"https:\/\/www.youtube.com\/watch?v=EKKQJDi81W4\"><strong>Nicolas Normand \u2013 L\u2019 Afrique : continent de demain ?<\/strong><\/a>&nbsp;\u00bb (2019)&nbsp;<\/li>\n<\/ul>\n<\/li>\n<li><em>Le Dessous des Cartes<\/em> &#8211; Essentiel &#8211; ARTE\n<ul>\n<li><strong><a href=\"https:\/\/www.arte.tv\/fr\/videos\/126925-019-A\/le-dessous-des-cartes-l-essentiel\/\">\u00ab\u00a0<\/a><\/strong><span class=\"ds-tkypj8\"><strong><a href=\"https:\/\/www.arte.tv\/fr\/videos\/126925-019-A\/le-dessous-des-cartes-l-essentiel\/\">Afrique : l\u2019ann\u00e9e de la croissance ?\u00a0\u00bb<\/a><\/strong> (2026)<\/span><\/li>\n<\/ul>\n<\/li>\n<li>G\u00e9politicus\/Lumni :\n<ul>\n<li><strong><a href=\"https:\/\/www.lumni.fr\/video\/l-afrique-australe-un-espace-en-profonde-mutation#containerType=serie&amp;containerSlug=geopoliticus\">\u00ab&nbsp;L\u2019Afrique australe, un espace en profonde mutation&nbsp;\u00bb<\/a><\/strong> (2021 \u2013 4 min.)<\/li>\n<li><strong><a href=\"https:\/\/www.lumni.fr\/video\/l-afrique-nouvel-eldorado-des-energies-renouvelables#containerType=serie&amp;containerSlug=geopoliticus\" target=\"_blank\" rel=\"noopener\">\u00ab&nbsp;L\u2019Afrique, nouvel eldorado des \u00e9nergies renouvelables ?<\/a><\/strong>&nbsp;\u00bb (2024)<\/li>\n<\/ul>\n<\/li>\n<li>Le Monde : <a href=\"https:\/\/www.youtube.com\/watch?v=-ko5BxPz2OE\"><strong>\u00ab&nbsp;Que fait la Chine en Afrique ?&nbsp;\u00bb<\/strong><\/a> (2019)<\/li>\n<\/ul>\n<\/li>\n<\/ul>\n<\/div>\n<\/div>\n","protected":false},"excerpt":{"rendered":"<p>HISTOIRE The\u0300me 1 : Hommes et femmes au travail en me\u0301tropole et dans les colonies franc\u0327aises (XIXe sie\u0300cle-1e\u0300re moitie\u0301 du XXe sie\u0300cle) Les Archives Nationales du monde du travail de Roubaix et l\u2019acc\u00e8s \u00e0 une partie de ses collections : affiches, photographies\u2026 Les collections num\u00e9ris\u00e9es des biblioth\u00e8ques patrimoniales de la ville de la Paris. Le &hellip; <\/p>\n<p><a class=\"more-link btn\" href=\"https:\/\/www.pedagogie.ac-nice.fr\/plplh\/1ere-bac-pro-hg-ressources-pedagogiques\/\">Lire la suite<\/a><\/p>\n","protected":false},"author":195,"featured_media":0,"parent":0,"menu_order":0,"comment_status":"closed","ping_status":"closed","template":"","meta":{"ngg_post_thumbnail":0,"footnotes":""},"class_list":["post-10552","page","type-page","status-publish","hentry","nodate","item-wrap"],"rttpg_featured_image_url":null,"rttpg_author":{"display_name":"David Lamoureux","author_link":"https:\/\/www.pedagogie.ac-nice.fr\/plplh\/author\/dlamoureux\/"},"rttpg_comment":0,"rttpg_category":null,"rttpg_excerpt":"HISTOIRE The\u0300me 1 : Hommes et femmes au travail en me\u0301tropole et dans les colonies franc\u0327aises (XIXe sie\u0300cle-1e\u0300re moitie\u0301 du XXe sie\u0300cle) Les Archives Nationales du monde du travail de Roubaix et l\u2019acc\u00e8s \u00e0 une partie de ses collections : affiches, photographies\u2026 Les collections num\u00e9ris\u00e9es des biblioth\u00e8ques patrimoniales de la ville de la Paris. Le\u2026","post_mailing_queue_ids":[],"_links":{"self":[{"href":"https:\/\/www.pedagogie.ac-nice.fr\/plplh\/wp-json\/wp\/v2\/pages\/10552","targetHints":{"allow":["GET"]}}],"collection":[{"href":"https:\/\/www.pedagogie.ac-nice.fr\/plplh\/wp-json\/wp\/v2\/pages"}],"about":[{"href":"https:\/\/www.pedagogie.ac-nice.fr\/plplh\/wp-json\/wp\/v2\/types\/page"}],"author":[{"embeddable":true,"href":"https:\/\/www.pedagogie.ac-nice.fr\/plplh\/wp-json\/wp\/v2\/users\/195"}],"replies":[{"embeddable":true,"href":"https:\/\/www.pedagogie.ac-nice.fr\/plplh\/wp-json\/wp\/v2\/comments?post=10552"}],"version-history":[{"count":6,"href":"https:\/\/www.pedagogie.ac-nice.fr\/plplh\/wp-json\/wp\/v2\/pages\/10552\/revisions"}],"predecessor-version":[{"id":10945,"href":"https:\/\/www.pedagogie.ac-nice.fr\/plplh\/wp-json\/wp\/v2\/pages\/10552\/revisions\/10945"}],"wp:attachment":[{"href":"https:\/\/www.pedagogie.ac-nice.fr\/plplh\/wp-json\/wp\/v2\/media?parent=10552"}],"curies":[{"name":"wp","href":"https:\/\/api.w.org\/{rel}","templated":true}]}}